{"version":"1.0","provider_name":"L\u2019Association","provider_url":"https:\/\/www.lassociation.fr\/en\/","title":"Vandermeulen - L\u2019Association","type":"rich","width":600,"height":338,"html":"<blockquote class=\"wp-embedded-content\" data-secret=\"tY1Rmb1Aiy\"><a href=\"https:\/\/www.lassociation.fr\/en\/auteur\/vandermeulen\/\">Vandermeulen<\/a><\/blockquote><iframe sandbox=\"allow-scripts\" security=\"restricted\" src=\"https:\/\/www.lassociation.fr\/en\/auteur\/vandermeulen\/embed\/#?secret=tY1Rmb1Aiy\" width=\"600\" height=\"338\" title=\"&#8220;Vandermeulen&#8221; &#8212; L\u2019Association\" data-secret=\"tY1Rmb1Aiy\" frameborder=\"0\" marginwidth=\"0\" marginheight=\"0\" scrolling=\"no\" class=\"wp-embedded-content\"><\/iframe><script type=\"text\/javascript\">\n\/* <![CDATA[ *\/\n\/*! This file is auto-generated *\/\n!function(d,l){\"use strict\";l.querySelector&&d.addEventListener&&\"undefined\"!=typeof URL&&(d.wp=d.wp||{},d.wp.receiveEmbedMessage||(d.wp.receiveEmbedMessage=function(e){var t=e.data;if((t||t.secret||t.message||t.value)&&!\/[^a-zA-Z0-9]\/.test(t.secret)){for(var s,r,n,a=l.querySelectorAll('iframe[data-secret=\"'+t.secret+'\"]'),o=l.querySelectorAll('blockquote[data-secret=\"'+t.secret+'\"]'),c=new RegExp(\"^https?:$\",\"i\"),i=0;i<o.length;i++)o[i].style.display=\"none\";for(i=0;i<a.length;i++)s=a[i],e.source===s.contentWindow&&(s.removeAttribute(\"style\"),\"height\"===t.message?(1e3<(r=parseInt(t.value,10))?r=1e3:~~r<200&&(r=200),s.height=r):\"link\"===t.message&&(r=new URL(s.getAttribute(\"src\")),n=new URL(t.value),c.test(n.protocol))&&n.host===r.host&&l.activeElement===s&&(d.top.location.href=t.value))}},d.addEventListener(\"message\",d.wp.receiveEmbedMessage,!1),l.addEventListener(\"DOMContentLoaded\",function(){for(var e,t,s=l.querySelectorAll(\"iframe.wp-embedded-content\"),r=0;r<s.length;r++)(t=(e=s[r]).getAttribute(\"data-secret\"))||(t=Math.random().toString(36).substring(2,12),e.src+=\"#?secret=\"+t,e.setAttribute(\"data-secret\",t)),e.contentWindow.postMessage({message:\"ready\",secret:t},\"*\")},!1)))}(window,document);\n\/\/# sourceURL=https:\/\/www.lassociation.fr\/backoffice\/wp-includes\/js\/wp-embed.min.js\n\/* ]]> *\/\n<\/script>\n","description":"David Vandermeulen, auteur de bande dessin\u00e9e belge n\u00e9 en 1968, s\u2019est d\u2019abord fait conna\u00eetre sur la sc\u00e8ne de l\u2019humour underground. En 2005, il surprend et ravie lecteurs et critiques avec Fritz Haber, une s\u00e9rie aussi r\u00e9aliste qu\u2019historique. Il est par ailleurs directeur de la collection \u201cLa Petite B\u00e9d\u00e9th\u00e8que des Savoirs\u201d au Lombard depuis 2106.","thumbnail_url":"https:\/\/www.lassociation.fr\/backoffice\/wp-content\/uploads\/2019\/11\/asso_large.png","thumbnail_width":1200,"thumbnail_height":630}

David Vandermeulen, auteur de bande dessinée belge né en 1968, s’est d’abord fait connaître sur la scène de l’humour underground. En 2005, il surprend et ravie lecteurs et critiques avec Fritz Haber, une série aussi réaliste qu’historique. Il est par ailleurs directeur de la collection “La Petite Bédéthèque des Savoirs” au Lombard depuis 2106.
