{"version":"1.0","provider_name":"L\u2019Association","provider_url":"https:\/\/www.lassociation.fr\/en\/","title":"Gens de Clamecy - L\u2019Association","type":"rich","width":600,"height":338,"html":"<blockquote class=\"wp-embedded-content\" data-secret=\"PxnBE1o01H\"><a href=\"https:\/\/www.lassociation.fr\/en\/catalogue\/gens-de-clamecy\/\">Gens de Clamecy<\/a><\/blockquote><iframe sandbox=\"allow-scripts\" security=\"restricted\" src=\"https:\/\/www.lassociation.fr\/en\/catalogue\/gens-de-clamecy\/embed\/#?secret=PxnBE1o01H\" width=\"600\" height=\"338\" title=\"&#8220;Gens de Clamecy&#8221; &#8212; L\u2019Association\" data-secret=\"PxnBE1o01H\" frameborder=\"0\" marginwidth=\"0\" marginheight=\"0\" scrolling=\"no\" class=\"wp-embedded-content\"><\/iframe><script type=\"text\/javascript\">\n\/* <![CDATA[ *\/\n\/*! This file is auto-generated *\/\n!function(d,l){\"use strict\";l.querySelector&&d.addEventListener&&\"undefined\"!=typeof URL&&(d.wp=d.wp||{},d.wp.receiveEmbedMessage||(d.wp.receiveEmbedMessage=function(e){var t=e.data;if((t||t.secret||t.message||t.value)&&!\/[^a-zA-Z0-9]\/.test(t.secret)){for(var s,r,n,a=l.querySelectorAll('iframe[data-secret=\"'+t.secret+'\"]'),o=l.querySelectorAll('blockquote[data-secret=\"'+t.secret+'\"]'),c=new RegExp(\"^https?:$\",\"i\"),i=0;i<o.length;i++)o[i].style.display=\"none\";for(i=0;i<a.length;i++)s=a[i],e.source===s.contentWindow&&(s.removeAttribute(\"style\"),\"height\"===t.message?(1e3<(r=parseInt(t.value,10))?r=1e3:~~r<200&&(r=200),s.height=r):\"link\"===t.message&&(r=new URL(s.getAttribute(\"src\")),n=new URL(t.value),c.test(n.protocol))&&n.host===r.host&&l.activeElement===s&&(d.top.location.href=t.value))}},d.addEventListener(\"message\",d.wp.receiveEmbedMessage,!1),l.addEventListener(\"DOMContentLoaded\",function(){for(var e,t,s=l.querySelectorAll(\"iframe.wp-embedded-content\"),r=0;r<s.length;r++)(t=(e=s[r]).getAttribute(\"data-secret\"))||(t=Math.random().toString(36).substring(2,12),e.src+=\"#?secret=\"+t,e.setAttribute(\"data-secret\",t)),e.contentWindow.postMessage({message:\"ready\",secret:t},\"*\")},!1)))}(window,document);\n\/\/# sourceURL=https:\/\/www.lassociation.fr\/backoffice\/wp-includes\/js\/wp-embed.min.js\n\/* ]]> *\/\n<\/script>\n","thumbnail_url":"https:\/\/www.lassociation.fr\/backoffice\/wp-content\/uploads\/2019\/09\/3567.jpg","thumbnail_width":648,"thumbnail_height":965,"description":"Pour Gens de Clamecy, Edmond Baudoin reprend son principe du troc initi\u00e9 dans ses pr\u00e9c\u00e9dents ouvrages avec Troubs\u00a0pour \u00e9changer des portraits contre des r\u00e9ponses \u00e0 des questions qu\u2019il se pose. En choisissant d\u2019interroger les habitants de Clamecy sur leur vision de la soci\u00e9t\u00e9 id\u00e9ale, l\u2019auteur r\u00e9uni 44 portraits et au moins autant d\u2019id\u00e9es sur le [&hellip;]"}

Pour Gens de Clamecy, Edmond Baudoin reprend son principe du troc initié dans ses précédents ouvrages avec Troubs pour échanger des portraits contre des réponses à des questions qu’il se pose. En choisissant d’interroger les habitants de Clamecy sur leur vision de la société idéale, l’auteur réuni 44 portraits et au moins autant d’idées sur le [&hellip;]
