{"id":1402,"date":"2019-09-20T14:22:29","date_gmt":"2019-09-20T12:22:29","guid":{"rendered":"https:\/\/www.lassociation.fr\/auteur\/vandermeulen\/"},"modified":"2021-05-12T16:55:30","modified_gmt":"2021-05-12T14:55:30","slug":"vandermeulen","status":"publish","type":"auteur","link":"https:\/\/www.lassociation.fr\/en\/auteur\/vandermeulen\/","title":{"rendered":"Vandermeulen"},"content":{"rendered":"<p>David Vandermeulen, auteur de bande dessin\u00e9e belge n\u00e9 en 1968, s\u2019est d\u2019abord fait conna\u00eetre sur la sc\u00e8ne de l\u2019humour underground. En 2005, il surprend et ravie lecteurs et critiques avec <i>Fritz Haber<\/i>, une s\u00e9rie aussi r\u00e9aliste qu\u2019historique. Il est par ailleurs directeur de la collection \u201cLa Petite B\u00e9d\u00e9th\u00e8que des Savoirs\u201d au Lombard depuis 2106.<\/p>\n","protected":false},"featured_media":0,"template":"","class_list":["post-1402","auteur","type-auteur","status-publish","hentry"],"acf":[],"yoast_head":"<title>Vandermeulen - L\u2019Association<\/title>\n<meta name=\"robots\" content=\"index, follow, max-snippet:-1, max-image-preview:large, max-video-preview:-1\" \/>\n<link rel=\"canonical\" href=\"https:\/\/www.lassociation.fr\/en\/auteur\/vandermeulen\/\" \/>\n<meta property=\"og:locale\" content=\"en_US\" \/>\n<meta property=\"og:type\" content=\"article\" \/>\n<meta property=\"og:title\" content=\"Vandermeulen - L\u2019Association\" \/>\n<meta property=\"og:description\" content=\"David Vandermeulen, auteur de bande dessin\u00e9e belge n\u00e9 en 1968, s\u2019est d\u2019abord fait conna\u00eetre sur la sc\u00e8ne de l\u2019humour underground. En 2005, il surprend et ravie lecteurs et critiques avec Fritz Haber, une s\u00e9rie aussi r\u00e9aliste qu\u2019historique. Il est par ailleurs directeur de la collection \u201cLa Petite B\u00e9d\u00e9th\u00e8que des Savoirs\u201d au Lombard depuis 2106.\" \/>\n<meta property=\"og:url\" content=\"https:\/\/www.lassociation.fr\/en\/auteur\/vandermeulen\/\" \/>\n<meta property=\"og:site_name\" content=\"L\u2019Association\" \/>\n<meta property=\"article:publisher\" content=\"https:\/\/www.facebook.com\/lhydrelasso\/\" \/>\n<meta property=\"article:modified_time\" content=\"2021-05-12T14:55:30+00:00\" \/>\n<meta property=\"og:image\" content=\"https:\/\/www.lassociation.fr\/backoffice\/wp-content\/uploads\/2019\/11\/asso_large.png\" \/>\n\t<meta property=\"og:image:width\" content=\"1200\" \/>\n\t<meta property=\"og:image:height\" content=\"630\" \/>\n\t<meta property=\"og:image:type\" content=\"image\/png\" \/>\n<meta name=\"twitter:card\" content=\"summary_large_image\" \/>\n<meta name=\"twitter:site\" content=\"@lassociation\" \/>\n<script type=\"application\/ld+json\" class=\"yoast-schema-graph\">{\"@context\":\"https:\\\/\\\/schema.org\",\"@graph\":[{\"@type\":\"WebPage\",\"@id\":\"https:\\\/\\\/www.lassociation.fr\\\/en\\\/auteur\\\/vandermeulen\\\/\",\"url\":\"https:\\\/\\\/www.lassociation.fr\\\/en\\\/auteur\\\/vandermeulen\\\/\",\"name\":\"Vandermeulen - L\u2019Association\",\"isPartOf\":{\"@id\":\"https:\\\/\\\/www.lassociation.fr\\\/en\\\/#website\"},\"datePublished\":\"2019-09-20T12:22:29+00:00\",\"dateModified\":\"2021-05-12T14:55:30+00:00\",\"breadcrumb\":{\"@id\":\"https:\\\/\\\/www.lassociation.fr\\\/en\\\/auteur\\\/vandermeulen\\\/#breadcrumb\"},\"inLanguage\":\"en-US\",\"potentialAction\":[{\"@type\":\"ReadAction\",\"target\":[\"https:\\\/\\\/www.lassociation.fr\\\/en\\\/auteur\\\/vandermeulen\\\/\"]}]},{\"@type\":\"BreadcrumbList\",\"@id\":\"https:\\\/\\\/www.lassociation.fr\\\/en\\\/auteur\\\/vandermeulen\\\/#breadcrumb\",\"itemListElement\":[{\"@type\":\"ListItem\",\"position\":1,\"name\":\"Accueil\",\"item\":\"https:\\\/\\\/www.lassociation.fr\\\/en\\\/\"},{\"@type\":\"ListItem\",\"position\":2,\"name\":\"Vandermeulen\"}]},{\"@type\":\"WebSite\",\"@id\":\"https:\\\/\\\/www.lassociation.fr\\\/en\\\/#website\",\"url\":\"https:\\\/\\\/www.lassociation.fr\\\/en\\\/\",\"name\":\"L\u2019Association\",\"description\":\"Maison d\u2019\u00e9dition fran\u00e7aise de bande dessin\u00e9e, fond\u00e9e en 1990.\",\"publisher\":{\"@id\":\"https:\\\/\\\/www.lassociation.fr\\\/en\\\/#organization\"},\"potentialAction\":[{\"@type\":\"SearchAction\",\"target\":{\"@type\":\"EntryPoint\",\"urlTemplate\":\"https:\\\/\\\/www.lassociation.fr\\\/en\\\/?s={search_term_string}\"},\"query-input\":{\"@type\":\"PropertyValueSpecification\",\"valueRequired\":true,\"valueName\":\"search_term_string\"}}],\"inLanguage\":\"en-US\"},{\"@type\":\"Organization\",\"@id\":\"https:\\\/\\\/www.lassociation.fr\\\/en\\\/#organization\",\"name\":\"L\u2019Association\",\"url\":\"https:\\\/\\\/www.lassociation.fr\\\/en\\\/\",\"logo\":{\"@type\":\"ImageObject\",\"inLanguage\":\"en-US\",\"@id\":\"https:\\\/\\\/www.lassociation.fr\\\/en\\\/#\\\/schema\\\/logo\\\/image\\\/\",\"url\":\"https:\\\/\\\/www.lassociation.fr\\\/backoffice\\\/wp-content\\\/uploads\\\/2019\\\/11\\\/asso_large.png\",\"contentUrl\":\"https:\\\/\\\/www.lassociation.fr\\\/backoffice\\\/wp-content\\\/uploads\\\/2019\\\/11\\\/asso_large.png\",\"width\":1200,\"height\":630,\"caption\":\"L\u2019Association\"},\"image\":{\"@id\":\"https:\\\/\\\/www.lassociation.fr\\\/en\\\/#\\\/schema\\\/logo\\\/image\\\/\"},\"sameAs\":[\"https:\\\/\\\/www.facebook.com\\\/lhydrelasso\\\/\",\"https:\\\/\\\/x.com\\\/lassociation\",\"https:\\\/\\\/www.instagram.com\\\/editions_lassociation\",\"https:\\\/\\\/fr.wikipedia.org\\\/wiki\\\/LAssociation\",\"https:\\\/\\\/www.youtube.com\\\/@editions_lassociation\"]}]}<\/script>","yoast_head_json":{"title":"Vandermeulen - L\u2019Association","robots":{"index":"index","follow":"follow","max-snippet":"max-snippet:-1","max-image-preview":"max-image-preview:large","max-video-preview":"max-video-preview:-1"},"canonical":"https:\/\/www.lassociation.fr\/en\/auteur\/vandermeulen\/","og_locale":"en_US","og_type":"article","og_title":"Vandermeulen - L\u2019Association","og_description":"David Vandermeulen, auteur de bande dessin\u00e9e belge n\u00e9 en 1968, s\u2019est d\u2019abord fait conna\u00eetre sur la sc\u00e8ne de l\u2019humour underground. En 2005, il surprend et ravie lecteurs et critiques avec Fritz Haber, une s\u00e9rie aussi r\u00e9aliste qu\u2019historique. Il est par ailleurs directeur de la collection \u201cLa Petite B\u00e9d\u00e9th\u00e8que des Savoirs\u201d au Lombard depuis 2106.","og_url":"https:\/\/www.lassociation.fr\/en\/auteur\/vandermeulen\/","og_site_name":"L\u2019Association","article_publisher":"https:\/\/www.facebook.com\/lhydrelasso\/","article_modified_time":"2021-05-12T14:55:30+00:00","og_image":[{"width":1200,"height":630,"url":"https:\/\/www.lassociation.fr\/backoffice\/wp-content\/uploads\/2019\/11\/asso_large.png","type":"image\/png"}],"twitter_card":"summary_large_image","twitter_site":"@lassociation","schema":{"@context":"https:\/\/schema.org","@graph":[{"@type":"WebPage","@id":"https:\/\/www.lassociation.fr\/en\/auteur\/vandermeulen\/","url":"https:\/\/www.lassociation.fr\/en\/auteur\/vandermeulen\/","name":"Vandermeulen - L\u2019Association","isPartOf":{"@id":"https:\/\/www.lassociation.fr\/en\/#website"},"datePublished":"2019-09-20T12:22:29+00:00","dateModified":"2021-05-12T14:55:30+00:00","breadcrumb":{"@id":"https:\/\/www.lassociation.fr\/en\/auteur\/vandermeulen\/#breadcrumb"},"inLanguage":"en-US","potentialAction":[{"@type":"ReadAction","target":["https:\/\/www.lassociation.fr\/en\/auteur\/vandermeulen\/"]}]},{"@type":"BreadcrumbList","@id":"https:\/\/www.lassociation.fr\/en\/auteur\/vandermeulen\/#breadcrumb","itemListElement":[{"@type":"ListItem","position":1,"name":"Accueil","item":"https:\/\/www.lassociation.fr\/en\/"},{"@type":"ListItem","position":2,"name":"Vandermeulen"}]},{"@type":"WebSite","@id":"https:\/\/www.lassociation.fr\/en\/#website","url":"https:\/\/www.lassociation.fr\/en\/","name":"L\u2019Association","description":"Maison d\u2019\u00e9dition fran\u00e7aise de bande dessin\u00e9e, fond\u00e9e en 1990.","publisher":{"@id":"https:\/\/www.lassociation.fr\/en\/#organization"},"potentialAction":[{"@type":"SearchAction","target":{"@type":"EntryPoint","urlTemplate":"https:\/\/www.lassociation.fr\/en\/?s={search_term_string}"},"query-input":{"@type":"PropertyValueSpecification","valueRequired":true,"valueName":"search_term_string"}}],"inLanguage":"en-US"},{"@type":"Organization","@id":"https:\/\/www.lassociation.fr\/en\/#organization","name":"L\u2019Association","url":"https:\/\/www.lassociation.fr\/en\/","logo":{"@type":"ImageObject","inLanguage":"en-US","@id":"https:\/\/www.lassociation.fr\/en\/#\/schema\/logo\/image\/","url":"https:\/\/www.lassociation.fr\/backoffice\/wp-content\/uploads\/2019\/11\/asso_large.png","contentUrl":"https:\/\/www.lassociation.fr\/backoffice\/wp-content\/uploads\/2019\/11\/asso_large.png","width":1200,"height":630,"caption":"L\u2019Association"},"image":{"@id":"https:\/\/www.lassociation.fr\/en\/#\/schema\/logo\/image\/"},"sameAs":["https:\/\/www.facebook.com\/lhydrelasso\/","https:\/\/x.com\/lassociation","https:\/\/www.instagram.com\/editions_lassociation","https:\/\/fr.wikipedia.org\/wiki\/LAssociation","https:\/\/www.youtube.com\/@editions_lassociation"]}]}},"_links":{"self":[{"href":"https:\/\/www.lassociation.fr\/en\/wp-json\/wp\/v2\/auteur\/1402","targetHints":{"allow":["GET"]}}],"collection":[{"href":"https:\/\/www.lassociation.fr\/en\/wp-json\/wp\/v2\/auteur"}],"about":[{"href":"https:\/\/www.lassociation.fr\/en\/wp-json\/wp\/v2\/types\/auteur"}],"wp:attachment":[{"href":"https:\/\/www.lassociation.fr\/en\/wp-json\/wp\/v2\/media?parent=1402"}],"curies":[{"name":"wp","href":"https:\/\/api.w.org\/{rel}","templated":true}]}}

<p>David Vandermeulen, auteur de bande dessinée belge né en 1968, s’est d’abord fait connaître sur la scène de l’humour underground. En 2005, il surprend et ravie lecteurs et critiques avec <i>Fritz Haber</i>, une série aussi réaliste qu’historique. Il est par ailleurs directeur de la collection “La Petite Bédéthèque des Savoirs” au Lombard depuis 2106.</p>

<title>Vandermeulen - L’Association</title>
<meta name="robots" content="index, follow, max-snippet:-1, max-image-preview:large, max-video-preview:-1" />
<link rel="canonical" href="https://www.lassociation.fr/en/auteur/vandermeulen/" />
<meta property="og:locale" content="en_US" />
<meta property="og:type" content="article" />
<meta property="og:title" content="Vandermeulen - L’Association" />
<meta property="og:description" content="David Vandermeulen, auteur de bande dessinée belge né en 1968, s’est d’abord fait connaître sur la scène de l’humour underground. En 2005, il surprend et ravie lecteurs et critiques avec Fritz Haber, une série aussi réaliste qu’historique. Il est par ailleurs directeur de la collection “La Petite Bédéthèque des Savoirs” au Lombard depuis 2106." />
<meta property="og:url" content="https://www.lassociation.fr/en/auteur/vandermeulen/" />
<meta property="og:site_name" content="L’Association" />
<meta property="article:publisher" content="https://www.facebook.com/lhydrelasso/" />
<meta property="article:modified_time" content="2021-05-12T14:55:30+00:00" />
<meta property="og:image" content="https://www.lassociation.fr/backoffice/wp-content/uploads/2019/11/asso_large.png" />
	<meta property="og:image:width" content="1200" />
	<meta property="og:image:height" content="630" />
	<meta property="og:image:type" content="image/png" />
<meta name="twitter:card" content="summary_large_image" />
<meta name="twitter:site" content="@lassociation" />
<script type="application/ld+json" class="yoast-schema-graph">{"@context":"https:\/\/schema.org","@graph":[{"@type":"WebPage","@id":"https:\/\/www.lassociation.fr\/en\/auteur\/vandermeulen\/","url":"https:\/\/www.lassociation.fr\/en\/auteur\/vandermeulen\/","name":"Vandermeulen - L’Association","isPartOf":{"@id":"https:\/\/www.lassociation.fr\/en\/#website"},"datePublished":"2019-09-20T12:22:29+00:00","dateModified":"2021-05-12T14:55:30+00:00","breadcrumb":{"@id":"https:\/\/www.lassociation.fr\/en\/auteur\/vandermeulen\/#breadcrumb"},"inLanguage":"en-US","potentialAction":[{"@type":"ReadAction","target":["https:\/\/www.lassociation.fr\/en\/auteur\/vandermeulen\/"]}]},{"@type":"BreadcrumbList","@id":"https:\/\/www.lassociation.fr\/en\/auteur\/vandermeulen\/#breadcrumb","itemListElement":[{"@type":"ListItem","position":1,"name":"Accueil","item":"https:\/\/www.lassociation.fr\/en\/"},{"@type":"ListItem","position":2,"name":"Vandermeulen"}]},{"@type":"WebSite","@id":"https:\/\/www.lassociation.fr\/en\/#website","url":"https:\/\/www.lassociation.fr\/en\/","name":"L’Association","description":"Maison d’édition française de bande dessinée, fondée en 1990.","publisher":{"@id":"https:\/\/www.lassociation.fr\/en\/#organization"},"potentialAction":[{"@type":"SearchAction","target":{"@type":"EntryPoint","urlTemplate":"https:\/\/www.lassociation.fr\/en\/?s={search_term_string}"},"query-input":{"@type":"PropertyValueSpecification","valueRequired":true,"valueName":"search_term_string"}}],"inLanguage":"en-US"},{"@type":"Organization","@id":"https:\/\/www.lassociation.fr\/en\/#organization","name":"L’Association","url":"https:\/\/www.lassociation.fr\/en\/","logo":{"@type":"ImageObject","inLanguage":"en-US","@id":"https:\/\/www.lassociation.fr\/en\/#\/schema\/logo\/image\/","url":"https:\/\/www.lassociation.fr\/backoffice\/wp-content\/uploads\/2019\/11\/asso_large.png","contentUrl":"https:\/\/www.lassociation.fr\/backoffice\/wp-content\/uploads\/2019\/11\/asso_large.png","width":1200,"height":630,"caption":"L’Association"},"image":{"@id":"https:\/\/www.lassociation.fr\/en\/#\/schema\/logo\/image\/"},"sameAs":["https:\/\/www.facebook.com\/lhydrelasso\/","https:\/\/x.com\/lassociation","https:\/\/www.instagram.com\/editions_lassociation","https:\/\/fr.wikipedia.org\/wiki\/LAssociation","https:\/\/www.youtube.com\/@editions_lassociation"]}]}</script>

David Vandermeulen, auteur de bande dessinée belge né en 1968, s’est d’abord fait connaître sur la scène de l’humour underground. En 2005, il surprend et ravie lecteurs et critiques avec Fritz Haber, une série aussi réaliste qu’historique. Il est par ailleurs directeur de la collection “La Petite Bédéthèque des Savoirs” au Lombard depuis 2106.

Maison d’édition française de bande dessinée, fondée en 1990.
