{"id":1403,"date":"2019-09-20T14:22:29","date_gmt":"2019-09-20T12:22:29","guid":{"rendered":"https:\/\/www.lassociation.fr\/auteur\/vanoli\/"},"modified":"2023-03-31T11:32:27","modified_gmt":"2023-03-31T09:32:27","slug":"vanoli","status":"publish","type":"auteur","link":"https:\/\/www.lassociation.fr\/en\/auteur\/vanoli\/","title":{"rendered":"Vanoli"},"content":{"rendered":"<p>Vincent Vanoli est n\u00e9 en 1966 en Meurthe-et-Moselle. Il enseigne les Arts plastiques en coll\u00e8ge depuis 1991 et depuis 2005 dans le Haut-Rhin.\u00a0<em>Jean-Pierre,<\/em>\u00a0son premier ouvrage, para\u00eet dans la collection X chez Futuropolis. Il rejoint rapidement L\u2019Association en 1993 avec depuis, de nombreux ouvrages et des r\u00e9cits courts dans la revue\u00a0<em>Lapin<\/em>. Dans les ann\u00e9es 90, on le retrouve \u00e9galement aux \u00e9ditions Ego Comme X, Requins Marteaux ainsi que dans les revues\u00a0<em>Jade<\/em>\u00a0de 6 Pieds Sous terre et\u00a0<em>La Monstrueuse<\/em>\u00a0de St\u00e9phane Blanquet. Un ouvrage sur la musique,\u00a0<em>Songs to learn and sing<\/em>, est publi\u00e9 aux \u00e9ditions Mediapop en 2011.<\/p>\n<p>Des expositions de son travail ont eu lieu en France de 1999 \u00e0 2019 \u00e0 Albi (galerie des Requins Marteaux), Saint-Herblain (m\u00e9diath\u00e8que Hermeland), Mulhouse (biblioth\u00e8que municipale), Strasbourg (biblioth\u00e8que de l\u2019ESPE), Saint-Michel-sur-Orge (biblioth\u00e8que municipale), Douai (biblioth\u00e8que municipale), Montb\u00e9liard (artoth\u00e8que), Nancy (CCAM) ainsi qu\u2019en 2000 \u00e0 Montr\u00e9al (galerie F52) o\u00f9 il rejoint \u00e9galement les \u00e9ditions de la Past\u00e8que (Montr\u00e9al). <em>Rocco et la Toison,<\/em>\u00a0paru en 2016 \u00e0 L\u2019Association a \u00e9t\u00e9 s\u00e9lectionn\u00e9 au festival d\u2019Angoul\u00eame. Vanoli passe de r\u00e9cits intimistes et autobiographiques \u00e0 des fictions fantastiques ou humoristiques dans lesquelles interviennent souvent le grotesque et la d\u00e9formation.<\/p>\n","protected":false},"featured_media":0,"template":"","class_list":["post-1403","auteur","type-auteur","status-publish","hentry"],"acf":[],"yoast_head":"<title>Vanoli - L\u2019Association<\/title>\n<meta name=\"robots\" content=\"index, follow, max-snippet:-1, max-image-preview:large, max-video-preview:-1\" \/>\n<link rel=\"canonical\" href=\"https:\/\/www.lassociation.fr\/en\/auteur\/vanoli\/\" \/>\n<meta property=\"og:locale\" content=\"en_US\" \/>\n<meta property=\"og:type\" content=\"article\" \/>\n<meta property=\"og:title\" content=\"Vanoli - L\u2019Association\" \/>\n<meta property=\"og:description\" content=\"Vincent Vanoli est n\u00e9 en 1966 en Meurthe-et-Moselle. Il enseigne les Arts plastiques en coll\u00e8ge depuis 1991 et depuis 2005 dans le Haut-Rhin.\u00a0Jean-Pierre,\u00a0son premier ouvrage, para\u00eet dans la collection X chez Futuropolis. Il rejoint rapidement L\u2019Association en 1993 avec depuis, de nombreux ouvrages et des r\u00e9cits courts dans la revue\u00a0Lapin. Dans les ann\u00e9es 90, on [&hellip;]\" \/>\n<meta property=\"og:url\" content=\"https:\/\/www.lassociation.fr\/en\/auteur\/vanoli\/\" \/>\n<meta property=\"og:site_name\" content=\"L\u2019Association\" \/>\n<meta property=\"article:publisher\" content=\"https:\/\/www.facebook.com\/lhydrelasso\/\" \/>\n<meta property=\"article:modified_time\" content=\"2023-03-31T09:32:27+00:00\" \/>\n<meta property=\"og:image\" content=\"https:\/\/www.lassociation.fr\/backoffice\/wp-content\/uploads\/2019\/11\/asso_large.png\" \/>\n\t<meta property=\"og:image:width\" content=\"1200\" \/>\n\t<meta property=\"og:image:height\" content=\"630\" \/>\n\t<meta property=\"og:image:type\" content=\"image\/png\" \/>\n<meta name=\"twitter:card\" content=\"summary_large_image\" \/>\n<meta name=\"twitter:site\" content=\"@lassociation\" \/>\n<script type=\"application\/ld+json\" class=\"yoast-schema-graph\">{\"@context\":\"https:\\\/\\\/schema.org\",\"@graph\":[{\"@type\":\"WebPage\",\"@id\":\"https:\\\/\\\/www.lassociation.fr\\\/en\\\/auteur\\\/vanoli\\\/\",\"url\":\"https:\\\/\\\/www.lassociation.fr\\\/en\\\/auteur\\\/vanoli\\\/\",\"name\":\"Vanoli - L\u2019Association\",\"isPartOf\":{\"@id\":\"https:\\\/\\\/www.lassociation.fr\\\/en\\\/#website\"},\"datePublished\":\"2019-09-20T12:22:29+00:00\",\"dateModified\":\"2023-03-31T09:32:27+00:00\",\"breadcrumb\":{\"@id\":\"https:\\\/\\\/www.lassociation.fr\\\/en\\\/auteur\\\/vanoli\\\/#breadcrumb\"},\"inLanguage\":\"en-US\",\"potentialAction\":[{\"@type\":\"ReadAction\",\"target\":[\"https:\\\/\\\/www.lassociation.fr\\\/en\\\/auteur\\\/vanoli\\\/\"]}]},{\"@type\":\"BreadcrumbList\",\"@id\":\"https:\\\/\\\/www.lassociation.fr\\\/en\\\/auteur\\\/vanoli\\\/#breadcrumb\",\"itemListElement\":[{\"@type\":\"ListItem\",\"position\":1,\"name\":\"Accueil\",\"item\":\"https:\\\/\\\/www.lassociation.fr\\\/en\\\/\"},{\"@type\":\"ListItem\",\"position\":2,\"name\":\"Vanoli\"}]},{\"@type\":\"WebSite\",\"@id\":\"https:\\\/\\\/www.lassociation.fr\\\/en\\\/#website\",\"url\":\"https:\\\/\\\/www.lassociation.fr\\\/en\\\/\",\"name\":\"L\u2019Association\",\"description\":\"Maison d\u2019\u00e9dition fran\u00e7aise de bande dessin\u00e9e, fond\u00e9e en 1990.\",\"publisher\":{\"@id\":\"https:\\\/\\\/www.lassociation.fr\\\/en\\\/#organization\"},\"potentialAction\":[{\"@type\":\"SearchAction\",\"target\":{\"@type\":\"EntryPoint\",\"urlTemplate\":\"https:\\\/\\\/www.lassociation.fr\\\/en\\\/?s={search_term_string}\"},\"query-input\":{\"@type\":\"PropertyValueSpecification\",\"valueRequired\":true,\"valueName\":\"search_term_string\"}}],\"inLanguage\":\"en-US\"},{\"@type\":\"Organization\",\"@id\":\"https:\\\/\\\/www.lassociation.fr\\\/en\\\/#organization\",\"name\":\"L\u2019Association\",\"url\":\"https:\\\/\\\/www.lassociation.fr\\\/en\\\/\",\"logo\":{\"@type\":\"ImageObject\",\"inLanguage\":\"en-US\",\"@id\":\"https:\\\/\\\/www.lassociation.fr\\\/en\\\/#\\\/schema\\\/logo\\\/image\\\/\",\"url\":\"https:\\\/\\\/www.lassociation.fr\\\/backoffice\\\/wp-content\\\/uploads\\\/2019\\\/11\\\/asso_large.png\",\"contentUrl\":\"https:\\\/\\\/www.lassociation.fr\\\/backoffice\\\/wp-content\\\/uploads\\\/2019\\\/11\\\/asso_large.png\",\"width\":1200,\"height\":630,\"caption\":\"L\u2019Association\"},\"image\":{\"@id\":\"https:\\\/\\\/www.lassociation.fr\\\/en\\\/#\\\/schema\\\/logo\\\/image\\\/\"},\"sameAs\":[\"https:\\\/\\\/www.facebook.com\\\/lhydrelasso\\\/\",\"https:\\\/\\\/x.com\\\/lassociation\",\"https:\\\/\\\/www.instagram.com\\\/editions_lassociation\",\"https:\\\/\\\/fr.wikipedia.org\\\/wiki\\\/LAssociation\",\"https:\\\/\\\/www.youtube.com\\\/@editions_lassociation\"]}]}<\/script>","yoast_head_json":{"title":"Vanoli - L\u2019Association","robots":{"index":"index","follow":"follow","max-snippet":"max-snippet:-1","max-image-preview":"max-image-preview:large","max-video-preview":"max-video-preview:-1"},"canonical":"https:\/\/www.lassociation.fr\/en\/auteur\/vanoli\/","og_locale":"en_US","og_type":"article","og_title":"Vanoli - L\u2019Association","og_description":"Vincent Vanoli est n\u00e9 en 1966 en Meurthe-et-Moselle. Il enseigne les Arts plastiques en coll\u00e8ge depuis 1991 et depuis 2005 dans le Haut-Rhin.\u00a0Jean-Pierre,\u00a0son premier ouvrage, para\u00eet dans la collection X chez Futuropolis. Il rejoint rapidement L\u2019Association en 1993 avec depuis, de nombreux ouvrages et des r\u00e9cits courts dans la revue\u00a0Lapin. Dans les ann\u00e9es 90, on [&hellip;]","og_url":"https:\/\/www.lassociation.fr\/en\/auteur\/vanoli\/","og_site_name":"L\u2019Association","article_publisher":"https:\/\/www.facebook.com\/lhydrelasso\/","article_modified_time":"2023-03-31T09:32:27+00:00","og_image":[{"width":1200,"height":630,"url":"https:\/\/www.lassociation.fr\/backoffice\/wp-content\/uploads\/2019\/11\/asso_large.png","type":"image\/png"}],"twitter_card":"summary_large_image","twitter_site":"@lassociation","schema":{"@context":"https:\/\/schema.org","@graph":[{"@type":"WebPage","@id":"https:\/\/www.lassociation.fr\/en\/auteur\/vanoli\/","url":"https:\/\/www.lassociation.fr\/en\/auteur\/vanoli\/","name":"Vanoli - L\u2019Association","isPartOf":{"@id":"https:\/\/www.lassociation.fr\/en\/#website"},"datePublished":"2019-09-20T12:22:29+00:00","dateModified":"2023-03-31T09:32:27+00:00","breadcrumb":{"@id":"https:\/\/www.lassociation.fr\/en\/auteur\/vanoli\/#breadcrumb"},"inLanguage":"en-US","potentialAction":[{"@type":"ReadAction","target":["https:\/\/www.lassociation.fr\/en\/auteur\/vanoli\/"]}]},{"@type":"BreadcrumbList","@id":"https:\/\/www.lassociation.fr\/en\/auteur\/vanoli\/#breadcrumb","itemListElement":[{"@type":"ListItem","position":1,"name":"Accueil","item":"https:\/\/www.lassociation.fr\/en\/"},{"@type":"ListItem","position":2,"name":"Vanoli"}]},{"@type":"WebSite","@id":"https:\/\/www.lassociation.fr\/en\/#website","url":"https:\/\/www.lassociation.fr\/en\/","name":"L\u2019Association","description":"Maison d\u2019\u00e9dition fran\u00e7aise de bande dessin\u00e9e, fond\u00e9e en 1990.","publisher":{"@id":"https:\/\/www.lassociation.fr\/en\/#organization"},"potentialAction":[{"@type":"SearchAction","target":{"@type":"EntryPoint","urlTemplate":"https:\/\/www.lassociation.fr\/en\/?s={search_term_string}"},"query-input":{"@type":"PropertyValueSpecification","valueRequired":true,"valueName":"search_term_string"}}],"inLanguage":"en-US"},{"@type":"Organization","@id":"https:\/\/www.lassociation.fr\/en\/#organization","name":"L\u2019Association","url":"https:\/\/www.lassociation.fr\/en\/","logo":{"@type":"ImageObject","inLanguage":"en-US","@id":"https:\/\/www.lassociation.fr\/en\/#\/schema\/logo\/image\/","url":"https:\/\/www.lassociation.fr\/backoffice\/wp-content\/uploads\/2019\/11\/asso_large.png","contentUrl":"https:\/\/www.lassociation.fr\/backoffice\/wp-content\/uploads\/2019\/11\/asso_large.png","width":1200,"height":630,"caption":"L\u2019Association"},"image":{"@id":"https:\/\/www.lassociation.fr\/en\/#\/schema\/logo\/image\/"},"sameAs":["https:\/\/www.facebook.com\/lhydrelasso\/","https:\/\/x.com\/lassociation","https:\/\/www.instagram.com\/editions_lassociation","https:\/\/fr.wikipedia.org\/wiki\/LAssociation","https:\/\/www.youtube.com\/@editions_lassociation"]}]}},"_links":{"self":[{"href":"https:\/\/www.lassociation.fr\/en\/wp-json\/wp\/v2\/auteur\/1403","targetHints":{"allow":["GET"]}}],"collection":[{"href":"https:\/\/www.lassociation.fr\/en\/wp-json\/wp\/v2\/auteur"}],"about":[{"href":"https:\/\/www.lassociation.fr\/en\/wp-json\/wp\/v2\/types\/auteur"}],"wp:attachment":[{"href":"https:\/\/www.lassociation.fr\/en\/wp-json\/wp\/v2\/media?parent=1403"}],"curies":[{"name":"wp","href":"https:\/\/api.w.org\/{rel}","templated":true}]}}

<p>Vincent Vanoli est né en 1966 en Meurthe-et-Moselle. Il enseigne les Arts plastiques en collège depuis 1991 et depuis 2005 dans le Haut-Rhin. <em>Jean-Pierre,</em> son premier ouvrage, paraît dans la collection X chez Futuropolis. Il rejoint rapidement L’Association en 1993 avec depuis, de nombreux ouvrages et des récits courts dans la revue <em>Lapin</em>. Dans les années 90, on le retrouve également aux éditions Ego Comme X, Requins Marteaux ainsi que dans les revues <em>Jade</em> de 6 Pieds Sous terre et <em>La Monstrueuse</em> de Stéphane Blanquet. Un ouvrage sur la musique, <em>Songs to learn and sing</em>, est publié aux éditions Mediapop en 2011.</p>
<p>Des expositions de son travail ont eu lieu en France de 1999 à 2019 à Albi (galerie des Requins Marteaux), Saint-Herblain (médiathèque Hermeland), Mulhouse (bibliothèque municipale), Strasbourg (bibliothèque de l’ESPE), Saint-Michel-sur-Orge (bibliothèque municipale), Douai (bibliothèque municipale), Montbéliard (artothèque), Nancy (CCAM) ainsi qu’en 2000 à Montréal (galerie F52) où il rejoint également les éditions de la Pastèque (Montréal). <em>Rocco et la Toison,</em> paru en 2016 à L’Association a été sélectionné au festival d’Angoulême. Vanoli passe de récits intimistes et autobiographiques à des fictions fantastiques ou humoristiques dans lesquelles interviennent souvent le grotesque et la déformation.</p>

<title>Vanoli - L’Association</title>
<meta name="robots" content="index, follow, max-snippet:-1, max-image-preview:large, max-video-preview:-1" />
<link rel="canonical" href="https://www.lassociation.fr/en/auteur/vanoli/" />
<meta property="og:locale" content="en_US" />
<meta property="og:type" content="article" />
<meta property="og:title" content="Vanoli - L’Association" />
<meta property="og:description" content="Vincent Vanoli est né en 1966 en Meurthe-et-Moselle. Il enseigne les Arts plastiques en collège depuis 1991 et depuis 2005 dans le Haut-Rhin. Jean-Pierre, son premier ouvrage, paraît dans la collection X chez Futuropolis. Il rejoint rapidement L’Association en 1993 avec depuis, de nombreux ouvrages et des récits courts dans la revue Lapin. Dans les années 90, on [&hellip;]" />
<meta property="og:url" content="https://www.lassociation.fr/en/auteur/vanoli/" />
<meta property="og:site_name" content="L’Association" />
<meta property="article:publisher" content="https://www.facebook.com/lhydrelasso/" />
<meta property="article:modified_time" content="2023-03-31T09:32:27+00:00" />
<meta property="og:image" content="https://www.lassociation.fr/backoffice/wp-content/uploads/2019/11/asso_large.png" />
	<meta property="og:image:width" content="1200" />
	<meta property="og:image:height" content="630" />
	<meta property="og:image:type" content="image/png" />
<meta name="twitter:card" content="summary_large_image" />
<meta name="twitter:site" content="@lassociation" />
<script type="application/ld+json" class="yoast-schema-graph">{"@context":"https:\/\/schema.org","@graph":[{"@type":"WebPage","@id":"https:\/\/www.lassociation.fr\/en\/auteur\/vanoli\/","url":"https:\/\/www.lassociation.fr\/en\/auteur\/vanoli\/","name":"Vanoli - L’Association","isPartOf":{"@id":"https:\/\/www.lassociation.fr\/en\/#website"},"datePublished":"2019-09-20T12:22:29+00:00","dateModified":"2023-03-31T09:32:27+00:00","breadcrumb":{"@id":"https:\/\/www.lassociation.fr\/en\/auteur\/vanoli\/#breadcrumb"},"inLanguage":"en-US","potentialAction":[{"@type":"ReadAction","target":["https:\/\/www.lassociation.fr\/en\/auteur\/vanoli\/"]}]},{"@type":"BreadcrumbList","@id":"https:\/\/www.lassociation.fr\/en\/auteur\/vanoli\/#breadcrumb","itemListElement":[{"@type":"ListItem","position":1,"name":"Accueil","item":"https:\/\/www.lassociation.fr\/en\/"},{"@type":"ListItem","position":2,"name":"Vanoli"}]},{"@type":"WebSite","@id":"https:\/\/www.lassociation.fr\/en\/#website","url":"https:\/\/www.lassociation.fr\/en\/","name":"L’Association","description":"Maison d’édition française de bande dessinée, fondée en 1990.","publisher":{"@id":"https:\/\/www.lassociation.fr\/en\/#organization"},"potentialAction":[{"@type":"SearchAction","target":{"@type":"EntryPoint","urlTemplate":"https:\/\/www.lassociation.fr\/en\/?s={search_term_string}"},"query-input":{"@type":"PropertyValueSpecification","valueRequired":true,"valueName":"search_term_string"}}],"inLanguage":"en-US"},{"@type":"Organization","@id":"https:\/\/www.lassociation.fr\/en\/#organization","name":"L’Association","url":"https:\/\/www.lassociation.fr\/en\/","logo":{"@type":"ImageObject","inLanguage":"en-US","@id":"https:\/\/www.lassociation.fr\/en\/#\/schema\/logo\/image\/","url":"https:\/\/www.lassociation.fr\/backoffice\/wp-content\/uploads\/2019\/11\/asso_large.png","contentUrl":"https:\/\/www.lassociation.fr\/backoffice\/wp-content\/uploads\/2019\/11\/asso_large.png","width":1200,"height":630,"caption":"L’Association"},"image":{"@id":"https:\/\/www.lassociation.fr\/en\/#\/schema\/logo\/image\/"},"sameAs":["https:\/\/www.facebook.com\/lhydrelasso\/","https:\/\/x.com\/lassociation","https:\/\/www.instagram.com\/editions_lassociation","https:\/\/fr.wikipedia.org\/wiki\/LAssociation","https:\/\/www.youtube.com\/@editions_lassociation"]}]}</script>

Vincent Vanoli est né en 1966 en Meurthe-et-Moselle. Il enseigne les Arts plastiques en collège depuis 1991 et depuis 2005 dans le Haut-Rhin. Jean-Pierre, son premier ouvrage, paraît dans la collection X chez Futuropolis. Il rejoint rapidement L’Association en 1993 avec depuis, de nombreux ouvrages et des récits courts dans la revue Lapin. Dans les années 90, on [&hellip;]

Maison d’édition française de bande dessinée, fondée en 1990.
