{"id":21497,"date":"2022-06-30T16:44:35","date_gmt":"2022-06-30T14:44:35","guid":{"rendered":"https:\/\/www.lassociation.fr\/?post_type=auteur&#038;p=21497"},"modified":"2025-10-10T17:21:48","modified_gmt":"2025-10-10T15:21:48","slug":"silki","status":"publish","type":"auteur","link":"https:\/\/www.lassociation.fr\/en\/auteur\/silki\/","title":{"rendered":"Silki"},"content":{"rendered":"<p>Silki est une autrice et dessinatrice cor\u00e9enne install\u00e9e en France. Form\u00e9e \u00e0 l\u2019\u00c9ESI d\u2019Angoul\u00eame, elle d\u00e9veloppe un univers graphique d\u00e9licat, m\u00ealant ligne souple et narration introspective. Ses bandes dessin\u00e9es explorent avec sensibilit\u00e9 les \u00e9motions, les malentendus et les diff\u00e9rences culturelles. Apr\u00e8s <em>Kimchi Baguette <\/em>(Dargaud), <em>Malgr\u00e9 tout je suis ici<\/em> et <em>Je vais bien ou pas<\/em>, <em>Comme ci comme \u00e7a<\/em> para\u00eeta en janvier 2026 \u00e0 L\u2019Association.<\/p>\n","protected":false},"featured_media":0,"template":"","class_list":["post-21497","auteur","type-auteur","status-publish","hentry"],"acf":[],"yoast_head":"<title>Silki - L\u2019Association<\/title>\n<meta name=\"robots\" content=\"index, follow, max-snippet:-1, max-image-preview:large, max-video-preview:-1\" \/>\n<link rel=\"canonical\" href=\"https:\/\/www.lassociation.fr\/en\/auteur\/silki\/\" \/>\n<meta property=\"og:locale\" content=\"en_US\" \/>\n<meta property=\"og:type\" content=\"article\" \/>\n<meta property=\"og:title\" content=\"Silki - L\u2019Association\" \/>\n<meta property=\"og:description\" content=\"Silki est une autrice et dessinatrice cor\u00e9enne install\u00e9e en France. Form\u00e9e \u00e0 l\u2019\u00c9ESI d\u2019Angoul\u00eame, elle d\u00e9veloppe un univers graphique d\u00e9licat, m\u00ealant ligne souple et narration introspective. Ses bandes dessin\u00e9es explorent avec sensibilit\u00e9 les \u00e9motions, les malentendus et les diff\u00e9rences culturelles. Apr\u00e8s Kimchi Baguette (Dargaud), Malgr\u00e9 tout je suis ici et Je vais bien ou pas, [&hellip;]\" \/>\n<meta property=\"og:url\" content=\"https:\/\/www.lassociation.fr\/en\/auteur\/silki\/\" \/>\n<meta property=\"og:site_name\" content=\"L\u2019Association\" \/>\n<meta property=\"article:publisher\" content=\"https:\/\/www.facebook.com\/lhydrelasso\/\" \/>\n<meta property=\"article:modified_time\" content=\"2025-10-10T15:21:48+00:00\" \/>\n<meta property=\"og:image\" content=\"https:\/\/www.lassociation.fr\/backoffice\/wp-content\/uploads\/2019\/11\/asso_large.png\" \/>\n\t<meta property=\"og:image:width\" content=\"1200\" \/>\n\t<meta property=\"og:image:height\" content=\"630\" \/>\n\t<meta property=\"og:image:type\" content=\"image\/png\" \/>\n<meta name=\"twitter:card\" content=\"summary_large_image\" \/>\n<meta name=\"twitter:site\" content=\"@lassociation\" \/>\n<script type=\"application\/ld+json\" class=\"yoast-schema-graph\">{\"@context\":\"https:\\\/\\\/schema.org\",\"@graph\":[{\"@type\":\"WebPage\",\"@id\":\"https:\\\/\\\/www.lassociation.fr\\\/en\\\/auteur\\\/silki\\\/\",\"url\":\"https:\\\/\\\/www.lassociation.fr\\\/en\\\/auteur\\\/silki\\\/\",\"name\":\"Silki - L\u2019Association\",\"isPartOf\":{\"@id\":\"https:\\\/\\\/www.lassociation.fr\\\/en\\\/#website\"},\"datePublished\":\"2022-06-30T14:44:35+00:00\",\"dateModified\":\"2025-10-10T15:21:48+00:00\",\"breadcrumb\":{\"@id\":\"https:\\\/\\\/www.lassociation.fr\\\/en\\\/auteur\\\/silki\\\/#breadcrumb\"},\"inLanguage\":\"en-US\",\"potentialAction\":[{\"@type\":\"ReadAction\",\"target\":[\"https:\\\/\\\/www.lassociation.fr\\\/en\\\/auteur\\\/silki\\\/\"]}]},{\"@type\":\"BreadcrumbList\",\"@id\":\"https:\\\/\\\/www.lassociation.fr\\\/en\\\/auteur\\\/silki\\\/#breadcrumb\",\"itemListElement\":[{\"@type\":\"ListItem\",\"position\":1,\"name\":\"Accueil\",\"item\":\"https:\\\/\\\/www.lassociation.fr\\\/en\\\/\"},{\"@type\":\"ListItem\",\"position\":2,\"name\":\"Silki\"}]},{\"@type\":\"WebSite\",\"@id\":\"https:\\\/\\\/www.lassociation.fr\\\/en\\\/#website\",\"url\":\"https:\\\/\\\/www.lassociation.fr\\\/en\\\/\",\"name\":\"L\u2019Association\",\"description\":\"Maison d\u2019\u00e9dition fran\u00e7aise de bande dessin\u00e9e, fond\u00e9e en 1990.\",\"publisher\":{\"@id\":\"https:\\\/\\\/www.lassociation.fr\\\/en\\\/#organization\"},\"potentialAction\":[{\"@type\":\"SearchAction\",\"target\":{\"@type\":\"EntryPoint\",\"urlTemplate\":\"https:\\\/\\\/www.lassociation.fr\\\/en\\\/?s={search_term_string}\"},\"query-input\":{\"@type\":\"PropertyValueSpecification\",\"valueRequired\":true,\"valueName\":\"search_term_string\"}}],\"inLanguage\":\"en-US\"},{\"@type\":\"Organization\",\"@id\":\"https:\\\/\\\/www.lassociation.fr\\\/en\\\/#organization\",\"name\":\"L\u2019Association\",\"url\":\"https:\\\/\\\/www.lassociation.fr\\\/en\\\/\",\"logo\":{\"@type\":\"ImageObject\",\"inLanguage\":\"en-US\",\"@id\":\"https:\\\/\\\/www.lassociation.fr\\\/en\\\/#\\\/schema\\\/logo\\\/image\\\/\",\"url\":\"https:\\\/\\\/www.lassociation.fr\\\/backoffice\\\/wp-content\\\/uploads\\\/2019\\\/11\\\/asso_large.png\",\"contentUrl\":\"https:\\\/\\\/www.lassociation.fr\\\/backoffice\\\/wp-content\\\/uploads\\\/2019\\\/11\\\/asso_large.png\",\"width\":1200,\"height\":630,\"caption\":\"L\u2019Association\"},\"image\":{\"@id\":\"https:\\\/\\\/www.lassociation.fr\\\/en\\\/#\\\/schema\\\/logo\\\/image\\\/\"},\"sameAs\":[\"https:\\\/\\\/www.facebook.com\\\/lhydrelasso\\\/\",\"https:\\\/\\\/x.com\\\/lassociation\",\"https:\\\/\\\/www.instagram.com\\\/editions_lassociation\",\"https:\\\/\\\/fr.wikipedia.org\\\/wiki\\\/LAssociation\",\"https:\\\/\\\/www.youtube.com\\\/@editions_lassociation\"]}]}<\/script>","yoast_head_json":{"title":"Silki - L\u2019Association","robots":{"index":"index","follow":"follow","max-snippet":"max-snippet:-1","max-image-preview":"max-image-preview:large","max-video-preview":"max-video-preview:-1"},"canonical":"https:\/\/www.lassociation.fr\/en\/auteur\/silki\/","og_locale":"en_US","og_type":"article","og_title":"Silki - L\u2019Association","og_description":"Silki est une autrice et dessinatrice cor\u00e9enne install\u00e9e en France. Form\u00e9e \u00e0 l\u2019\u00c9ESI d\u2019Angoul\u00eame, elle d\u00e9veloppe un univers graphique d\u00e9licat, m\u00ealant ligne souple et narration introspective. Ses bandes dessin\u00e9es explorent avec sensibilit\u00e9 les \u00e9motions, les malentendus et les diff\u00e9rences culturelles. Apr\u00e8s Kimchi Baguette (Dargaud), Malgr\u00e9 tout je suis ici et Je vais bien ou pas, [&hellip;]","og_url":"https:\/\/www.lassociation.fr\/en\/auteur\/silki\/","og_site_name":"L\u2019Association","article_publisher":"https:\/\/www.facebook.com\/lhydrelasso\/","article_modified_time":"2025-10-10T15:21:48+00:00","og_image":[{"width":1200,"height":630,"url":"https:\/\/www.lassociation.fr\/backoffice\/wp-content\/uploads\/2019\/11\/asso_large.png","type":"image\/png"}],"twitter_card":"summary_large_image","twitter_site":"@lassociation","schema":{"@context":"https:\/\/schema.org","@graph":[{"@type":"WebPage","@id":"https:\/\/www.lassociation.fr\/en\/auteur\/silki\/","url":"https:\/\/www.lassociation.fr\/en\/auteur\/silki\/","name":"Silki - L\u2019Association","isPartOf":{"@id":"https:\/\/www.lassociation.fr\/en\/#website"},"datePublished":"2022-06-30T14:44:35+00:00","dateModified":"2025-10-10T15:21:48+00:00","breadcrumb":{"@id":"https:\/\/www.lassociation.fr\/en\/auteur\/silki\/#breadcrumb"},"inLanguage":"en-US","potentialAction":[{"@type":"ReadAction","target":["https:\/\/www.lassociation.fr\/en\/auteur\/silki\/"]}]},{"@type":"BreadcrumbList","@id":"https:\/\/www.lassociation.fr\/en\/auteur\/silki\/#breadcrumb","itemListElement":[{"@type":"ListItem","position":1,"name":"Accueil","item":"https:\/\/www.lassociation.fr\/en\/"},{"@type":"ListItem","position":2,"name":"Silki"}]},{"@type":"WebSite","@id":"https:\/\/www.lassociation.fr\/en\/#website","url":"https:\/\/www.lassociation.fr\/en\/","name":"L\u2019Association","description":"Maison d\u2019\u00e9dition fran\u00e7aise de bande dessin\u00e9e, fond\u00e9e en 1990.","publisher":{"@id":"https:\/\/www.lassociation.fr\/en\/#organization"},"potentialAction":[{"@type":"SearchAction","target":{"@type":"EntryPoint","urlTemplate":"https:\/\/www.lassociation.fr\/en\/?s={search_term_string}"},"query-input":{"@type":"PropertyValueSpecification","valueRequired":true,"valueName":"search_term_string"}}],"inLanguage":"en-US"},{"@type":"Organization","@id":"https:\/\/www.lassociation.fr\/en\/#organization","name":"L\u2019Association","url":"https:\/\/www.lassociation.fr\/en\/","logo":{"@type":"ImageObject","inLanguage":"en-US","@id":"https:\/\/www.lassociation.fr\/en\/#\/schema\/logo\/image\/","url":"https:\/\/www.lassociation.fr\/backoffice\/wp-content\/uploads\/2019\/11\/asso_large.png","contentUrl":"https:\/\/www.lassociation.fr\/backoffice\/wp-content\/uploads\/2019\/11\/asso_large.png","width":1200,"height":630,"caption":"L\u2019Association"},"image":{"@id":"https:\/\/www.lassociation.fr\/en\/#\/schema\/logo\/image\/"},"sameAs":["https:\/\/www.facebook.com\/lhydrelasso\/","https:\/\/x.com\/lassociation","https:\/\/www.instagram.com\/editions_lassociation","https:\/\/fr.wikipedia.org\/wiki\/LAssociation","https:\/\/www.youtube.com\/@editions_lassociation"]}]}},"_links":{"self":[{"href":"https:\/\/www.lassociation.fr\/en\/wp-json\/wp\/v2\/auteur\/21497","targetHints":{"allow":["GET"]}}],"collection":[{"href":"https:\/\/www.lassociation.fr\/en\/wp-json\/wp\/v2\/auteur"}],"about":[{"href":"https:\/\/www.lassociation.fr\/en\/wp-json\/wp\/v2\/types\/auteur"}],"wp:attachment":[{"href":"https:\/\/www.lassociation.fr\/en\/wp-json\/wp\/v2\/media?parent=21497"}],"curies":[{"name":"wp","href":"https:\/\/api.w.org\/{rel}","templated":true}]}}

<p>Silki est une autrice et dessinatrice coréenne installée en France. Formée à l’ÉESI d’Angoulême, elle développe un univers graphique délicat, mêlant ligne souple et narration introspective. Ses bandes dessinées explorent avec sensibilité les émotions, les malentendus et les différences culturelles. Après <em>Kimchi Baguette </em>(Dargaud), <em>Malgré tout je suis ici</em> et <em>Je vais bien ou pas</em>, <em>Comme ci comme ça</em> paraîta en janvier 2026 à L’Association.</p>

<title>Silki - L’Association</title>
<meta name="robots" content="index, follow, max-snippet:-1, max-image-preview:large, max-video-preview:-1" />
<link rel="canonical" href="https://www.lassociation.fr/en/auteur/silki/" />
<meta property="og:locale" content="en_US" />
<meta property="og:type" content="article" />
<meta property="og:title" content="Silki - L’Association" />
<meta property="og:description" content="Silki est une autrice et dessinatrice coréenne installée en France. Formée à l’ÉESI d’Angoulême, elle développe un univers graphique délicat, mêlant ligne souple et narration introspective. Ses bandes dessinées explorent avec sensibilité les émotions, les malentendus et les différences culturelles. Après Kimchi Baguette (Dargaud), Malgré tout je suis ici et Je vais bien ou pas, [&hellip;]" />
<meta property="og:url" content="https://www.lassociation.fr/en/auteur/silki/" />
<meta property="og:site_name" content="L’Association" />
<meta property="article:publisher" content="https://www.facebook.com/lhydrelasso/" />
<meta property="article:modified_time" content="2025-10-10T15:21:48+00:00" />
<meta property="og:image" content="https://www.lassociation.fr/backoffice/wp-content/uploads/2019/11/asso_large.png" />
	<meta property="og:image:width" content="1200" />
	<meta property="og:image:height" content="630" />
	<meta property="og:image:type" content="image/png" />
<meta name="twitter:card" content="summary_large_image" />
<meta name="twitter:site" content="@lassociation" />
<script type="application/ld+json" class="yoast-schema-graph">{"@context":"https:\/\/schema.org","@graph":[{"@type":"WebPage","@id":"https:\/\/www.lassociation.fr\/en\/auteur\/silki\/","url":"https:\/\/www.lassociation.fr\/en\/auteur\/silki\/","name":"Silki - L’Association","isPartOf":{"@id":"https:\/\/www.lassociation.fr\/en\/#website"},"datePublished":"2022-06-30T14:44:35+00:00","dateModified":"2025-10-10T15:21:48+00:00","breadcrumb":{"@id":"https:\/\/www.lassociation.fr\/en\/auteur\/silki\/#breadcrumb"},"inLanguage":"en-US","potentialAction":[{"@type":"ReadAction","target":["https:\/\/www.lassociation.fr\/en\/auteur\/silki\/"]}]},{"@type":"BreadcrumbList","@id":"https:\/\/www.lassociation.fr\/en\/auteur\/silki\/#breadcrumb","itemListElement":[{"@type":"ListItem","position":1,"name":"Accueil","item":"https:\/\/www.lassociation.fr\/en\/"},{"@type":"ListItem","position":2,"name":"Silki"}]},{"@type":"WebSite","@id":"https:\/\/www.lassociation.fr\/en\/#website","url":"https:\/\/www.lassociation.fr\/en\/","name":"L’Association","description":"Maison d’édition française de bande dessinée, fondée en 1990.","publisher":{"@id":"https:\/\/www.lassociation.fr\/en\/#organization"},"potentialAction":[{"@type":"SearchAction","target":{"@type":"EntryPoint","urlTemplate":"https:\/\/www.lassociation.fr\/en\/?s={search_term_string}"},"query-input":{"@type":"PropertyValueSpecification","valueRequired":true,"valueName":"search_term_string"}}],"inLanguage":"en-US"},{"@type":"Organization","@id":"https:\/\/www.lassociation.fr\/en\/#organization","name":"L’Association","url":"https:\/\/www.lassociation.fr\/en\/","logo":{"@type":"ImageObject","inLanguage":"en-US","@id":"https:\/\/www.lassociation.fr\/en\/#\/schema\/logo\/image\/","url":"https:\/\/www.lassociation.fr\/backoffice\/wp-content\/uploads\/2019\/11\/asso_large.png","contentUrl":"https:\/\/www.lassociation.fr\/backoffice\/wp-content\/uploads\/2019\/11\/asso_large.png","width":1200,"height":630,"caption":"L’Association"},"image":{"@id":"https:\/\/www.lassociation.fr\/en\/#\/schema\/logo\/image\/"},"sameAs":["https:\/\/www.facebook.com\/lhydrelasso\/","https:\/\/x.com\/lassociation","https:\/\/www.instagram.com\/editions_lassociation","https:\/\/fr.wikipedia.org\/wiki\/LAssociation","https:\/\/www.youtube.com\/@editions_lassociation"]}]}</script>

Silki est une autrice et dessinatrice coréenne installée en France. Formée à l’ÉESI d’Angoulême, elle développe un univers graphique délicat, mêlant ligne souple et narration introspective. Ses bandes dessinées explorent avec sensibilité les émotions, les malentendus et les différences culturelles. Après Kimchi Baguette (Dargaud), Malgré tout je suis ici et Je vais bien ou pas, [&hellip;]

Maison d’édition française de bande dessinée, fondée en 1990.
