{"id":23500,"date":"2023-06-26T12:54:23","date_gmt":"2023-06-26T10:54:23","guid":{"rendered":"https:\/\/www.lassociation.fr\/?post_type=auteur&#038;p=23500"},"modified":"2023-08-10T10:20:37","modified_gmt":"2023-08-10T08:20:37","slug":"fontaine","status":"publish","type":"auteur","link":"https:\/\/www.lassociation.fr\/en\/auteur\/fontaine\/","title":{"rendered":"Fontaine"},"content":{"rendered":"<p>Am\u00e9lie Fontaine est n\u00e9e en 1987 \u00e0 Soissons. Apr\u00e8s des \u00e9tudes de graphisme, elle entre aux Arts D\u00e9coratifs de Paris o\u00f9 elle apprend la gravure et la s\u00e9rigraphie. Elle r\u00e9alise ensuite plusieurs albums jeunesse et travaille pour la presse (Le Monde, New York Times\u2026), en parall\u00e8le d\u2019une pratique plus personnelle du dessin. Ses images d\u00e9crivent une histoire naturelle myst\u00e9rieuse et \u00e0 moiti\u00e9 r\u00eav\u00e9e, o\u00f9 les plantes et les animaux occupent une place centrale. Les objets du quotidien sont souvent repr\u00e9sent\u00e9s, \u00e0 la mani\u00e8re d\u2019un inventaire \u00e0 la Georges P\u00e9rec, ou comme dans la po\u00e9sie de Francis Ponge, transfigur\u00e9s dans leur banalit\u00e9.<\/p>\n","protected":false},"featured_media":0,"template":"","class_list":["post-23500","auteur","type-auteur","status-publish","hentry"],"acf":[],"yoast_head":"<title>Fontaine - L\u2019Association<\/title>\n<meta name=\"robots\" content=\"index, follow, max-snippet:-1, max-image-preview:large, max-video-preview:-1\" \/>\n<link rel=\"canonical\" href=\"https:\/\/www.lassociation.fr\/en\/auteur\/fontaine\/\" \/>\n<meta property=\"og:locale\" content=\"en_US\" \/>\n<meta property=\"og:type\" content=\"article\" \/>\n<meta property=\"og:title\" content=\"Fontaine - L\u2019Association\" \/>\n<meta property=\"og:description\" content=\"Am\u00e9lie Fontaine est n\u00e9e en 1987 \u00e0 Soissons. Apr\u00e8s des \u00e9tudes de graphisme, elle entre aux Arts D\u00e9coratifs de Paris o\u00f9 elle apprend la gravure et la s\u00e9rigraphie. Elle r\u00e9alise ensuite plusieurs albums jeunesse et travaille pour la presse (Le Monde, New York Times\u2026), en parall\u00e8le d\u2019une pratique plus personnelle du dessin. Ses images d\u00e9crivent [&hellip;]\" \/>\n<meta property=\"og:url\" content=\"https:\/\/www.lassociation.fr\/en\/auteur\/fontaine\/\" \/>\n<meta property=\"og:site_name\" content=\"L\u2019Association\" \/>\n<meta property=\"article:publisher\" content=\"https:\/\/www.facebook.com\/lhydrelasso\/\" \/>\n<meta property=\"article:modified_time\" content=\"2023-08-10T08:20:37+00:00\" \/>\n<meta property=\"og:image\" content=\"https:\/\/www.lassociation.fr\/backoffice\/wp-content\/uploads\/2019\/11\/asso_large.png\" \/>\n\t<meta property=\"og:image:width\" content=\"1200\" \/>\n\t<meta property=\"og:image:height\" content=\"630\" \/>\n\t<meta property=\"og:image:type\" content=\"image\/png\" \/>\n<meta name=\"twitter:card\" content=\"summary_large_image\" \/>\n<meta name=\"twitter:site\" content=\"@lassociation\" \/>\n<script type=\"application\/ld+json\" class=\"yoast-schema-graph\">{\"@context\":\"https:\\\/\\\/schema.org\",\"@graph\":[{\"@type\":\"WebPage\",\"@id\":\"https:\\\/\\\/www.lassociation.fr\\\/en\\\/auteur\\\/fontaine\\\/\",\"url\":\"https:\\\/\\\/www.lassociation.fr\\\/en\\\/auteur\\\/fontaine\\\/\",\"name\":\"Fontaine - L\u2019Association\",\"isPartOf\":{\"@id\":\"https:\\\/\\\/www.lassociation.fr\\\/en\\\/#website\"},\"datePublished\":\"2023-06-26T10:54:23+00:00\",\"dateModified\":\"2023-08-10T08:20:37+00:00\",\"breadcrumb\":{\"@id\":\"https:\\\/\\\/www.lassociation.fr\\\/en\\\/auteur\\\/fontaine\\\/#breadcrumb\"},\"inLanguage\":\"en-US\",\"potentialAction\":[{\"@type\":\"ReadAction\",\"target\":[\"https:\\\/\\\/www.lassociation.fr\\\/en\\\/auteur\\\/fontaine\\\/\"]}]},{\"@type\":\"BreadcrumbList\",\"@id\":\"https:\\\/\\\/www.lassociation.fr\\\/en\\\/auteur\\\/fontaine\\\/#breadcrumb\",\"itemListElement\":[{\"@type\":\"ListItem\",\"position\":1,\"name\":\"Accueil\",\"item\":\"https:\\\/\\\/www.lassociation.fr\\\/en\\\/\"},{\"@type\":\"ListItem\",\"position\":2,\"name\":\"Fontaine\"}]},{\"@type\":\"WebSite\",\"@id\":\"https:\\\/\\\/www.lassociation.fr\\\/en\\\/#website\",\"url\":\"https:\\\/\\\/www.lassociation.fr\\\/en\\\/\",\"name\":\"L\u2019Association\",\"description\":\"Maison d\u2019\u00e9dition fran\u00e7aise de bande dessin\u00e9e, fond\u00e9e en 1990.\",\"publisher\":{\"@id\":\"https:\\\/\\\/www.lassociation.fr\\\/en\\\/#organization\"},\"potentialAction\":[{\"@type\":\"SearchAction\",\"target\":{\"@type\":\"EntryPoint\",\"urlTemplate\":\"https:\\\/\\\/www.lassociation.fr\\\/en\\\/?s={search_term_string}\"},\"query-input\":{\"@type\":\"PropertyValueSpecification\",\"valueRequired\":true,\"valueName\":\"search_term_string\"}}],\"inLanguage\":\"en-US\"},{\"@type\":\"Organization\",\"@id\":\"https:\\\/\\\/www.lassociation.fr\\\/en\\\/#organization\",\"name\":\"L\u2019Association\",\"url\":\"https:\\\/\\\/www.lassociation.fr\\\/en\\\/\",\"logo\":{\"@type\":\"ImageObject\",\"inLanguage\":\"en-US\",\"@id\":\"https:\\\/\\\/www.lassociation.fr\\\/en\\\/#\\\/schema\\\/logo\\\/image\\\/\",\"url\":\"https:\\\/\\\/www.lassociation.fr\\\/backoffice\\\/wp-content\\\/uploads\\\/2019\\\/11\\\/asso_large.png\",\"contentUrl\":\"https:\\\/\\\/www.lassociation.fr\\\/backoffice\\\/wp-content\\\/uploads\\\/2019\\\/11\\\/asso_large.png\",\"width\":1200,\"height\":630,\"caption\":\"L\u2019Association\"},\"image\":{\"@id\":\"https:\\\/\\\/www.lassociation.fr\\\/en\\\/#\\\/schema\\\/logo\\\/image\\\/\"},\"sameAs\":[\"https:\\\/\\\/www.facebook.com\\\/lhydrelasso\\\/\",\"https:\\\/\\\/x.com\\\/lassociation\",\"https:\\\/\\\/www.instagram.com\\\/editions_lassociation\",\"https:\\\/\\\/fr.wikipedia.org\\\/wiki\\\/LAssociation\",\"https:\\\/\\\/www.youtube.com\\\/@editions_lassociation\"]}]}<\/script>","yoast_head_json":{"title":"Fontaine - L\u2019Association","robots":{"index":"index","follow":"follow","max-snippet":"max-snippet:-1","max-image-preview":"max-image-preview:large","max-video-preview":"max-video-preview:-1"},"canonical":"https:\/\/www.lassociation.fr\/en\/auteur\/fontaine\/","og_locale":"en_US","og_type":"article","og_title":"Fontaine - L\u2019Association","og_description":"Am\u00e9lie Fontaine est n\u00e9e en 1987 \u00e0 Soissons. Apr\u00e8s des \u00e9tudes de graphisme, elle entre aux Arts D\u00e9coratifs de Paris o\u00f9 elle apprend la gravure et la s\u00e9rigraphie. Elle r\u00e9alise ensuite plusieurs albums jeunesse et travaille pour la presse (Le Monde, New York Times\u2026), en parall\u00e8le d\u2019une pratique plus personnelle du dessin. Ses images d\u00e9crivent [&hellip;]","og_url":"https:\/\/www.lassociation.fr\/en\/auteur\/fontaine\/","og_site_name":"L\u2019Association","article_publisher":"https:\/\/www.facebook.com\/lhydrelasso\/","article_modified_time":"2023-08-10T08:20:37+00:00","og_image":[{"width":1200,"height":630,"url":"https:\/\/www.lassociation.fr\/backoffice\/wp-content\/uploads\/2019\/11\/asso_large.png","type":"image\/png"}],"twitter_card":"summary_large_image","twitter_site":"@lassociation","schema":{"@context":"https:\/\/schema.org","@graph":[{"@type":"WebPage","@id":"https:\/\/www.lassociation.fr\/en\/auteur\/fontaine\/","url":"https:\/\/www.lassociation.fr\/en\/auteur\/fontaine\/","name":"Fontaine - L\u2019Association","isPartOf":{"@id":"https:\/\/www.lassociation.fr\/en\/#website"},"datePublished":"2023-06-26T10:54:23+00:00","dateModified":"2023-08-10T08:20:37+00:00","breadcrumb":{"@id":"https:\/\/www.lassociation.fr\/en\/auteur\/fontaine\/#breadcrumb"},"inLanguage":"en-US","potentialAction":[{"@type":"ReadAction","target":["https:\/\/www.lassociation.fr\/en\/auteur\/fontaine\/"]}]},{"@type":"BreadcrumbList","@id":"https:\/\/www.lassociation.fr\/en\/auteur\/fontaine\/#breadcrumb","itemListElement":[{"@type":"ListItem","position":1,"name":"Accueil","item":"https:\/\/www.lassociation.fr\/en\/"},{"@type":"ListItem","position":2,"name":"Fontaine"}]},{"@type":"WebSite","@id":"https:\/\/www.lassociation.fr\/en\/#website","url":"https:\/\/www.lassociation.fr\/en\/","name":"L\u2019Association","description":"Maison d\u2019\u00e9dition fran\u00e7aise de bande dessin\u00e9e, fond\u00e9e en 1990.","publisher":{"@id":"https:\/\/www.lassociation.fr\/en\/#organization"},"potentialAction":[{"@type":"SearchAction","target":{"@type":"EntryPoint","urlTemplate":"https:\/\/www.lassociation.fr\/en\/?s={search_term_string}"},"query-input":{"@type":"PropertyValueSpecification","valueRequired":true,"valueName":"search_term_string"}}],"inLanguage":"en-US"},{"@type":"Organization","@id":"https:\/\/www.lassociation.fr\/en\/#organization","name":"L\u2019Association","url":"https:\/\/www.lassociation.fr\/en\/","logo":{"@type":"ImageObject","inLanguage":"en-US","@id":"https:\/\/www.lassociation.fr\/en\/#\/schema\/logo\/image\/","url":"https:\/\/www.lassociation.fr\/backoffice\/wp-content\/uploads\/2019\/11\/asso_large.png","contentUrl":"https:\/\/www.lassociation.fr\/backoffice\/wp-content\/uploads\/2019\/11\/asso_large.png","width":1200,"height":630,"caption":"L\u2019Association"},"image":{"@id":"https:\/\/www.lassociation.fr\/en\/#\/schema\/logo\/image\/"},"sameAs":["https:\/\/www.facebook.com\/lhydrelasso\/","https:\/\/x.com\/lassociation","https:\/\/www.instagram.com\/editions_lassociation","https:\/\/fr.wikipedia.org\/wiki\/LAssociation","https:\/\/www.youtube.com\/@editions_lassociation"]}]}},"_links":{"self":[{"href":"https:\/\/www.lassociation.fr\/en\/wp-json\/wp\/v2\/auteur\/23500","targetHints":{"allow":["GET"]}}],"collection":[{"href":"https:\/\/www.lassociation.fr\/en\/wp-json\/wp\/v2\/auteur"}],"about":[{"href":"https:\/\/www.lassociation.fr\/en\/wp-json\/wp\/v2\/types\/auteur"}],"wp:attachment":[{"href":"https:\/\/www.lassociation.fr\/en\/wp-json\/wp\/v2\/media?parent=23500"}],"curies":[{"name":"wp","href":"https:\/\/api.w.org\/{rel}","templated":true}]}}

<p>Amélie Fontaine est née en 1987 à Soissons. Après des études de graphisme, elle entre aux Arts Décoratifs de Paris où elle apprend la gravure et la sérigraphie. Elle réalise ensuite plusieurs albums jeunesse et travaille pour la presse (Le Monde, New York Times…), en parallèle d’une pratique plus personnelle du dessin. Ses images décrivent une histoire naturelle mystérieuse et à moitié rêvée, où les plantes et les animaux occupent une place centrale. Les objets du quotidien sont souvent représentés, à la manière d’un inventaire à la Georges Pérec, ou comme dans la poésie de Francis Ponge, transfigurés dans leur banalité.</p>

<title>Fontaine - L’Association</title>
<meta name="robots" content="index, follow, max-snippet:-1, max-image-preview:large, max-video-preview:-1" />
<link rel="canonical" href="https://www.lassociation.fr/en/auteur/fontaine/" />
<meta property="og:locale" content="en_US" />
<meta property="og:type" content="article" />
<meta property="og:title" content="Fontaine - L’Association" />
<meta property="og:description" content="Amélie Fontaine est née en 1987 à Soissons. Après des études de graphisme, elle entre aux Arts Décoratifs de Paris où elle apprend la gravure et la sérigraphie. Elle réalise ensuite plusieurs albums jeunesse et travaille pour la presse (Le Monde, New York Times…), en parallèle d’une pratique plus personnelle du dessin. Ses images décrivent [&hellip;]" />
<meta property="og:url" content="https://www.lassociation.fr/en/auteur/fontaine/" />
<meta property="og:site_name" content="L’Association" />
<meta property="article:publisher" content="https://www.facebook.com/lhydrelasso/" />
<meta property="article:modified_time" content="2023-08-10T08:20:37+00:00" />
<meta property="og:image" content="https://www.lassociation.fr/backoffice/wp-content/uploads/2019/11/asso_large.png" />
	<meta property="og:image:width" content="1200" />
	<meta property="og:image:height" content="630" />
	<meta property="og:image:type" content="image/png" />
<meta name="twitter:card" content="summary_large_image" />
<meta name="twitter:site" content="@lassociation" />
<script type="application/ld+json" class="yoast-schema-graph">{"@context":"https:\/\/schema.org","@graph":[{"@type":"WebPage","@id":"https:\/\/www.lassociation.fr\/en\/auteur\/fontaine\/","url":"https:\/\/www.lassociation.fr\/en\/auteur\/fontaine\/","name":"Fontaine - L’Association","isPartOf":{"@id":"https:\/\/www.lassociation.fr\/en\/#website"},"datePublished":"2023-06-26T10:54:23+00:00","dateModified":"2023-08-10T08:20:37+00:00","breadcrumb":{"@id":"https:\/\/www.lassociation.fr\/en\/auteur\/fontaine\/#breadcrumb"},"inLanguage":"en-US","potentialAction":[{"@type":"ReadAction","target":["https:\/\/www.lassociation.fr\/en\/auteur\/fontaine\/"]}]},{"@type":"BreadcrumbList","@id":"https:\/\/www.lassociation.fr\/en\/auteur\/fontaine\/#breadcrumb","itemListElement":[{"@type":"ListItem","position":1,"name":"Accueil","item":"https:\/\/www.lassociation.fr\/en\/"},{"@type":"ListItem","position":2,"name":"Fontaine"}]},{"@type":"WebSite","@id":"https:\/\/www.lassociation.fr\/en\/#website","url":"https:\/\/www.lassociation.fr\/en\/","name":"L’Association","description":"Maison d’édition française de bande dessinée, fondée en 1990.","publisher":{"@id":"https:\/\/www.lassociation.fr\/en\/#organization"},"potentialAction":[{"@type":"SearchAction","target":{"@type":"EntryPoint","urlTemplate":"https:\/\/www.lassociation.fr\/en\/?s={search_term_string}"},"query-input":{"@type":"PropertyValueSpecification","valueRequired":true,"valueName":"search_term_string"}}],"inLanguage":"en-US"},{"@type":"Organization","@id":"https:\/\/www.lassociation.fr\/en\/#organization","name":"L’Association","url":"https:\/\/www.lassociation.fr\/en\/","logo":{"@type":"ImageObject","inLanguage":"en-US","@id":"https:\/\/www.lassociation.fr\/en\/#\/schema\/logo\/image\/","url":"https:\/\/www.lassociation.fr\/backoffice\/wp-content\/uploads\/2019\/11\/asso_large.png","contentUrl":"https:\/\/www.lassociation.fr\/backoffice\/wp-content\/uploads\/2019\/11\/asso_large.png","width":1200,"height":630,"caption":"L’Association"},"image":{"@id":"https:\/\/www.lassociation.fr\/en\/#\/schema\/logo\/image\/"},"sameAs":["https:\/\/www.facebook.com\/lhydrelasso\/","https:\/\/x.com\/lassociation","https:\/\/www.instagram.com\/editions_lassociation","https:\/\/fr.wikipedia.org\/wiki\/LAssociation","https:\/\/www.youtube.com\/@editions_lassociation"]}]}</script>

Amélie Fontaine est née en 1987 à Soissons. Après des études de graphisme, elle entre aux Arts Décoratifs de Paris où elle apprend la gravure et la sérigraphie. Elle réalise ensuite plusieurs albums jeunesse et travaille pour la presse (Le Monde, New York Times…), en parallèle d’une pratique plus personnelle du dessin. Ses images décrivent [&hellip;]

Maison d’édition française de bande dessinée, fondée en 1990.
