{"id":1547,"date":"2018-05-01T00:00:00","date_gmt":"2018-04-30T22:00:00","guid":{"rendered":"https:\/\/www.lassociation.fr\/product\/les-fins-du-monde\/"},"modified":"2026-02-09T09:16:42","modified_gmt":"2026-02-09T08:16:42","slug":"les-fins-du-monde","status":"publish","type":"product","link":"https:\/\/www.lassociation.fr\/en\/catalogue\/les-fins-du-monde\/","title":{"rendered":"fins du monde (Les)"},"content":{"rendered":"<p><i>Les Fins du monde<\/i> inaugure avec la nouvelle \u00e9dition de <i>Bleu<\/i>, la toute nouvelle collection de L\u2019Association \u00ab Pattes d\u2019eph \u00bb.<br \/>\nCes courts r\u00e9cits publi\u00e9s en 2007 dans le magazine <i>Spirou<\/i>, vous feront entrer dans la folie de professeurs illumin\u00e9s dont le but ultime est l\u2019an\u00e9antissement de l\u2019esp\u00e8ce humaine. Trou noir psychique, gaz mortel, expanseur d\u2019A.D.N. Les sc\u00e9narios insens\u00e9s s\u2019encha\u00eenent, se croisent et s\u2019entrem\u00ealent donnant naissance \u00e0 de dr\u00f4les de monstres.<br \/>\nBoris, h\u00e9ros ordinaire, tente d\u00e9sesp\u00e9r\u00e9ment de sauver le sort de l\u2019humanit\u00e9 coinc\u00e9 entre deux professeurs hyst\u00e9riques qui ne manquent pas d\u2019imagination pour \u00ab an\u00e9antir notre race stupide et m\u00e9diocre. \u00bb<\/p>\n<p>La nouvelle collection PATTE D\u2019EPH cr\u00e9\u00e9e en 2018, au m\u00eame format que PATTE DE MOUCHE, accueille des titres en quadri. Elle compte 32 pages, imprim\u00e9es sur du Munken Lynk 170 g, avec une couverture \u00e0 rabats sur une carte Tradition Cr\u00e9ation de 250 g. Elle est reli\u00e9e en dos carr\u00e9 cousu.<\/p>\n","protected":false},"excerpt":{"rendered":"<p>Les Fins du monde inaugure avec la nouvelle \u00e9dition de Bleu, la toute nouvelle collection de L\u2019Association \u00ab Pattes d\u2019eph \u00bb. Ces courts r\u00e9cits publi\u00e9s en 2007 dans le magazine Spirou, vous feront entrer dans la folie de professeurs illumin\u00e9s dont le but ultime est l\u2019an\u00e9antissement de l\u2019esp\u00e8ce humaine. Trou noir psychique, gaz mortel, expanseur [&hellip;]<\/p>\n","protected":false},"featured_media":2212,"template":"","meta":{"_acf_changed":false},"product_cat":[62],"product_tag":[],"class_list":{"0":"post-1547","1":"product","2":"type-product","3":"status-publish","4":"has-post-thumbnail","6":"product_cat-patte-d-eph","7":"member-discount","8":"discount-restricted","10":"first","11":"instock","12":"taxable","13":"shipping-taxable","14":"purchasable","15":"product-type-simple"},"acf":[],"yoast_head":"<title>fins du monde (Les) - L\u2019Association<\/title>\n<meta name=\"robots\" content=\"index, follow, max-snippet:-1, max-image-preview:large, max-video-preview:-1\" \/>\n<link rel=\"canonical\" href=\"https:\/\/www.lassociation.fr\/en\/catalogue\/les-fins-du-monde\/\" \/>\n<meta property=\"og:locale\" content=\"en_US\" \/>\n<meta property=\"og:type\" content=\"article\" \/>\n<meta property=\"og:title\" content=\"fins du monde (Les) - L\u2019Association\" \/>\n<meta property=\"og:description\" content=\"Les Fins du monde inaugure avec la nouvelle \u00e9dition de Bleu, la toute nouvelle collection de L\u2019Association \u00ab Pattes d\u2019eph \u00bb. Ces courts r\u00e9cits publi\u00e9s en 2007 dans le magazine Spirou, vous feront entrer dans la folie de professeurs illumin\u00e9s dont le but ultime est l\u2019an\u00e9antissement de l\u2019esp\u00e8ce humaine. Trou noir psychique, gaz mortel, expanseur [&hellip;]\" \/>\n<meta property=\"og:url\" content=\"https:\/\/www.lassociation.fr\/en\/catalogue\/les-fins-du-monde\/\" \/>\n<meta property=\"og:site_name\" content=\"L\u2019Association\" \/>\n<meta property=\"article:publisher\" content=\"https:\/\/www.facebook.com\/lhydrelasso\/\" \/>\n<meta property=\"article:modified_time\" content=\"2026-02-09T08:16:42+00:00\" \/>\n<meta property=\"og:image\" content=\"https:\/\/www.lassociation.fr\/backoffice\/wp-content\/uploads\/2019\/09\/3680.png\" \/>\n\t<meta property=\"og:image:width\" content=\"295\" \/>\n\t<meta property=\"og:image:height\" content=\"425\" \/>\n\t<meta property=\"og:image:type\" content=\"image\/png\" \/>\n<meta name=\"twitter:card\" content=\"summary_large_image\" \/>\n<meta name=\"twitter:site\" content=\"@lassociation\" \/>\n<script type=\"application\/ld+json\" class=\"yoast-schema-graph\">{\"@context\":\"https:\\\/\\\/schema.org\",\"@graph\":[{\"@type\":\"WebPage\",\"@id\":\"https:\\\/\\\/www.lassociation.fr\\\/en\\\/catalogue\\\/les-fins-du-monde\\\/\",\"url\":\"https:\\\/\\\/www.lassociation.fr\\\/en\\\/catalogue\\\/les-fins-du-monde\\\/\",\"name\":\"fins du monde (Les) - L\u2019Association\",\"isPartOf\":{\"@id\":\"https:\\\/\\\/www.lassociation.fr\\\/en\\\/#website\"},\"primaryImageOfPage\":{\"@id\":\"https:\\\/\\\/www.lassociation.fr\\\/en\\\/catalogue\\\/les-fins-du-monde\\\/#primaryimage\"},\"image\":{\"@id\":\"https:\\\/\\\/www.lassociation.fr\\\/en\\\/catalogue\\\/les-fins-du-monde\\\/#primaryimage\"},\"thumbnailUrl\":\"https:\\\/\\\/www.lassociation.fr\\\/backoffice\\\/wp-content\\\/uploads\\\/2019\\\/09\\\/3680.png\",\"datePublished\":\"2018-04-30T22:00:00+00:00\",\"dateModified\":\"2026-02-09T08:16:42+00:00\",\"breadcrumb\":{\"@id\":\"https:\\\/\\\/www.lassociation.fr\\\/en\\\/catalogue\\\/les-fins-du-monde\\\/#breadcrumb\"},\"inLanguage\":\"en-US\",\"potentialAction\":[{\"@type\":\"ReadAction\",\"target\":[\"https:\\\/\\\/www.lassociation.fr\\\/en\\\/catalogue\\\/les-fins-du-monde\\\/\"]}]},{\"@type\":\"ImageObject\",\"inLanguage\":\"en-US\",\"@id\":\"https:\\\/\\\/www.lassociation.fr\\\/en\\\/catalogue\\\/les-fins-du-monde\\\/#primaryimage\",\"url\":\"https:\\\/\\\/www.lassociation.fr\\\/backoffice\\\/wp-content\\\/uploads\\\/2019\\\/09\\\/3680.png\",\"contentUrl\":\"https:\\\/\\\/www.lassociation.fr\\\/backoffice\\\/wp-content\\\/uploads\\\/2019\\\/09\\\/3680.png\",\"width\":295,\"height\":425},{\"@type\":\"BreadcrumbList\",\"@id\":\"https:\\\/\\\/www.lassociation.fr\\\/en\\\/catalogue\\\/les-fins-du-monde\\\/#breadcrumb\",\"itemListElement\":[{\"@type\":\"ListItem\",\"position\":1,\"name\":\"Accueil\",\"item\":\"https:\\\/\\\/www.lassociation.fr\\\/en\\\/\"},{\"@type\":\"ListItem\",\"position\":2,\"name\":\"Catalog\",\"item\":\"https:\\\/\\\/www.lassociation.fr\\\/en\\\/catalogue\\\/\"},{\"@type\":\"ListItem\",\"position\":3,\"name\":\"fins du monde (Les)\"}]},{\"@type\":\"WebSite\",\"@id\":\"https:\\\/\\\/www.lassociation.fr\\\/en\\\/#website\",\"url\":\"https:\\\/\\\/www.lassociation.fr\\\/en\\\/\",\"name\":\"L\u2019Association\",\"description\":\"Maison d\u2019\u00e9dition fran\u00e7aise de bande dessin\u00e9e, fond\u00e9e en 1990.\",\"publisher\":{\"@id\":\"https:\\\/\\\/www.lassociation.fr\\\/en\\\/#organization\"},\"potentialAction\":[{\"@type\":\"SearchAction\",\"target\":{\"@type\":\"EntryPoint\",\"urlTemplate\":\"https:\\\/\\\/www.lassociation.fr\\\/en\\\/?s={search_term_string}\"},\"query-input\":{\"@type\":\"PropertyValueSpecification\",\"valueRequired\":true,\"valueName\":\"search_term_string\"}}],\"inLanguage\":\"en-US\"},{\"@type\":\"Organization\",\"@id\":\"https:\\\/\\\/www.lassociation.fr\\\/en\\\/#organization\",\"name\":\"L\u2019Association\",\"url\":\"https:\\\/\\\/www.lassociation.fr\\\/en\\\/\",\"logo\":{\"@type\":\"ImageObject\",\"inLanguage\":\"en-US\",\"@id\":\"https:\\\/\\\/www.lassociation.fr\\\/en\\\/#\\\/schema\\\/logo\\\/image\\\/\",\"url\":\"https:\\\/\\\/www.lassociation.fr\\\/backoffice\\\/wp-content\\\/uploads\\\/2019\\\/11\\\/asso_large.png\",\"contentUrl\":\"https:\\\/\\\/www.lassociation.fr\\\/backoffice\\\/wp-content\\\/uploads\\\/2019\\\/11\\\/asso_large.png\",\"width\":1200,\"height\":630,\"caption\":\"L\u2019Association\"},\"image\":{\"@id\":\"https:\\\/\\\/www.lassociation.fr\\\/en\\\/#\\\/schema\\\/logo\\\/image\\\/\"},\"sameAs\":[\"https:\\\/\\\/www.facebook.com\\\/lhydrelasso\\\/\",\"https:\\\/\\\/x.com\\\/lassociation\",\"https:\\\/\\\/www.instagram.com\\\/editions_lassociation\",\"https:\\\/\\\/fr.wikipedia.org\\\/wiki\\\/LAssociation\",\"https:\\\/\\\/www.youtube.com\\\/@editions_lassociation\"]}]}<\/script>","yoast_head_json":{"title":"fins du monde (Les) - L\u2019Association","robots":{"index":"index","follow":"follow","max-snippet":"max-snippet:-1","max-image-preview":"max-image-preview:large","max-video-preview":"max-video-preview:-1"},"canonical":"https:\/\/www.lassociation.fr\/en\/catalogue\/les-fins-du-monde\/","og_locale":"en_US","og_type":"article","og_title":"fins du monde (Les) - L\u2019Association","og_description":"Les Fins du monde inaugure avec la nouvelle \u00e9dition de Bleu, la toute nouvelle collection de L\u2019Association \u00ab Pattes d\u2019eph \u00bb. Ces courts r\u00e9cits publi\u00e9s en 2007 dans le magazine Spirou, vous feront entrer dans la folie de professeurs illumin\u00e9s dont le but ultime est l\u2019an\u00e9antissement de l\u2019esp\u00e8ce humaine. Trou noir psychique, gaz mortel, expanseur [&hellip;]","og_url":"https:\/\/www.lassociation.fr\/en\/catalogue\/les-fins-du-monde\/","og_site_name":"L\u2019Association","article_publisher":"https:\/\/www.facebook.com\/lhydrelasso\/","article_modified_time":"2026-02-09T08:16:42+00:00","og_image":[{"width":295,"height":425,"url":"https:\/\/www.lassociation.fr\/backoffice\/wp-content\/uploads\/2019\/09\/3680.png","type":"image\/png"}],"twitter_card":"summary_large_image","twitter_site":"@lassociation","schema":{"@context":"https:\/\/schema.org","@graph":[{"@type":"WebPage","@id":"https:\/\/www.lassociation.fr\/en\/catalogue\/les-fins-du-monde\/","url":"https:\/\/www.lassociation.fr\/en\/catalogue\/les-fins-du-monde\/","name":"fins du monde (Les) - L\u2019Association","isPartOf":{"@id":"https:\/\/www.lassociation.fr\/en\/#website"},"primaryImageOfPage":{"@id":"https:\/\/www.lassociation.fr\/en\/catalogue\/les-fins-du-monde\/#primaryimage"},"image":{"@id":"https:\/\/www.lassociation.fr\/en\/catalogue\/les-fins-du-monde\/#primaryimage"},"thumbnailUrl":"https:\/\/www.lassociation.fr\/backoffice\/wp-content\/uploads\/2019\/09\/3680.png","datePublished":"2018-04-30T22:00:00+00:00","dateModified":"2026-02-09T08:16:42+00:00","breadcrumb":{"@id":"https:\/\/www.lassociation.fr\/en\/catalogue\/les-fins-du-monde\/#breadcrumb"},"inLanguage":"en-US","potentialAction":[{"@type":"ReadAction","target":["https:\/\/www.lassociation.fr\/en\/catalogue\/les-fins-du-monde\/"]}]},{"@type":"ImageObject","inLanguage":"en-US","@id":"https:\/\/www.lassociation.fr\/en\/catalogue\/les-fins-du-monde\/#primaryimage","url":"https:\/\/www.lassociation.fr\/backoffice\/wp-content\/uploads\/2019\/09\/3680.png","contentUrl":"https:\/\/www.lassociation.fr\/backoffice\/wp-content\/uploads\/2019\/09\/3680.png","width":295,"height":425},{"@type":"BreadcrumbList","@id":"https:\/\/www.lassociation.fr\/en\/catalogue\/les-fins-du-monde\/#breadcrumb","itemListElement":[{"@type":"ListItem","position":1,"name":"Accueil","item":"https:\/\/www.lassociation.fr\/en\/"},{"@type":"ListItem","position":2,"name":"Catalog","item":"https:\/\/www.lassociation.fr\/en\/catalogue\/"},{"@type":"ListItem","position":3,"name":"fins du monde (Les)"}]},{"@type":"WebSite","@id":"https:\/\/www.lassociation.fr\/en\/#website","url":"https:\/\/www.lassociation.fr\/en\/","name":"L\u2019Association","description":"Maison d\u2019\u00e9dition fran\u00e7aise de bande dessin\u00e9e, fond\u00e9e en 1990.","publisher":{"@id":"https:\/\/www.lassociation.fr\/en\/#organization"},"potentialAction":[{"@type":"SearchAction","target":{"@type":"EntryPoint","urlTemplate":"https:\/\/www.lassociation.fr\/en\/?s={search_term_string}"},"query-input":{"@type":"PropertyValueSpecification","valueRequired":true,"valueName":"search_term_string"}}],"inLanguage":"en-US"},{"@type":"Organization","@id":"https:\/\/www.lassociation.fr\/en\/#organization","name":"L\u2019Association","url":"https:\/\/www.lassociation.fr\/en\/","logo":{"@type":"ImageObject","inLanguage":"en-US","@id":"https:\/\/www.lassociation.fr\/en\/#\/schema\/logo\/image\/","url":"https:\/\/www.lassociation.fr\/backoffice\/wp-content\/uploads\/2019\/11\/asso_large.png","contentUrl":"https:\/\/www.lassociation.fr\/backoffice\/wp-content\/uploads\/2019\/11\/asso_large.png","width":1200,"height":630,"caption":"L\u2019Association"},"image":{"@id":"https:\/\/www.lassociation.fr\/en\/#\/schema\/logo\/image\/"},"sameAs":["https:\/\/www.facebook.com\/lhydrelasso\/","https:\/\/x.com\/lassociation","https:\/\/www.instagram.com\/editions_lassociation","https:\/\/fr.wikipedia.org\/wiki\/LAssociation","https:\/\/www.youtube.com\/@editions_lassociation"]}]}},"_links":{"self":[{"href":"https:\/\/www.lassociation.fr\/en\/wp-json\/wp\/v2\/product\/1547","targetHints":{"allow":["GET"]}}],"collection":[{"href":"https:\/\/www.lassociation.fr\/en\/wp-json\/wp\/v2\/product"}],"about":[{"href":"https:\/\/www.lassociation.fr\/en\/wp-json\/wp\/v2\/types\/product"}],"wp:featuredmedia":[{"embeddable":true,"href":"https:\/\/www.lassociation.fr\/en\/wp-json\/wp\/v2\/media\/2212"}],"wp:attachment":[{"href":"https:\/\/www.lassociation.fr\/en\/wp-json\/wp\/v2\/media?parent=1547"}],"wp:term":[{"taxonomy":"product_cat","embeddable":true,"href":"https:\/\/www.lassociation.fr\/en\/wp-json\/wp\/v2\/product_cat?post=1547"},{"taxonomy":"product_tag","embeddable":true,"href":"https:\/\/www.lassociation.fr\/en\/wp-json\/wp\/v2\/product_tag?post=1547"}],"curies":[{"name":"wp","href":"https:\/\/api.w.org\/{rel}","templated":true}]}}

<p><i>Les Fins du monde</i> inaugure avec la nouvelle édition de <i>Bleu</i>, la toute nouvelle collection de L’Association « Pattes d’eph ».<br />
Ces courts récits publiés en 2007 dans le magazine <i>Spirou</i>, vous feront entrer dans la folie de professeurs illuminés dont le but ultime est l’anéantissement de l’espèce humaine. Trou noir psychique, gaz mortel, expanseur d’A.D.N. Les scénarios insensés s’enchaînent, se croisent et s’entremêlent donnant naissance à de drôles de monstres.<br />
Boris, héros ordinaire, tente désespérément de sauver le sort de l’humanité coincé entre deux professeurs hystériques qui ne manquent pas d’imagination pour « anéantir notre race stupide et médiocre. »</p>
<p>La nouvelle collection PATTE D’EPH créée en 2018, au même format que PATTE DE MOUCHE, accueille des titres en quadri. Elle compte 32 pages, imprimées sur du Munken Lynk 170 g, avec une couverture à rabats sur une carte Tradition Création de 250 g. Elle est reliée en dos carré cousu.</p>

<p>Les Fins du monde inaugure avec la nouvelle édition de Bleu, la toute nouvelle collection de L’Association « Pattes d’eph ». Ces courts récits publiés en 2007 dans le magazine Spirou, vous feront entrer dans la folie de professeurs illuminés dont le but ultime est l’anéantissement de l’espèce humaine. Trou noir psychique, gaz mortel, expanseur [&hellip;]</p>

<title>fins du monde (Les) - L’Association</title>
<meta name="robots" content="index, follow, max-snippet:-1, max-image-preview:large, max-video-preview:-1" />
<link rel="canonical" href="https://www.lassociation.fr/en/catalogue/les-fins-du-monde/" />
<meta property="og:locale" content="en_US" />
<meta property="og:type" content="article" />
<meta property="og:title" content="fins du monde (Les) - L’Association" />
<meta property="og:description" content="Les Fins du monde inaugure avec la nouvelle édition de Bleu, la toute nouvelle collection de L’Association « Pattes d’eph ». Ces courts récits publiés en 2007 dans le magazine Spirou, vous feront entrer dans la folie de professeurs illuminés dont le but ultime est l’anéantissement de l’espèce humaine. Trou noir psychique, gaz mortel, expanseur [&hellip;]" />
<meta property="og:url" content="https://www.lassociation.fr/en/catalogue/les-fins-du-monde/" />
<meta property="og:site_name" content="L’Association" />
<meta property="article:publisher" content="https://www.facebook.com/lhydrelasso/" />
<meta property="article:modified_time" content="2026-02-09T08:16:42+00:00" />
<meta property="og:image" content="https://www.lassociation.fr/backoffice/wp-content/uploads/2019/09/3680.png" />
	<meta property="og:image:width" content="295" />
	<meta property="og:image:height" content="425" />
	<meta property="og:image:type" content="image/png" />
<meta name="twitter:card" content="summary_large_image" />
<meta name="twitter:site" content="@lassociation" />
<script type="application/ld+json" class="yoast-schema-graph">{"@context":"https:\/\/schema.org","@graph":[{"@type":"WebPage","@id":"https:\/\/www.lassociation.fr\/en\/catalogue\/les-fins-du-monde\/","url":"https:\/\/www.lassociation.fr\/en\/catalogue\/les-fins-du-monde\/","name":"fins du monde (Les) - L’Association","isPartOf":{"@id":"https:\/\/www.lassociation.fr\/en\/#website"},"primaryImageOfPage":{"@id":"https:\/\/www.lassociation.fr\/en\/catalogue\/les-fins-du-monde\/#primaryimage"},"image":{"@id":"https:\/\/www.lassociation.fr\/en\/catalogue\/les-fins-du-monde\/#primaryimage"},"thumbnailUrl":"https:\/\/www.lassociation.fr\/backoffice\/wp-content\/uploads\/2019\/09\/3680.png","datePublished":"2018-04-30T22:00:00+00:00","dateModified":"2026-02-09T08:16:42+00:00","breadcrumb":{"@id":"https:\/\/www.lassociation.fr\/en\/catalogue\/les-fins-du-monde\/#breadcrumb"},"inLanguage":"en-US","potentialAction":[{"@type":"ReadAction","target":["https:\/\/www.lassociation.fr\/en\/catalogue\/les-fins-du-monde\/"]}]},{"@type":"ImageObject","inLanguage":"en-US","@id":"https:\/\/www.lassociation.fr\/en\/catalogue\/les-fins-du-monde\/#primaryimage","url":"https:\/\/www.lassociation.fr\/backoffice\/wp-content\/uploads\/2019\/09\/3680.png","contentUrl":"https:\/\/www.lassociation.fr\/backoffice\/wp-content\/uploads\/2019\/09\/3680.png","width":295,"height":425},{"@type":"BreadcrumbList","@id":"https:\/\/www.lassociation.fr\/en\/catalogue\/les-fins-du-monde\/#breadcrumb","itemListElement":[{"@type":"ListItem","position":1,"name":"Accueil","item":"https:\/\/www.lassociation.fr\/en\/"},{"@type":"ListItem","position":2,"name":"Catalog","item":"https:\/\/www.lassociation.fr\/en\/catalogue\/"},{"@type":"ListItem","position":3,"name":"fins du monde (Les)"}]},{"@type":"WebSite","@id":"https:\/\/www.lassociation.fr\/en\/#website","url":"https:\/\/www.lassociation.fr\/en\/","name":"L’Association","description":"Maison d’édition française de bande dessinée, fondée en 1990.","publisher":{"@id":"https:\/\/www.lassociation.fr\/en\/#organization"},"potentialAction":[{"@type":"SearchAction","target":{"@type":"EntryPoint","urlTemplate":"https:\/\/www.lassociation.fr\/en\/?s={search_term_string}"},"query-input":{"@type":"PropertyValueSpecification","valueRequired":true,"valueName":"search_term_string"}}],"inLanguage":"en-US"},{"@type":"Organization","@id":"https:\/\/www.lassociation.fr\/en\/#organization","name":"L’Association","url":"https:\/\/www.lassociation.fr\/en\/","logo":{"@type":"ImageObject","inLanguage":"en-US","@id":"https:\/\/www.lassociation.fr\/en\/#\/schema\/logo\/image\/","url":"https:\/\/www.lassociation.fr\/backoffice\/wp-content\/uploads\/2019\/11\/asso_large.png","contentUrl":"https:\/\/www.lassociation.fr\/backoffice\/wp-content\/uploads\/2019\/11\/asso_large.png","width":1200,"height":630,"caption":"L’Association"},"image":{"@id":"https:\/\/www.lassociation.fr\/en\/#\/schema\/logo\/image\/"},"sameAs":["https:\/\/www.facebook.com\/lhydrelasso\/","https:\/\/x.com\/lassociation","https:\/\/www.instagram.com\/editions_lassociation","https:\/\/fr.wikipedia.org\/wiki\/LAssociation","https:\/\/www.youtube.com\/@editions_lassociation"]}]}</script>

Les Fins du monde inaugure avec la nouvelle édition de Bleu, la toute nouvelle collection de L’Association « Pattes d’eph ». Ces courts récits publiés en 2007 dans le magazine Spirou, vous feront entrer dans la folie de professeurs illuminés dont le but ultime est l’anéantissement de l’espèce humaine. Trou noir psychique, gaz mortel, expanseur [&hellip;]

Maison d’édition française de bande dessinée, fondée en 1990.
