{"id":1563,"date":"2017-09-01T00:00:00","date_gmt":"2017-08-31T22:00:00","guid":{"rendered":"https:\/\/www.lassociation.fr\/product\/gens-de-clamecy\/"},"modified":"2026-01-22T11:38:54","modified_gmt":"2026-01-22T10:38:54","slug":"gens-de-clamecy","status":"publish","type":"product","link":"https:\/\/www.lassociation.fr\/en\/catalogue\/gens-de-clamecy\/","title":{"rendered":"Gens de Clamecy"},"content":{"rendered":"<p><span style=\"color: #000000\">Pour <em>Gens de Clamecy<\/em>, Edmond Baudoin reprend son principe du troc initi\u00e9 dans ses pr\u00e9c\u00e9dents ouvrages avec Troubs\u00a0pour \u00e9changer des portraits contre des r\u00e9ponses \u00e0 des questions qu\u2019il se pose.<\/span><\/p>\n<p><span style=\"color: #000000\">En choisissant d\u2019interroger les habitants de Clamecy sur leur vision de la soci\u00e9t\u00e9 id\u00e9ale, l\u2019auteur r\u00e9uni 44 portraits et au moins autant d\u2019id\u00e9es sur le monde r\u00eav\u00e9 par ses interlocuteurs. Avec la collaboration de la r\u00e9alisatrice Mireille Hannon et de l\u2019historien Thomas Bouchet, Edmond Baudoin revient \u00e9galement sur l\u2019histoire r\u00e9volutionnaire de la ville et r\u00e9ussi ainsi \u00e0 connecter les id\u00e9aux de solidarit\u00e9 et des gens de Clamecy, d\u2019hier et d\u2019aujourd\u2019hui.<\/span><\/p>\n<p><span style=\"color: #000000\">On l\u2019aura compris, avec <em>Gens de Clamecy<\/em>, Edmond Baudoin utilise une nouvelle fois le dessin comme un moyen de partage et d\u2019\u00e9change pour replacer l\u2019individu au centre des d\u00e9bats de soci\u00e9t\u00e9. Un r\u00e9cit sensible et emprunt d\u2019humanit\u00e9.<\/span><\/p>\n","protected":false},"excerpt":{"rendered":"<p>Pour Gens de Clamecy, Edmond Baudoin reprend son principe du troc initi\u00e9 dans ses pr\u00e9c\u00e9dents ouvrages avec Troubs\u00a0pour \u00e9changer des portraits contre des r\u00e9ponses \u00e0 des questions qu\u2019il se pose. En choisissant d\u2019interroger les habitants de Clamecy sur leur vision de la soci\u00e9t\u00e9 id\u00e9ale, l\u2019auteur r\u00e9uni 44 portraits et au moins autant d\u2019id\u00e9es sur le [&hellip;]<\/p>\n","protected":false},"featured_media":2228,"template":"","meta":{"_acf_changed":false},"product_cat":[41],"product_tag":[],"class_list":{"0":"post-1563","1":"product","2":"type-product","3":"status-publish","4":"has-post-thumbnail","6":"product_cat-ciboulette","7":"member-discount","8":"discount-restricted","10":"first","11":"instock","12":"taxable","13":"shipping-taxable","14":"purchasable","15":"product-type-simple"},"acf":[],"yoast_head":"<title>Gens de Clamecy - L\u2019Association<\/title>\n<meta name=\"robots\" content=\"index, follow, max-snippet:-1, max-image-preview:large, max-video-preview:-1\" \/>\n<link rel=\"canonical\" href=\"https:\/\/www.lassociation.fr\/en\/catalogue\/gens-de-clamecy\/\" \/>\n<meta property=\"og:locale\" content=\"en_US\" \/>\n<meta property=\"og:type\" content=\"article\" \/>\n<meta property=\"og:title\" content=\"Gens de Clamecy - L\u2019Association\" \/>\n<meta property=\"og:description\" content=\"Pour Gens de Clamecy, Edmond Baudoin reprend son principe du troc initi\u00e9 dans ses pr\u00e9c\u00e9dents ouvrages avec Troubs\u00a0pour \u00e9changer des portraits contre des r\u00e9ponses \u00e0 des questions qu\u2019il se pose. En choisissant d\u2019interroger les habitants de Clamecy sur leur vision de la soci\u00e9t\u00e9 id\u00e9ale, l\u2019auteur r\u00e9uni 44 portraits et au moins autant d\u2019id\u00e9es sur le [&hellip;]\" \/>\n<meta property=\"og:url\" content=\"https:\/\/www.lassociation.fr\/en\/catalogue\/gens-de-clamecy\/\" \/>\n<meta property=\"og:site_name\" content=\"L\u2019Association\" \/>\n<meta property=\"article:publisher\" content=\"https:\/\/www.facebook.com\/lhydrelasso\/\" \/>\n<meta property=\"article:modified_time\" content=\"2026-01-22T10:38:54+00:00\" \/>\n<meta property=\"og:image\" content=\"https:\/\/www.lassociation.fr\/backoffice\/wp-content\/uploads\/2019\/09\/3567.jpg\" \/>\n\t<meta property=\"og:image:width\" content=\"648\" \/>\n\t<meta property=\"og:image:height\" content=\"965\" \/>\n\t<meta property=\"og:image:type\" content=\"image\/jpeg\" \/>\n<meta name=\"twitter:card\" content=\"summary_large_image\" \/>\n<meta name=\"twitter:site\" content=\"@lassociation\" \/>\n<script type=\"application\/ld+json\" class=\"yoast-schema-graph\">{\"@context\":\"https:\\\/\\\/schema.org\",\"@graph\":[{\"@type\":\"WebPage\",\"@id\":\"https:\\\/\\\/www.lassociation.fr\\\/en\\\/catalogue\\\/gens-de-clamecy\\\/\",\"url\":\"https:\\\/\\\/www.lassociation.fr\\\/en\\\/catalogue\\\/gens-de-clamecy\\\/\",\"name\":\"Gens de Clamecy - L\u2019Association\",\"isPartOf\":{\"@id\":\"https:\\\/\\\/www.lassociation.fr\\\/en\\\/#website\"},\"primaryImageOfPage\":{\"@id\":\"https:\\\/\\\/www.lassociation.fr\\\/en\\\/catalogue\\\/gens-de-clamecy\\\/#primaryimage\"},\"image\":{\"@id\":\"https:\\\/\\\/www.lassociation.fr\\\/en\\\/catalogue\\\/gens-de-clamecy\\\/#primaryimage\"},\"thumbnailUrl\":\"https:\\\/\\\/www.lassociation.fr\\\/backoffice\\\/wp-content\\\/uploads\\\/2019\\\/09\\\/3567.jpg\",\"datePublished\":\"2017-08-31T22:00:00+00:00\",\"dateModified\":\"2026-01-22T10:38:54+00:00\",\"breadcrumb\":{\"@id\":\"https:\\\/\\\/www.lassociation.fr\\\/en\\\/catalogue\\\/gens-de-clamecy\\\/#breadcrumb\"},\"inLanguage\":\"en-US\",\"potentialAction\":[{\"@type\":\"ReadAction\",\"target\":[\"https:\\\/\\\/www.lassociation.fr\\\/en\\\/catalogue\\\/gens-de-clamecy\\\/\"]}]},{\"@type\":\"ImageObject\",\"inLanguage\":\"en-US\",\"@id\":\"https:\\\/\\\/www.lassociation.fr\\\/en\\\/catalogue\\\/gens-de-clamecy\\\/#primaryimage\",\"url\":\"https:\\\/\\\/www.lassociation.fr\\\/backoffice\\\/wp-content\\\/uploads\\\/2019\\\/09\\\/3567.jpg\",\"contentUrl\":\"https:\\\/\\\/www.lassociation.fr\\\/backoffice\\\/wp-content\\\/uploads\\\/2019\\\/09\\\/3567.jpg\",\"width\":648,\"height\":965},{\"@type\":\"BreadcrumbList\",\"@id\":\"https:\\\/\\\/www.lassociation.fr\\\/en\\\/catalogue\\\/gens-de-clamecy\\\/#breadcrumb\",\"itemListElement\":[{\"@type\":\"ListItem\",\"position\":1,\"name\":\"Accueil\",\"item\":\"https:\\\/\\\/www.lassociation.fr\\\/en\\\/\"},{\"@type\":\"ListItem\",\"position\":2,\"name\":\"Catalog\",\"item\":\"https:\\\/\\\/www.lassociation.fr\\\/en\\\/catalogue\\\/\"},{\"@type\":\"ListItem\",\"position\":3,\"name\":\"Gens de Clamecy\"}]},{\"@type\":\"WebSite\",\"@id\":\"https:\\\/\\\/www.lassociation.fr\\\/en\\\/#website\",\"url\":\"https:\\\/\\\/www.lassociation.fr\\\/en\\\/\",\"name\":\"L\u2019Association\",\"description\":\"Maison d\u2019\u00e9dition fran\u00e7aise de bande dessin\u00e9e, fond\u00e9e en 1990.\",\"publisher\":{\"@id\":\"https:\\\/\\\/www.lassociation.fr\\\/en\\\/#organization\"},\"potentialAction\":[{\"@type\":\"SearchAction\",\"target\":{\"@type\":\"EntryPoint\",\"urlTemplate\":\"https:\\\/\\\/www.lassociation.fr\\\/en\\\/?s={search_term_string}\"},\"query-input\":{\"@type\":\"PropertyValueSpecification\",\"valueRequired\":true,\"valueName\":\"search_term_string\"}}],\"inLanguage\":\"en-US\"},{\"@type\":\"Organization\",\"@id\":\"https:\\\/\\\/www.lassociation.fr\\\/en\\\/#organization\",\"name\":\"L\u2019Association\",\"url\":\"https:\\\/\\\/www.lassociation.fr\\\/en\\\/\",\"logo\":{\"@type\":\"ImageObject\",\"inLanguage\":\"en-US\",\"@id\":\"https:\\\/\\\/www.lassociation.fr\\\/en\\\/#\\\/schema\\\/logo\\\/image\\\/\",\"url\":\"https:\\\/\\\/www.lassociation.fr\\\/backoffice\\\/wp-content\\\/uploads\\\/2019\\\/11\\\/asso_large.png\",\"contentUrl\":\"https:\\\/\\\/www.lassociation.fr\\\/backoffice\\\/wp-content\\\/uploads\\\/2019\\\/11\\\/asso_large.png\",\"width\":1200,\"height\":630,\"caption\":\"L\u2019Association\"},\"image\":{\"@id\":\"https:\\\/\\\/www.lassociation.fr\\\/en\\\/#\\\/schema\\\/logo\\\/image\\\/\"},\"sameAs\":[\"https:\\\/\\\/www.facebook.com\\\/lhydrelasso\\\/\",\"https:\\\/\\\/x.com\\\/lassociation\",\"https:\\\/\\\/www.instagram.com\\\/editions_lassociation\",\"https:\\\/\\\/fr.wikipedia.org\\\/wiki\\\/LAssociation\",\"https:\\\/\\\/www.youtube.com\\\/@editions_lassociation\"]}]}<\/script>","yoast_head_json":{"title":"Gens de Clamecy - L\u2019Association","robots":{"index":"index","follow":"follow","max-snippet":"max-snippet:-1","max-image-preview":"max-image-preview:large","max-video-preview":"max-video-preview:-1"},"canonical":"https:\/\/www.lassociation.fr\/en\/catalogue\/gens-de-clamecy\/","og_locale":"en_US","og_type":"article","og_title":"Gens de Clamecy - L\u2019Association","og_description":"Pour Gens de Clamecy, Edmond Baudoin reprend son principe du troc initi\u00e9 dans ses pr\u00e9c\u00e9dents ouvrages avec Troubs\u00a0pour \u00e9changer des portraits contre des r\u00e9ponses \u00e0 des questions qu\u2019il se pose. En choisissant d\u2019interroger les habitants de Clamecy sur leur vision de la soci\u00e9t\u00e9 id\u00e9ale, l\u2019auteur r\u00e9uni 44 portraits et au moins autant d\u2019id\u00e9es sur le [&hellip;]","og_url":"https:\/\/www.lassociation.fr\/en\/catalogue\/gens-de-clamecy\/","og_site_name":"L\u2019Association","article_publisher":"https:\/\/www.facebook.com\/lhydrelasso\/","article_modified_time":"2026-01-22T10:38:54+00:00","og_image":[{"width":648,"height":965,"url":"https:\/\/www.lassociation.fr\/backoffice\/wp-content\/uploads\/2019\/09\/3567.jpg","type":"image\/jpeg"}],"twitter_card":"summary_large_image","twitter_site":"@lassociation","schema":{"@context":"https:\/\/schema.org","@graph":[{"@type":"WebPage","@id":"https:\/\/www.lassociation.fr\/en\/catalogue\/gens-de-clamecy\/","url":"https:\/\/www.lassociation.fr\/en\/catalogue\/gens-de-clamecy\/","name":"Gens de Clamecy - L\u2019Association","isPartOf":{"@id":"https:\/\/www.lassociation.fr\/en\/#website"},"primaryImageOfPage":{"@id":"https:\/\/www.lassociation.fr\/en\/catalogue\/gens-de-clamecy\/#primaryimage"},"image":{"@id":"https:\/\/www.lassociation.fr\/en\/catalogue\/gens-de-clamecy\/#primaryimage"},"thumbnailUrl":"https:\/\/www.lassociation.fr\/backoffice\/wp-content\/uploads\/2019\/09\/3567.jpg","datePublished":"2017-08-31T22:00:00+00:00","dateModified":"2026-01-22T10:38:54+00:00","breadcrumb":{"@id":"https:\/\/www.lassociation.fr\/en\/catalogue\/gens-de-clamecy\/#breadcrumb"},"inLanguage":"en-US","potentialAction":[{"@type":"ReadAction","target":["https:\/\/www.lassociation.fr\/en\/catalogue\/gens-de-clamecy\/"]}]},{"@type":"ImageObject","inLanguage":"en-US","@id":"https:\/\/www.lassociation.fr\/en\/catalogue\/gens-de-clamecy\/#primaryimage","url":"https:\/\/www.lassociation.fr\/backoffice\/wp-content\/uploads\/2019\/09\/3567.jpg","contentUrl":"https:\/\/www.lassociation.fr\/backoffice\/wp-content\/uploads\/2019\/09\/3567.jpg","width":648,"height":965},{"@type":"BreadcrumbList","@id":"https:\/\/www.lassociation.fr\/en\/catalogue\/gens-de-clamecy\/#breadcrumb","itemListElement":[{"@type":"ListItem","position":1,"name":"Accueil","item":"https:\/\/www.lassociation.fr\/en\/"},{"@type":"ListItem","position":2,"name":"Catalog","item":"https:\/\/www.lassociation.fr\/en\/catalogue\/"},{"@type":"ListItem","position":3,"name":"Gens de Clamecy"}]},{"@type":"WebSite","@id":"https:\/\/www.lassociation.fr\/en\/#website","url":"https:\/\/www.lassociation.fr\/en\/","name":"L\u2019Association","description":"Maison d\u2019\u00e9dition fran\u00e7aise de bande dessin\u00e9e, fond\u00e9e en 1990.","publisher":{"@id":"https:\/\/www.lassociation.fr\/en\/#organization"},"potentialAction":[{"@type":"SearchAction","target":{"@type":"EntryPoint","urlTemplate":"https:\/\/www.lassociation.fr\/en\/?s={search_term_string}"},"query-input":{"@type":"PropertyValueSpecification","valueRequired":true,"valueName":"search_term_string"}}],"inLanguage":"en-US"},{"@type":"Organization","@id":"https:\/\/www.lassociation.fr\/en\/#organization","name":"L\u2019Association","url":"https:\/\/www.lassociation.fr\/en\/","logo":{"@type":"ImageObject","inLanguage":"en-US","@id":"https:\/\/www.lassociation.fr\/en\/#\/schema\/logo\/image\/","url":"https:\/\/www.lassociation.fr\/backoffice\/wp-content\/uploads\/2019\/11\/asso_large.png","contentUrl":"https:\/\/www.lassociation.fr\/backoffice\/wp-content\/uploads\/2019\/11\/asso_large.png","width":1200,"height":630,"caption":"L\u2019Association"},"image":{"@id":"https:\/\/www.lassociation.fr\/en\/#\/schema\/logo\/image\/"},"sameAs":["https:\/\/www.facebook.com\/lhydrelasso\/","https:\/\/x.com\/lassociation","https:\/\/www.instagram.com\/editions_lassociation","https:\/\/fr.wikipedia.org\/wiki\/LAssociation","https:\/\/www.youtube.com\/@editions_lassociation"]}]}},"_links":{"self":[{"href":"https:\/\/www.lassociation.fr\/en\/wp-json\/wp\/v2\/product\/1563","targetHints":{"allow":["GET"]}}],"collection":[{"href":"https:\/\/www.lassociation.fr\/en\/wp-json\/wp\/v2\/product"}],"about":[{"href":"https:\/\/www.lassociation.fr\/en\/wp-json\/wp\/v2\/types\/product"}],"wp:featuredmedia":[{"embeddable":true,"href":"https:\/\/www.lassociation.fr\/en\/wp-json\/wp\/v2\/media\/2228"}],"wp:attachment":[{"href":"https:\/\/www.lassociation.fr\/en\/wp-json\/wp\/v2\/media?parent=1563"}],"wp:term":[{"taxonomy":"product_cat","embeddable":true,"href":"https:\/\/www.lassociation.fr\/en\/wp-json\/wp\/v2\/product_cat?post=1563"},{"taxonomy":"product_tag","embeddable":true,"href":"https:\/\/www.lassociation.fr\/en\/wp-json\/wp\/v2\/product_tag?post=1563"}],"curies":[{"name":"wp","href":"https:\/\/api.w.org\/{rel}","templated":true}]}}

<p><span style="color: #000000">Pour <em>Gens de Clamecy</em>, Edmond Baudoin reprend son principe du troc initié dans ses précédents ouvrages avec Troubs pour échanger des portraits contre des réponses à des questions qu’il se pose.</span></p>
<p><span style="color: #000000">En choisissant d’interroger les habitants de Clamecy sur leur vision de la société idéale, l’auteur réuni 44 portraits et au moins autant d’idées sur le monde rêvé par ses interlocuteurs. Avec la collaboration de la réalisatrice Mireille Hannon et de l’historien Thomas Bouchet, Edmond Baudoin revient également sur l’histoire révolutionnaire de la ville et réussi ainsi à connecter les idéaux de solidarité et des gens de Clamecy, d’hier et d’aujourd’hui.</span></p>
<p><span style="color: #000000">On l’aura compris, avec <em>Gens de Clamecy</em>, Edmond Baudoin utilise une nouvelle fois le dessin comme un moyen de partage et d’échange pour replacer l’individu au centre des débats de société. Un récit sensible et emprunt d’humanité.</span></p>

<p>Pour Gens de Clamecy, Edmond Baudoin reprend son principe du troc initié dans ses précédents ouvrages avec Troubs pour échanger des portraits contre des réponses à des questions qu’il se pose. En choisissant d’interroger les habitants de Clamecy sur leur vision de la société idéale, l’auteur réuni 44 portraits et au moins autant d’idées sur le [&hellip;]</p>

<title>Gens de Clamecy - L’Association</title>
<meta name="robots" content="index, follow, max-snippet:-1, max-image-preview:large, max-video-preview:-1" />
<link rel="canonical" href="https://www.lassociation.fr/en/catalogue/gens-de-clamecy/" />
<meta property="og:locale" content="en_US" />
<meta property="og:type" content="article" />
<meta property="og:title" content="Gens de Clamecy - L’Association" />
<meta property="og:description" content="Pour Gens de Clamecy, Edmond Baudoin reprend son principe du troc initié dans ses précédents ouvrages avec Troubs pour échanger des portraits contre des réponses à des questions qu’il se pose. En choisissant d’interroger les habitants de Clamecy sur leur vision de la société idéale, l’auteur réuni 44 portraits et au moins autant d’idées sur le [&hellip;]" />
<meta property="og:url" content="https://www.lassociation.fr/en/catalogue/gens-de-clamecy/" />
<meta property="og:site_name" content="L’Association" />
<meta property="article:publisher" content="https://www.facebook.com/lhydrelasso/" />
<meta property="article:modified_time" content="2026-01-22T10:38:54+00:00" />
<meta property="og:image" content="https://www.lassociation.fr/backoffice/wp-content/uploads/2019/09/3567.jpg" />
	<meta property="og:image:width" content="648" />
	<meta property="og:image:height" content="965" />
	<meta property="og:image:type" content="image/jpeg" />
<meta name="twitter:card" content="summary_large_image" />
<meta name="twitter:site" content="@lassociation" />
<script type="application/ld+json" class="yoast-schema-graph">{"@context":"https:\/\/schema.org","@graph":[{"@type":"WebPage","@id":"https:\/\/www.lassociation.fr\/en\/catalogue\/gens-de-clamecy\/","url":"https:\/\/www.lassociation.fr\/en\/catalogue\/gens-de-clamecy\/","name":"Gens de Clamecy - L’Association","isPartOf":{"@id":"https:\/\/www.lassociation.fr\/en\/#website"},"primaryImageOfPage":{"@id":"https:\/\/www.lassociation.fr\/en\/catalogue\/gens-de-clamecy\/#primaryimage"},"image":{"@id":"https:\/\/www.lassociation.fr\/en\/catalogue\/gens-de-clamecy\/#primaryimage"},"thumbnailUrl":"https:\/\/www.lassociation.fr\/backoffice\/wp-content\/uploads\/2019\/09\/3567.jpg","datePublished":"2017-08-31T22:00:00+00:00","dateModified":"2026-01-22T10:38:54+00:00","breadcrumb":{"@id":"https:\/\/www.lassociation.fr\/en\/catalogue\/gens-de-clamecy\/#breadcrumb"},"inLanguage":"en-US","potentialAction":[{"@type":"ReadAction","target":["https:\/\/www.lassociation.fr\/en\/catalogue\/gens-de-clamecy\/"]}]},{"@type":"ImageObject","inLanguage":"en-US","@id":"https:\/\/www.lassociation.fr\/en\/catalogue\/gens-de-clamecy\/#primaryimage","url":"https:\/\/www.lassociation.fr\/backoffice\/wp-content\/uploads\/2019\/09\/3567.jpg","contentUrl":"https:\/\/www.lassociation.fr\/backoffice\/wp-content\/uploads\/2019\/09\/3567.jpg","width":648,"height":965},{"@type":"BreadcrumbList","@id":"https:\/\/www.lassociation.fr\/en\/catalogue\/gens-de-clamecy\/#breadcrumb","itemListElement":[{"@type":"ListItem","position":1,"name":"Accueil","item":"https:\/\/www.lassociation.fr\/en\/"},{"@type":"ListItem","position":2,"name":"Catalog","item":"https:\/\/www.lassociation.fr\/en\/catalogue\/"},{"@type":"ListItem","position":3,"name":"Gens de Clamecy"}]},{"@type":"WebSite","@id":"https:\/\/www.lassociation.fr\/en\/#website","url":"https:\/\/www.lassociation.fr\/en\/","name":"L’Association","description":"Maison d’édition française de bande dessinée, fondée en 1990.","publisher":{"@id":"https:\/\/www.lassociation.fr\/en\/#organization"},"potentialAction":[{"@type":"SearchAction","target":{"@type":"EntryPoint","urlTemplate":"https:\/\/www.lassociation.fr\/en\/?s={search_term_string}"},"query-input":{"@type":"PropertyValueSpecification","valueRequired":true,"valueName":"search_term_string"}}],"inLanguage":"en-US"},{"@type":"Organization","@id":"https:\/\/www.lassociation.fr\/en\/#organization","name":"L’Association","url":"https:\/\/www.lassociation.fr\/en\/","logo":{"@type":"ImageObject","inLanguage":"en-US","@id":"https:\/\/www.lassociation.fr\/en\/#\/schema\/logo\/image\/","url":"https:\/\/www.lassociation.fr\/backoffice\/wp-content\/uploads\/2019\/11\/asso_large.png","contentUrl":"https:\/\/www.lassociation.fr\/backoffice\/wp-content\/uploads\/2019\/11\/asso_large.png","width":1200,"height":630,"caption":"L’Association"},"image":{"@id":"https:\/\/www.lassociation.fr\/en\/#\/schema\/logo\/image\/"},"sameAs":["https:\/\/www.facebook.com\/lhydrelasso\/","https:\/\/x.com\/lassociation","https:\/\/www.instagram.com\/editions_lassociation","https:\/\/fr.wikipedia.org\/wiki\/LAssociation","https:\/\/www.youtube.com\/@editions_lassociation"]}]}</script>

Pour Gens de Clamecy, Edmond Baudoin reprend son principe du troc initié dans ses précédents ouvrages avec Troubs pour échanger des portraits contre des réponses à des questions qu’il se pose. En choisissant d’interroger les habitants de Clamecy sur leur vision de la société idéale, l’auteur réuni 44 portraits et au moins autant d’idées sur le [&hellip;]

Maison d’édition française de bande dessinée, fondée en 1990.
