{"id":1710,"date":"2011-04-01T00:00:00","date_gmt":"2019-09-27T08:42:39","guid":{"rendered":"https:\/\/www.lassociation.fr\/product\/frank-et-le-congres-des-betes\/"},"modified":"2026-01-29T18:34:35","modified_gmt":"2026-01-29T17:34:35","slug":"frank-et-le-congres-des-betes","status":"publish","type":"product","link":"https:\/\/www.lassociation.fr\/en\/catalogue\/frank-et-le-congres-des-betes\/","title":{"rendered":"Frank et le Congr\u00e8s des b\u00eates"},"content":{"rendered":"<p>Voyant sa maison s\u2019engloutir dans le sol, Frank va se retrouver \u00e0 accomplir un \u00e9trange travail d\u2019usine pour en payer la reconstruction, puis subir une longue d\u00e9rive, subaquatique ou souterraine, faite de m\u00e9tamorphoses et de menaces en tous genres. Cinqui\u00e8me volume de Frank \u00e0 para\u00eetre \u00e0 L\u2019Association, <em>Frank et Le Congr\u00e8s des B\u00eates<\/em> montre une fois de plus l\u2019aptitude de Jim Woodring \u00e0 concr\u00e9tiser son univers imaginaire et hallucinatoire, \u201ccadeau \u00e9nigmatique d\u2019un homme \u00e0 un monde \u00e9nigmatique\u201d, selon les termes de Francis Ford Coppola (pr\u00e9face \u00e0 Frank 2).<\/p>\n<p><em>Frank et Le Congr\u00e8s des B\u00eates <\/em>a re\u00e7u le Prix Sp\u00e9cial du Jury du festival d&#8217;Angoul\u00eame (2012).<\/p>\n","protected":false},"excerpt":{"rendered":"<p>Voyant sa maison s\u2019engloutir dans le sol, Frank va se retrouver \u00e0 accomplir un \u00e9trange travail d\u2019usine pour en payer la reconstruction, puis subir une longue d\u00e9rive, subaquatique ou souterraine, faite de m\u00e9tamorphoses et de menaces en tous genres. Cinqui\u00e8me volume de Frank \u00e0 para\u00eetre \u00e0 L\u2019Association, Frank et Le Congr\u00e8s des B\u00eates montre une [&hellip;]<\/p>\n","protected":false},"featured_media":2371,"template":"","meta":{"_acf_changed":false},"product_cat":[41],"product_tag":[],"class_list":{"0":"post-1710","1":"product","2":"type-product","3":"status-publish","4":"has-post-thumbnail","6":"product_cat-ciboulette","7":"member-discount","8":"discount-restricted","10":"first","11":"instock","12":"taxable","13":"shipping-taxable","14":"purchasable","15":"product-type-simple"},"acf":[],"yoast_head":"<title>Frank et le Congr\u00e8s des b\u00eates - L\u2019Association<\/title>\n<meta name=\"robots\" content=\"index, follow, max-snippet:-1, max-image-preview:large, max-video-preview:-1\" \/>\n<link rel=\"canonical\" href=\"https:\/\/www.lassociation.fr\/en\/catalogue\/frank-et-le-congres-des-betes\/\" \/>\n<meta property=\"og:locale\" content=\"en_US\" \/>\n<meta property=\"og:type\" content=\"article\" \/>\n<meta property=\"og:title\" content=\"Frank et le Congr\u00e8s des b\u00eates - L\u2019Association\" \/>\n<meta property=\"og:description\" content=\"Voyant sa maison s\u2019engloutir dans le sol, Frank va se retrouver \u00e0 accomplir un \u00e9trange travail d\u2019usine pour en payer la reconstruction, puis subir une longue d\u00e9rive, subaquatique ou souterraine, faite de m\u00e9tamorphoses et de menaces en tous genres. Cinqui\u00e8me volume de Frank \u00e0 para\u00eetre \u00e0 L\u2019Association, Frank et Le Congr\u00e8s des B\u00eates montre une [&hellip;]\" \/>\n<meta property=\"og:url\" content=\"https:\/\/www.lassociation.fr\/en\/catalogue\/frank-et-le-congres-des-betes\/\" \/>\n<meta property=\"og:site_name\" content=\"L\u2019Association\" \/>\n<meta property=\"article:publisher\" content=\"https:\/\/www.facebook.com\/lhydrelasso\/\" \/>\n<meta property=\"article:modified_time\" content=\"2026-01-29T17:34:35+00:00\" \/>\n<meta property=\"og:image\" content=\"https:\/\/www.lassociation.fr\/backoffice\/wp-content\/uploads\/2019\/09\/2483.png\" \/>\n\t<meta property=\"og:image:width\" content=\"448\" \/>\n\t<meta property=\"og:image:height\" content=\"666\" \/>\n\t<meta property=\"og:image:type\" content=\"image\/png\" \/>\n<meta name=\"twitter:card\" content=\"summary_large_image\" \/>\n<meta name=\"twitter:site\" content=\"@lassociation\" \/>\n<script type=\"application\/ld+json\" class=\"yoast-schema-graph\">{\"@context\":\"https:\\\/\\\/schema.org\",\"@graph\":[{\"@type\":\"WebPage\",\"@id\":\"https:\\\/\\\/www.lassociation.fr\\\/en\\\/catalogue\\\/frank-et-le-congres-des-betes\\\/\",\"url\":\"https:\\\/\\\/www.lassociation.fr\\\/en\\\/catalogue\\\/frank-et-le-congres-des-betes\\\/\",\"name\":\"Frank et le Congr\u00e8s des b\u00eates - L\u2019Association\",\"isPartOf\":{\"@id\":\"https:\\\/\\\/www.lassociation.fr\\\/en\\\/#website\"},\"primaryImageOfPage\":{\"@id\":\"https:\\\/\\\/www.lassociation.fr\\\/en\\\/catalogue\\\/frank-et-le-congres-des-betes\\\/#primaryimage\"},\"image\":{\"@id\":\"https:\\\/\\\/www.lassociation.fr\\\/en\\\/catalogue\\\/frank-et-le-congres-des-betes\\\/#primaryimage\"},\"thumbnailUrl\":\"https:\\\/\\\/www.lassociation.fr\\\/backoffice\\\/wp-content\\\/uploads\\\/2019\\\/09\\\/2483.png\",\"datePublished\":\"2019-09-27T08:42:39+00:00\",\"dateModified\":\"2026-01-29T17:34:35+00:00\",\"breadcrumb\":{\"@id\":\"https:\\\/\\\/www.lassociation.fr\\\/en\\\/catalogue\\\/frank-et-le-congres-des-betes\\\/#breadcrumb\"},\"inLanguage\":\"en-US\",\"potentialAction\":[{\"@type\":\"ReadAction\",\"target\":[\"https:\\\/\\\/www.lassociation.fr\\\/en\\\/catalogue\\\/frank-et-le-congres-des-betes\\\/\"]}]},{\"@type\":\"ImageObject\",\"inLanguage\":\"en-US\",\"@id\":\"https:\\\/\\\/www.lassociation.fr\\\/en\\\/catalogue\\\/frank-et-le-congres-des-betes\\\/#primaryimage\",\"url\":\"https:\\\/\\\/www.lassociation.fr\\\/backoffice\\\/wp-content\\\/uploads\\\/2019\\\/09\\\/2483.png\",\"contentUrl\":\"https:\\\/\\\/www.lassociation.fr\\\/backoffice\\\/wp-content\\\/uploads\\\/2019\\\/09\\\/2483.png\",\"width\":448,\"height\":666},{\"@type\":\"BreadcrumbList\",\"@id\":\"https:\\\/\\\/www.lassociation.fr\\\/en\\\/catalogue\\\/frank-et-le-congres-des-betes\\\/#breadcrumb\",\"itemListElement\":[{\"@type\":\"ListItem\",\"position\":1,\"name\":\"Accueil\",\"item\":\"https:\\\/\\\/www.lassociation.fr\\\/en\\\/\"},{\"@type\":\"ListItem\",\"position\":2,\"name\":\"Catalog\",\"item\":\"https:\\\/\\\/www.lassociation.fr\\\/en\\\/catalogue\\\/\"},{\"@type\":\"ListItem\",\"position\":3,\"name\":\"Frank et le Congr\u00e8s des b\u00eates\"}]},{\"@type\":\"WebSite\",\"@id\":\"https:\\\/\\\/www.lassociation.fr\\\/en\\\/#website\",\"url\":\"https:\\\/\\\/www.lassociation.fr\\\/en\\\/\",\"name\":\"L\u2019Association\",\"description\":\"Maison d\u2019\u00e9dition fran\u00e7aise de bande dessin\u00e9e, fond\u00e9e en 1990.\",\"publisher\":{\"@id\":\"https:\\\/\\\/www.lassociation.fr\\\/en\\\/#organization\"},\"potentialAction\":[{\"@type\":\"SearchAction\",\"target\":{\"@type\":\"EntryPoint\",\"urlTemplate\":\"https:\\\/\\\/www.lassociation.fr\\\/en\\\/?s={search_term_string}\"},\"query-input\":{\"@type\":\"PropertyValueSpecification\",\"valueRequired\":true,\"valueName\":\"search_term_string\"}}],\"inLanguage\":\"en-US\"},{\"@type\":\"Organization\",\"@id\":\"https:\\\/\\\/www.lassociation.fr\\\/en\\\/#organization\",\"name\":\"L\u2019Association\",\"url\":\"https:\\\/\\\/www.lassociation.fr\\\/en\\\/\",\"logo\":{\"@type\":\"ImageObject\",\"inLanguage\":\"en-US\",\"@id\":\"https:\\\/\\\/www.lassociation.fr\\\/en\\\/#\\\/schema\\\/logo\\\/image\\\/\",\"url\":\"https:\\\/\\\/www.lassociation.fr\\\/backoffice\\\/wp-content\\\/uploads\\\/2019\\\/11\\\/asso_large.png\",\"contentUrl\":\"https:\\\/\\\/www.lassociation.fr\\\/backoffice\\\/wp-content\\\/uploads\\\/2019\\\/11\\\/asso_large.png\",\"width\":1200,\"height\":630,\"caption\":\"L\u2019Association\"},\"image\":{\"@id\":\"https:\\\/\\\/www.lassociation.fr\\\/en\\\/#\\\/schema\\\/logo\\\/image\\\/\"},\"sameAs\":[\"https:\\\/\\\/www.facebook.com\\\/lhydrelasso\\\/\",\"https:\\\/\\\/x.com\\\/lassociation\",\"https:\\\/\\\/www.instagram.com\\\/editions_lassociation\",\"https:\\\/\\\/fr.wikipedia.org\\\/wiki\\\/LAssociation\",\"https:\\\/\\\/www.youtube.com\\\/@editions_lassociation\"]}]}<\/script>","yoast_head_json":{"title":"Frank et le Congr\u00e8s des b\u00eates - L\u2019Association","robots":{"index":"index","follow":"follow","max-snippet":"max-snippet:-1","max-image-preview":"max-image-preview:large","max-video-preview":"max-video-preview:-1"},"canonical":"https:\/\/www.lassociation.fr\/en\/catalogue\/frank-et-le-congres-des-betes\/","og_locale":"en_US","og_type":"article","og_title":"Frank et le Congr\u00e8s des b\u00eates - L\u2019Association","og_description":"Voyant sa maison s\u2019engloutir dans le sol, Frank va se retrouver \u00e0 accomplir un \u00e9trange travail d\u2019usine pour en payer la reconstruction, puis subir une longue d\u00e9rive, subaquatique ou souterraine, faite de m\u00e9tamorphoses et de menaces en tous genres. Cinqui\u00e8me volume de Frank \u00e0 para\u00eetre \u00e0 L\u2019Association, Frank et Le Congr\u00e8s des B\u00eates montre une [&hellip;]","og_url":"https:\/\/www.lassociation.fr\/en\/catalogue\/frank-et-le-congres-des-betes\/","og_site_name":"L\u2019Association","article_publisher":"https:\/\/www.facebook.com\/lhydrelasso\/","article_modified_time":"2026-01-29T17:34:35+00:00","og_image":[{"width":448,"height":666,"url":"https:\/\/www.lassociation.fr\/backoffice\/wp-content\/uploads\/2019\/09\/2483.png","type":"image\/png"}],"twitter_card":"summary_large_image","twitter_site":"@lassociation","schema":{"@context":"https:\/\/schema.org","@graph":[{"@type":"WebPage","@id":"https:\/\/www.lassociation.fr\/en\/catalogue\/frank-et-le-congres-des-betes\/","url":"https:\/\/www.lassociation.fr\/en\/catalogue\/frank-et-le-congres-des-betes\/","name":"Frank et le Congr\u00e8s des b\u00eates - L\u2019Association","isPartOf":{"@id":"https:\/\/www.lassociation.fr\/en\/#website"},"primaryImageOfPage":{"@id":"https:\/\/www.lassociation.fr\/en\/catalogue\/frank-et-le-congres-des-betes\/#primaryimage"},"image":{"@id":"https:\/\/www.lassociation.fr\/en\/catalogue\/frank-et-le-congres-des-betes\/#primaryimage"},"thumbnailUrl":"https:\/\/www.lassociation.fr\/backoffice\/wp-content\/uploads\/2019\/09\/2483.png","datePublished":"2019-09-27T08:42:39+00:00","dateModified":"2026-01-29T17:34:35+00:00","breadcrumb":{"@id":"https:\/\/www.lassociation.fr\/en\/catalogue\/frank-et-le-congres-des-betes\/#breadcrumb"},"inLanguage":"en-US","potentialAction":[{"@type":"ReadAction","target":["https:\/\/www.lassociation.fr\/en\/catalogue\/frank-et-le-congres-des-betes\/"]}]},{"@type":"ImageObject","inLanguage":"en-US","@id":"https:\/\/www.lassociation.fr\/en\/catalogue\/frank-et-le-congres-des-betes\/#primaryimage","url":"https:\/\/www.lassociation.fr\/backoffice\/wp-content\/uploads\/2019\/09\/2483.png","contentUrl":"https:\/\/www.lassociation.fr\/backoffice\/wp-content\/uploads\/2019\/09\/2483.png","width":448,"height":666},{"@type":"BreadcrumbList","@id":"https:\/\/www.lassociation.fr\/en\/catalogue\/frank-et-le-congres-des-betes\/#breadcrumb","itemListElement":[{"@type":"ListItem","position":1,"name":"Accueil","item":"https:\/\/www.lassociation.fr\/en\/"},{"@type":"ListItem","position":2,"name":"Catalog","item":"https:\/\/www.lassociation.fr\/en\/catalogue\/"},{"@type":"ListItem","position":3,"name":"Frank et le Congr\u00e8s des b\u00eates"}]},{"@type":"WebSite","@id":"https:\/\/www.lassociation.fr\/en\/#website","url":"https:\/\/www.lassociation.fr\/en\/","name":"L\u2019Association","description":"Maison d\u2019\u00e9dition fran\u00e7aise de bande dessin\u00e9e, fond\u00e9e en 1990.","publisher":{"@id":"https:\/\/www.lassociation.fr\/en\/#organization"},"potentialAction":[{"@type":"SearchAction","target":{"@type":"EntryPoint","urlTemplate":"https:\/\/www.lassociation.fr\/en\/?s={search_term_string}"},"query-input":{"@type":"PropertyValueSpecification","valueRequired":true,"valueName":"search_term_string"}}],"inLanguage":"en-US"},{"@type":"Organization","@id":"https:\/\/www.lassociation.fr\/en\/#organization","name":"L\u2019Association","url":"https:\/\/www.lassociation.fr\/en\/","logo":{"@type":"ImageObject","inLanguage":"en-US","@id":"https:\/\/www.lassociation.fr\/en\/#\/schema\/logo\/image\/","url":"https:\/\/www.lassociation.fr\/backoffice\/wp-content\/uploads\/2019\/11\/asso_large.png","contentUrl":"https:\/\/www.lassociation.fr\/backoffice\/wp-content\/uploads\/2019\/11\/asso_large.png","width":1200,"height":630,"caption":"L\u2019Association"},"image":{"@id":"https:\/\/www.lassociation.fr\/en\/#\/schema\/logo\/image\/"},"sameAs":["https:\/\/www.facebook.com\/lhydrelasso\/","https:\/\/x.com\/lassociation","https:\/\/www.instagram.com\/editions_lassociation","https:\/\/fr.wikipedia.org\/wiki\/LAssociation","https:\/\/www.youtube.com\/@editions_lassociation"]}]}},"_links":{"self":[{"href":"https:\/\/www.lassociation.fr\/en\/wp-json\/wp\/v2\/product\/1710","targetHints":{"allow":["GET"]}}],"collection":[{"href":"https:\/\/www.lassociation.fr\/en\/wp-json\/wp\/v2\/product"}],"about":[{"href":"https:\/\/www.lassociation.fr\/en\/wp-json\/wp\/v2\/types\/product"}],"wp:featuredmedia":[{"embeddable":true,"href":"https:\/\/www.lassociation.fr\/en\/wp-json\/wp\/v2\/media\/2371"}],"wp:attachment":[{"href":"https:\/\/www.lassociation.fr\/en\/wp-json\/wp\/v2\/media?parent=1710"}],"wp:term":[{"taxonomy":"product_cat","embeddable":true,"href":"https:\/\/www.lassociation.fr\/en\/wp-json\/wp\/v2\/product_cat?post=1710"},{"taxonomy":"product_tag","embeddable":true,"href":"https:\/\/www.lassociation.fr\/en\/wp-json\/wp\/v2\/product_tag?post=1710"}],"curies":[{"name":"wp","href":"https:\/\/api.w.org\/{rel}","templated":true}]}}

Frank et le Congrès des bêtes

<p>Voyant sa maison s’engloutir dans le sol, Frank va se retrouver à accomplir un étrange travail d’usine pour en payer la reconstruction, puis subir une longue dérive, subaquatique ou souterraine, faite de métamorphoses et de menaces en tous genres. Cinquième volume de Frank à paraître à L’Association, <em>Frank et Le Congrès des Bêtes</em> montre une fois de plus l’aptitude de Jim Woodring à concrétiser son univers imaginaire et hallucinatoire, “cadeau énigmatique d’un homme à un monde énigmatique”, selon les termes de Francis Ford Coppola (préface à Frank 2).</p>
<p><em>Frank et Le Congrès des Bêtes </em>a reçu le Prix Spécial du Jury du festival d&#8217;Angoulême (2012).</p>

<p>Voyant sa maison s’engloutir dans le sol, Frank va se retrouver à accomplir un étrange travail d’usine pour en payer la reconstruction, puis subir une longue dérive, subaquatique ou souterraine, faite de métamorphoses et de menaces en tous genres. Cinquième volume de Frank à paraître à L’Association, Frank et Le Congrès des Bêtes montre une [&hellip;]</p>

<title>Frank et le Congrès des bêtes - L’Association</title>
<meta name="robots" content="index, follow, max-snippet:-1, max-image-preview:large, max-video-preview:-1" />
<link rel="canonical" href="https://www.lassociation.fr/en/catalogue/frank-et-le-congres-des-betes/" />
<meta property="og:locale" content="en_US" />
<meta property="og:type" content="article" />
<meta property="og:title" content="Frank et le Congrès des bêtes - L’Association" />
<meta property="og:description" content="Voyant sa maison s’engloutir dans le sol, Frank va se retrouver à accomplir un étrange travail d’usine pour en payer la reconstruction, puis subir une longue dérive, subaquatique ou souterraine, faite de métamorphoses et de menaces en tous genres. Cinquième volume de Frank à paraître à L’Association, Frank et Le Congrès des Bêtes montre une [&hellip;]" />
<meta property="og:url" content="https://www.lassociation.fr/en/catalogue/frank-et-le-congres-des-betes/" />
<meta property="og:site_name" content="L’Association" />
<meta property="article:publisher" content="https://www.facebook.com/lhydrelasso/" />
<meta property="article:modified_time" content="2026-01-29T17:34:35+00:00" />
<meta property="og:image" content="https://www.lassociation.fr/backoffice/wp-content/uploads/2019/09/2483.png" />
	<meta property="og:image:width" content="448" />
	<meta property="og:image:height" content="666" />
	<meta property="og:image:type" content="image/png" />
<meta name="twitter:card" content="summary_large_image" />
<meta name="twitter:site" content="@lassociation" />
<script type="application/ld+json" class="yoast-schema-graph">{"@context":"https:\/\/schema.org","@graph":[{"@type":"WebPage","@id":"https:\/\/www.lassociation.fr\/en\/catalogue\/frank-et-le-congres-des-betes\/","url":"https:\/\/www.lassociation.fr\/en\/catalogue\/frank-et-le-congres-des-betes\/","name":"Frank et le Congrès des bêtes - L’Association","isPartOf":{"@id":"https:\/\/www.lassociation.fr\/en\/#website"},"primaryImageOfPage":{"@id":"https:\/\/www.lassociation.fr\/en\/catalogue\/frank-et-le-congres-des-betes\/#primaryimage"},"image":{"@id":"https:\/\/www.lassociation.fr\/en\/catalogue\/frank-et-le-congres-des-betes\/#primaryimage"},"thumbnailUrl":"https:\/\/www.lassociation.fr\/backoffice\/wp-content\/uploads\/2019\/09\/2483.png","datePublished":"2019-09-27T08:42:39+00:00","dateModified":"2026-01-29T17:34:35+00:00","breadcrumb":{"@id":"https:\/\/www.lassociation.fr\/en\/catalogue\/frank-et-le-congres-des-betes\/#breadcrumb"},"inLanguage":"en-US","potentialAction":[{"@type":"ReadAction","target":["https:\/\/www.lassociation.fr\/en\/catalogue\/frank-et-le-congres-des-betes\/"]}]},{"@type":"ImageObject","inLanguage":"en-US","@id":"https:\/\/www.lassociation.fr\/en\/catalogue\/frank-et-le-congres-des-betes\/#primaryimage","url":"https:\/\/www.lassociation.fr\/backoffice\/wp-content\/uploads\/2019\/09\/2483.png","contentUrl":"https:\/\/www.lassociation.fr\/backoffice\/wp-content\/uploads\/2019\/09\/2483.png","width":448,"height":666},{"@type":"BreadcrumbList","@id":"https:\/\/www.lassociation.fr\/en\/catalogue\/frank-et-le-congres-des-betes\/#breadcrumb","itemListElement":[{"@type":"ListItem","position":1,"name":"Accueil","item":"https:\/\/www.lassociation.fr\/en\/"},{"@type":"ListItem","position":2,"name":"Catalog","item":"https:\/\/www.lassociation.fr\/en\/catalogue\/"},{"@type":"ListItem","position":3,"name":"Frank et le Congrès des bêtes"}]},{"@type":"WebSite","@id":"https:\/\/www.lassociation.fr\/en\/#website","url":"https:\/\/www.lassociation.fr\/en\/","name":"L’Association","description":"Maison d’édition française de bande dessinée, fondée en 1990.","publisher":{"@id":"https:\/\/www.lassociation.fr\/en\/#organization"},"potentialAction":[{"@type":"SearchAction","target":{"@type":"EntryPoint","urlTemplate":"https:\/\/www.lassociation.fr\/en\/?s={search_term_string}"},"query-input":{"@type":"PropertyValueSpecification","valueRequired":true,"valueName":"search_term_string"}}],"inLanguage":"en-US"},{"@type":"Organization","@id":"https:\/\/www.lassociation.fr\/en\/#organization","name":"L’Association","url":"https:\/\/www.lassociation.fr\/en\/","logo":{"@type":"ImageObject","inLanguage":"en-US","@id":"https:\/\/www.lassociation.fr\/en\/#\/schema\/logo\/image\/","url":"https:\/\/www.lassociation.fr\/backoffice\/wp-content\/uploads\/2019\/11\/asso_large.png","contentUrl":"https:\/\/www.lassociation.fr\/backoffice\/wp-content\/uploads\/2019\/11\/asso_large.png","width":1200,"height":630,"caption":"L’Association"},"image":{"@id":"https:\/\/www.lassociation.fr\/en\/#\/schema\/logo\/image\/"},"sameAs":["https:\/\/www.facebook.com\/lhydrelasso\/","https:\/\/x.com\/lassociation","https:\/\/www.instagram.com\/editions_lassociation","https:\/\/fr.wikipedia.org\/wiki\/LAssociation","https:\/\/www.youtube.com\/@editions_lassociation"]}]}</script>

Frank et le Congrès des bêtes - L’Association

Voyant sa maison s’engloutir dans le sol, Frank va se retrouver à accomplir un étrange travail d’usine pour en payer la reconstruction, puis subir une longue dérive, subaquatique ou souterraine, faite de métamorphoses et de menaces en tous genres. Cinquième volume de Frank à paraître à L’Association, Frank et Le Congrès des Bêtes montre une [&hellip;]

Maison d’édition française de bande dessinée, fondée en 1990.
