{"id":18265,"date":"2021-02-19T12:49:57","date_gmt":"2021-02-19T11:49:57","guid":{"rendered":"https:\/\/www.lassociation.fr\/?post_type=product&#038;p=18265"},"modified":"2026-01-22T11:39:32","modified_gmt":"2026-01-22T10:39:32","slug":"la-grimace","status":"publish","type":"product","link":"https:\/\/www.lassociation.fr\/en\/catalogue\/la-grimace\/","title":{"rendered":"Grimace (La)"},"content":{"rendered":"<p>La rue Thiers, celle qui fut jadis, au temps des usines, l\u2019une des plus bruyantes de Longwy, est d\u00e9sormais silencieuse. Dans une maison, \u00e0 l\u2019abri d\u2019une fen\u00eatre, prot\u00e9g\u00e9 par le temps qui s\u2019est \u00e9coul\u00e9, Vanoli d\u00e9couvre les silhouettes fantomatiques de ses camarades d\u2019enfance dont les visages grima\u00e7ants le plongent dans son pass\u00e9.<\/p>\n<p>C\u2019est \u00e0 un voyage dans le temps doux-amer que nous convie Vincent Vanoli. Doux parce qu\u2019il a la saveur de l\u2019enfance, du temps suspendu qu\u2019\u00e9tire la contemplation des escargots dans le potager. Doux encore, comme le \u00ab\u00a0lait-lait\u00a0\u00bb que l\u2019on boit avec les copains tandis que la maison familiale avec son grenier, ses passages secrets et ses escaliers offre un terrain de jeux et d\u2019aventures hors-pair. Un monde archa\u00efque qui pourtant va peu \u00e0 peu se craqueler et r\u00e9v\u00e9ler son impermanence\u2026 Les relations sociales se compliquent, le cocon familial laisse appara\u00eetre des dissensions, tandis que s\u00e9vit, dans le bassin lorrain, la crise de la sid\u00e9rurgie.<\/p>\n<p>Vanoli en est conscient, le temps qui passe s\u00e9dimente et d\u00e9forme les souvenirs, estompant certaines exp\u00e9riences pour mieux en r\u00e9v\u00e9ler d\u2019autres qui s\u2019agr\u00e8gent, formant une mythologie personnelle. Avec son dessin expressionniste et textur\u00e9 aux subtiles nuances de gris, ses personnages sautillants, Vanoli nous immerge avec un humour grotesque dans son enfance lorraine. Un r\u00e9cit tournoyant aux allures de songe.<\/p>\n","protected":false},"excerpt":{"rendered":"<p>La rue Thiers, celle qui fut jadis, au temps des usines, l\u2019une des plus bruyantes de Longwy, est d\u00e9sormais silencieuse. Dans une maison, \u00e0 l\u2019abri d\u2019une fen\u00eatre, prot\u00e9g\u00e9 par le temps qui s\u2019est \u00e9coul\u00e9, Vanoli d\u00e9couvre les silhouettes fantomatiques de ses camarades d\u2019enfance dont les visages grima\u00e7ants le plongent dans son pass\u00e9. C\u2019est \u00e0 un [&hellip;]<\/p>\n","protected":false},"featured_media":17612,"template":"","meta":{"_acf_changed":false},"product_cat":[43],"product_tag":[],"class_list":{"0":"post-18265","1":"product","2":"type-product","3":"status-publish","4":"has-post-thumbnail","6":"product_cat-eperluette","7":"member-discount","8":"discount-restricted","10":"first","11":"instock","12":"taxable","13":"shipping-taxable","14":"purchasable","15":"product-type-simple"},"acf":[],"yoast_head":"<title>Grimace (La) - L\u2019Association<\/title>\n<meta name=\"robots\" content=\"index, follow, max-snippet:-1, max-image-preview:large, max-video-preview:-1\" \/>\n<link rel=\"canonical\" href=\"https:\/\/www.lassociation.fr\/en\/catalogue\/la-grimace\/\" \/>\n<meta property=\"og:locale\" content=\"en_US\" \/>\n<meta property=\"og:type\" content=\"article\" \/>\n<meta property=\"og:title\" content=\"Grimace (La) - L\u2019Association\" \/>\n<meta property=\"og:description\" content=\"La rue Thiers, celle qui fut jadis, au temps des usines, l\u2019une des plus bruyantes de Longwy, est d\u00e9sormais silencieuse. Dans une maison, \u00e0 l\u2019abri d\u2019une fen\u00eatre, prot\u00e9g\u00e9 par le temps qui s\u2019est \u00e9coul\u00e9, Vanoli d\u00e9couvre les silhouettes fantomatiques de ses camarades d\u2019enfance dont les visages grima\u00e7ants le plongent dans son pass\u00e9. C\u2019est \u00e0 un [&hellip;]\" \/>\n<meta property=\"og:url\" content=\"https:\/\/www.lassociation.fr\/en\/catalogue\/la-grimace\/\" \/>\n<meta property=\"og:site_name\" content=\"L\u2019Association\" \/>\n<meta property=\"article:publisher\" content=\"https:\/\/www.facebook.com\/lhydrelasso\/\" \/>\n<meta property=\"article:modified_time\" content=\"2026-01-22T10:39:32+00:00\" \/>\n<meta property=\"og:image\" content=\"https:\/\/www.lassociation.fr\/backoffice\/wp-content\/uploads\/2020\/12\/Grimace_couv.jpg\" \/>\n\t<meta property=\"og:image:width\" content=\"760\" \/>\n\t<meta property=\"og:image:height\" content=\"1001\" \/>\n\t<meta property=\"og:image:type\" content=\"image\/jpeg\" \/>\n<meta name=\"twitter:card\" content=\"summary_large_image\" \/>\n<meta name=\"twitter:site\" content=\"@lassociation\" \/>\n<script type=\"application\/ld+json\" class=\"yoast-schema-graph\">{\"@context\":\"https:\\\/\\\/schema.org\",\"@graph\":[{\"@type\":\"WebPage\",\"@id\":\"https:\\\/\\\/www.lassociation.fr\\\/en\\\/catalogue\\\/la-grimace\\\/\",\"url\":\"https:\\\/\\\/www.lassociation.fr\\\/en\\\/catalogue\\\/la-grimace\\\/\",\"name\":\"Grimace (La) - L\u2019Association\",\"isPartOf\":{\"@id\":\"https:\\\/\\\/www.lassociation.fr\\\/en\\\/#website\"},\"primaryImageOfPage\":{\"@id\":\"https:\\\/\\\/www.lassociation.fr\\\/en\\\/catalogue\\\/la-grimace\\\/#primaryimage\"},\"image\":{\"@id\":\"https:\\\/\\\/www.lassociation.fr\\\/en\\\/catalogue\\\/la-grimace\\\/#primaryimage\"},\"thumbnailUrl\":\"https:\\\/\\\/www.lassociation.fr\\\/backoffice\\\/wp-content\\\/uploads\\\/2020\\\/12\\\/Grimace_couv.jpg\",\"datePublished\":\"2021-02-19T11:49:57+00:00\",\"dateModified\":\"2026-01-22T10:39:32+00:00\",\"breadcrumb\":{\"@id\":\"https:\\\/\\\/www.lassociation.fr\\\/en\\\/catalogue\\\/la-grimace\\\/#breadcrumb\"},\"inLanguage\":\"en-US\",\"potentialAction\":[{\"@type\":\"ReadAction\",\"target\":[\"https:\\\/\\\/www.lassociation.fr\\\/en\\\/catalogue\\\/la-grimace\\\/\"]}]},{\"@type\":\"ImageObject\",\"inLanguage\":\"en-US\",\"@id\":\"https:\\\/\\\/www.lassociation.fr\\\/en\\\/catalogue\\\/la-grimace\\\/#primaryimage\",\"url\":\"https:\\\/\\\/www.lassociation.fr\\\/backoffice\\\/wp-content\\\/uploads\\\/2020\\\/12\\\/Grimace_couv.jpg\",\"contentUrl\":\"https:\\\/\\\/www.lassociation.fr\\\/backoffice\\\/wp-content\\\/uploads\\\/2020\\\/12\\\/Grimace_couv.jpg\",\"width\":760,\"height\":1001},{\"@type\":\"BreadcrumbList\",\"@id\":\"https:\\\/\\\/www.lassociation.fr\\\/en\\\/catalogue\\\/la-grimace\\\/#breadcrumb\",\"itemListElement\":[{\"@type\":\"ListItem\",\"position\":1,\"name\":\"Accueil\",\"item\":\"https:\\\/\\\/www.lassociation.fr\\\/en\\\/\"},{\"@type\":\"ListItem\",\"position\":2,\"name\":\"Catalog\",\"item\":\"https:\\\/\\\/www.lassociation.fr\\\/en\\\/catalogue\\\/\"},{\"@type\":\"ListItem\",\"position\":3,\"name\":\"Grimace (La)\"}]},{\"@type\":\"WebSite\",\"@id\":\"https:\\\/\\\/www.lassociation.fr\\\/en\\\/#website\",\"url\":\"https:\\\/\\\/www.lassociation.fr\\\/en\\\/\",\"name\":\"L\u2019Association\",\"description\":\"Maison d\u2019\u00e9dition fran\u00e7aise de bande dessin\u00e9e, fond\u00e9e en 1990.\",\"publisher\":{\"@id\":\"https:\\\/\\\/www.lassociation.fr\\\/en\\\/#organization\"},\"potentialAction\":[{\"@type\":\"SearchAction\",\"target\":{\"@type\":\"EntryPoint\",\"urlTemplate\":\"https:\\\/\\\/www.lassociation.fr\\\/en\\\/?s={search_term_string}\"},\"query-input\":{\"@type\":\"PropertyValueSpecification\",\"valueRequired\":true,\"valueName\":\"search_term_string\"}}],\"inLanguage\":\"en-US\"},{\"@type\":\"Organization\",\"@id\":\"https:\\\/\\\/www.lassociation.fr\\\/en\\\/#organization\",\"name\":\"L\u2019Association\",\"url\":\"https:\\\/\\\/www.lassociation.fr\\\/en\\\/\",\"logo\":{\"@type\":\"ImageObject\",\"inLanguage\":\"en-US\",\"@id\":\"https:\\\/\\\/www.lassociation.fr\\\/en\\\/#\\\/schema\\\/logo\\\/image\\\/\",\"url\":\"https:\\\/\\\/www.lassociation.fr\\\/backoffice\\\/wp-content\\\/uploads\\\/2019\\\/11\\\/asso_large.png\",\"contentUrl\":\"https:\\\/\\\/www.lassociation.fr\\\/backoffice\\\/wp-content\\\/uploads\\\/2019\\\/11\\\/asso_large.png\",\"width\":1200,\"height\":630,\"caption\":\"L\u2019Association\"},\"image\":{\"@id\":\"https:\\\/\\\/www.lassociation.fr\\\/en\\\/#\\\/schema\\\/logo\\\/image\\\/\"},\"sameAs\":[\"https:\\\/\\\/www.facebook.com\\\/lhydrelasso\\\/\",\"https:\\\/\\\/x.com\\\/lassociation\",\"https:\\\/\\\/www.instagram.com\\\/editions_lassociation\",\"https:\\\/\\\/fr.wikipedia.org\\\/wiki\\\/LAssociation\",\"https:\\\/\\\/www.youtube.com\\\/@editions_lassociation\"]}]}<\/script>","yoast_head_json":{"title":"Grimace (La) - L\u2019Association","robots":{"index":"index","follow":"follow","max-snippet":"max-snippet:-1","max-image-preview":"max-image-preview:large","max-video-preview":"max-video-preview:-1"},"canonical":"https:\/\/www.lassociation.fr\/en\/catalogue\/la-grimace\/","og_locale":"en_US","og_type":"article","og_title":"Grimace (La) - L\u2019Association","og_description":"La rue Thiers, celle qui fut jadis, au temps des usines, l\u2019une des plus bruyantes de Longwy, est d\u00e9sormais silencieuse. Dans une maison, \u00e0 l\u2019abri d\u2019une fen\u00eatre, prot\u00e9g\u00e9 par le temps qui s\u2019est \u00e9coul\u00e9, Vanoli d\u00e9couvre les silhouettes fantomatiques de ses camarades d\u2019enfance dont les visages grima\u00e7ants le plongent dans son pass\u00e9. C\u2019est \u00e0 un [&hellip;]","og_url":"https:\/\/www.lassociation.fr\/en\/catalogue\/la-grimace\/","og_site_name":"L\u2019Association","article_publisher":"https:\/\/www.facebook.com\/lhydrelasso\/","article_modified_time":"2026-01-22T10:39:32+00:00","og_image":[{"width":760,"height":1001,"url":"https:\/\/www.lassociation.fr\/backoffice\/wp-content\/uploads\/2020\/12\/Grimace_couv.jpg","type":"image\/jpeg"}],"twitter_card":"summary_large_image","twitter_site":"@lassociation","schema":{"@context":"https:\/\/schema.org","@graph":[{"@type":"WebPage","@id":"https:\/\/www.lassociation.fr\/en\/catalogue\/la-grimace\/","url":"https:\/\/www.lassociation.fr\/en\/catalogue\/la-grimace\/","name":"Grimace (La) - L\u2019Association","isPartOf":{"@id":"https:\/\/www.lassociation.fr\/en\/#website"},"primaryImageOfPage":{"@id":"https:\/\/www.lassociation.fr\/en\/catalogue\/la-grimace\/#primaryimage"},"image":{"@id":"https:\/\/www.lassociation.fr\/en\/catalogue\/la-grimace\/#primaryimage"},"thumbnailUrl":"https:\/\/www.lassociation.fr\/backoffice\/wp-content\/uploads\/2020\/12\/Grimace_couv.jpg","datePublished":"2021-02-19T11:49:57+00:00","dateModified":"2026-01-22T10:39:32+00:00","breadcrumb":{"@id":"https:\/\/www.lassociation.fr\/en\/catalogue\/la-grimace\/#breadcrumb"},"inLanguage":"en-US","potentialAction":[{"@type":"ReadAction","target":["https:\/\/www.lassociation.fr\/en\/catalogue\/la-grimace\/"]}]},{"@type":"ImageObject","inLanguage":"en-US","@id":"https:\/\/www.lassociation.fr\/en\/catalogue\/la-grimace\/#primaryimage","url":"https:\/\/www.lassociation.fr\/backoffice\/wp-content\/uploads\/2020\/12\/Grimace_couv.jpg","contentUrl":"https:\/\/www.lassociation.fr\/backoffice\/wp-content\/uploads\/2020\/12\/Grimace_couv.jpg","width":760,"height":1001},{"@type":"BreadcrumbList","@id":"https:\/\/www.lassociation.fr\/en\/catalogue\/la-grimace\/#breadcrumb","itemListElement":[{"@type":"ListItem","position":1,"name":"Accueil","item":"https:\/\/www.lassociation.fr\/en\/"},{"@type":"ListItem","position":2,"name":"Catalog","item":"https:\/\/www.lassociation.fr\/en\/catalogue\/"},{"@type":"ListItem","position":3,"name":"Grimace (La)"}]},{"@type":"WebSite","@id":"https:\/\/www.lassociation.fr\/en\/#website","url":"https:\/\/www.lassociation.fr\/en\/","name":"L\u2019Association","description":"Maison d\u2019\u00e9dition fran\u00e7aise de bande dessin\u00e9e, fond\u00e9e en 1990.","publisher":{"@id":"https:\/\/www.lassociation.fr\/en\/#organization"},"potentialAction":[{"@type":"SearchAction","target":{"@type":"EntryPoint","urlTemplate":"https:\/\/www.lassociation.fr\/en\/?s={search_term_string}"},"query-input":{"@type":"PropertyValueSpecification","valueRequired":true,"valueName":"search_term_string"}}],"inLanguage":"en-US"},{"@type":"Organization","@id":"https:\/\/www.lassociation.fr\/en\/#organization","name":"L\u2019Association","url":"https:\/\/www.lassociation.fr\/en\/","logo":{"@type":"ImageObject","inLanguage":"en-US","@id":"https:\/\/www.lassociation.fr\/en\/#\/schema\/logo\/image\/","url":"https:\/\/www.lassociation.fr\/backoffice\/wp-content\/uploads\/2019\/11\/asso_large.png","contentUrl":"https:\/\/www.lassociation.fr\/backoffice\/wp-content\/uploads\/2019\/11\/asso_large.png","width":1200,"height":630,"caption":"L\u2019Association"},"image":{"@id":"https:\/\/www.lassociation.fr\/en\/#\/schema\/logo\/image\/"},"sameAs":["https:\/\/www.facebook.com\/lhydrelasso\/","https:\/\/x.com\/lassociation","https:\/\/www.instagram.com\/editions_lassociation","https:\/\/fr.wikipedia.org\/wiki\/LAssociation","https:\/\/www.youtube.com\/@editions_lassociation"]}]}},"_links":{"self":[{"href":"https:\/\/www.lassociation.fr\/en\/wp-json\/wp\/v2\/product\/18265","targetHints":{"allow":["GET"]}}],"collection":[{"href":"https:\/\/www.lassociation.fr\/en\/wp-json\/wp\/v2\/product"}],"about":[{"href":"https:\/\/www.lassociation.fr\/en\/wp-json\/wp\/v2\/types\/product"}],"wp:featuredmedia":[{"embeddable":true,"href":"https:\/\/www.lassociation.fr\/en\/wp-json\/wp\/v2\/media\/17612"}],"wp:attachment":[{"href":"https:\/\/www.lassociation.fr\/en\/wp-json\/wp\/v2\/media?parent=18265"}],"wp:term":[{"taxonomy":"product_cat","embeddable":true,"href":"https:\/\/www.lassociation.fr\/en\/wp-json\/wp\/v2\/product_cat?post=18265"},{"taxonomy":"product_tag","embeddable":true,"href":"https:\/\/www.lassociation.fr\/en\/wp-json\/wp\/v2\/product_tag?post=18265"}],"curies":[{"name":"wp","href":"https:\/\/api.w.org\/{rel}","templated":true}]}}

<p>La rue Thiers, celle qui fut jadis, au temps des usines, l’une des plus bruyantes de Longwy, est désormais silencieuse. Dans une maison, à l’abri d’une fenêtre, protégé par le temps qui s’est écoulé, Vanoli découvre les silhouettes fantomatiques de ses camarades d’enfance dont les visages grimaçants le plongent dans son passé.</p>
<p>C’est à un voyage dans le temps doux-amer que nous convie Vincent Vanoli. Doux parce qu’il a la saveur de l’enfance, du temps suspendu qu’étire la contemplation des escargots dans le potager. Doux encore, comme le « lait-lait » que l’on boit avec les copains tandis que la maison familiale avec son grenier, ses passages secrets et ses escaliers offre un terrain de jeux et d’aventures hors-pair. Un monde archaïque qui pourtant va peu à peu se craqueler et révéler son impermanence… Les relations sociales se compliquent, le cocon familial laisse apparaître des dissensions, tandis que sévit, dans le bassin lorrain, la crise de la sidérurgie.</p>
<p>Vanoli en est conscient, le temps qui passe sédimente et déforme les souvenirs, estompant certaines expériences pour mieux en révéler d’autres qui s’agrègent, formant une mythologie personnelle. Avec son dessin expressionniste et texturé aux subtiles nuances de gris, ses personnages sautillants, Vanoli nous immerge avec un humour grotesque dans son enfance lorraine. Un récit tournoyant aux allures de songe.</p>

<p>La rue Thiers, celle qui fut jadis, au temps des usines, l’une des plus bruyantes de Longwy, est désormais silencieuse. Dans une maison, à l’abri d’une fenêtre, protégé par le temps qui s’est écoulé, Vanoli découvre les silhouettes fantomatiques de ses camarades d’enfance dont les visages grimaçants le plongent dans son passé. C’est à un [&hellip;]</p>

<title>Grimace (La) - L’Association</title>
<meta name="robots" content="index, follow, max-snippet:-1, max-image-preview:large, max-video-preview:-1" />
<link rel="canonical" href="https://www.lassociation.fr/en/catalogue/la-grimace/" />
<meta property="og:locale" content="en_US" />
<meta property="og:type" content="article" />
<meta property="og:title" content="Grimace (La) - L’Association" />
<meta property="og:description" content="La rue Thiers, celle qui fut jadis, au temps des usines, l’une des plus bruyantes de Longwy, est désormais silencieuse. Dans une maison, à l’abri d’une fenêtre, protégé par le temps qui s’est écoulé, Vanoli découvre les silhouettes fantomatiques de ses camarades d’enfance dont les visages grimaçants le plongent dans son passé. C’est à un [&hellip;]" />
<meta property="og:url" content="https://www.lassociation.fr/en/catalogue/la-grimace/" />
<meta property="og:site_name" content="L’Association" />
<meta property="article:publisher" content="https://www.facebook.com/lhydrelasso/" />
<meta property="article:modified_time" content="2026-01-22T10:39:32+00:00" />
<meta property="og:image" content="https://www.lassociation.fr/backoffice/wp-content/uploads/2020/12/Grimace_couv.jpg" />
	<meta property="og:image:width" content="760" />
	<meta property="og:image:height" content="1001" />
	<meta property="og:image:type" content="image/jpeg" />
<meta name="twitter:card" content="summary_large_image" />
<meta name="twitter:site" content="@lassociation" />
<script type="application/ld+json" class="yoast-schema-graph">{"@context":"https:\/\/schema.org","@graph":[{"@type":"WebPage","@id":"https:\/\/www.lassociation.fr\/en\/catalogue\/la-grimace\/","url":"https:\/\/www.lassociation.fr\/en\/catalogue\/la-grimace\/","name":"Grimace (La) - L’Association","isPartOf":{"@id":"https:\/\/www.lassociation.fr\/en\/#website"},"primaryImageOfPage":{"@id":"https:\/\/www.lassociation.fr\/en\/catalogue\/la-grimace\/#primaryimage"},"image":{"@id":"https:\/\/www.lassociation.fr\/en\/catalogue\/la-grimace\/#primaryimage"},"thumbnailUrl":"https:\/\/www.lassociation.fr\/backoffice\/wp-content\/uploads\/2020\/12\/Grimace_couv.jpg","datePublished":"2021-02-19T11:49:57+00:00","dateModified":"2026-01-22T10:39:32+00:00","breadcrumb":{"@id":"https:\/\/www.lassociation.fr\/en\/catalogue\/la-grimace\/#breadcrumb"},"inLanguage":"en-US","potentialAction":[{"@type":"ReadAction","target":["https:\/\/www.lassociation.fr\/en\/catalogue\/la-grimace\/"]}]},{"@type":"ImageObject","inLanguage":"en-US","@id":"https:\/\/www.lassociation.fr\/en\/catalogue\/la-grimace\/#primaryimage","url":"https:\/\/www.lassociation.fr\/backoffice\/wp-content\/uploads\/2020\/12\/Grimace_couv.jpg","contentUrl":"https:\/\/www.lassociation.fr\/backoffice\/wp-content\/uploads\/2020\/12\/Grimace_couv.jpg","width":760,"height":1001},{"@type":"BreadcrumbList","@id":"https:\/\/www.lassociation.fr\/en\/catalogue\/la-grimace\/#breadcrumb","itemListElement":[{"@type":"ListItem","position":1,"name":"Accueil","item":"https:\/\/www.lassociation.fr\/en\/"},{"@type":"ListItem","position":2,"name":"Catalog","item":"https:\/\/www.lassociation.fr\/en\/catalogue\/"},{"@type":"ListItem","position":3,"name":"Grimace (La)"}]},{"@type":"WebSite","@id":"https:\/\/www.lassociation.fr\/en\/#website","url":"https:\/\/www.lassociation.fr\/en\/","name":"L’Association","description":"Maison d’édition française de bande dessinée, fondée en 1990.","publisher":{"@id":"https:\/\/www.lassociation.fr\/en\/#organization"},"potentialAction":[{"@type":"SearchAction","target":{"@type":"EntryPoint","urlTemplate":"https:\/\/www.lassociation.fr\/en\/?s={search_term_string}"},"query-input":{"@type":"PropertyValueSpecification","valueRequired":true,"valueName":"search_term_string"}}],"inLanguage":"en-US"},{"@type":"Organization","@id":"https:\/\/www.lassociation.fr\/en\/#organization","name":"L’Association","url":"https:\/\/www.lassociation.fr\/en\/","logo":{"@type":"ImageObject","inLanguage":"en-US","@id":"https:\/\/www.lassociation.fr\/en\/#\/schema\/logo\/image\/","url":"https:\/\/www.lassociation.fr\/backoffice\/wp-content\/uploads\/2019\/11\/asso_large.png","contentUrl":"https:\/\/www.lassociation.fr\/backoffice\/wp-content\/uploads\/2019\/11\/asso_large.png","width":1200,"height":630,"caption":"L’Association"},"image":{"@id":"https:\/\/www.lassociation.fr\/en\/#\/schema\/logo\/image\/"},"sameAs":["https:\/\/www.facebook.com\/lhydrelasso\/","https:\/\/x.com\/lassociation","https:\/\/www.instagram.com\/editions_lassociation","https:\/\/fr.wikipedia.org\/wiki\/LAssociation","https:\/\/www.youtube.com\/@editions_lassociation"]}]}</script>

La rue Thiers, celle qui fut jadis, au temps des usines, l’une des plus bruyantes de Longwy, est désormais silencieuse. Dans une maison, à l’abri d’une fenêtre, protégé par le temps qui s’est écoulé, Vanoli découvre les silhouettes fantomatiques de ses camarades d’enfance dont les visages grimaçants le plongent dans son passé. C’est à un [&hellip;]

Maison d’édition française de bande dessinée, fondée en 1990.
