{"id":1928,"date":"2003-10-01T00:00:00","date_gmt":"2003-09-30T22:00:00","guid":{"rendered":"https:\/\/www.lassociation.fr\/product\/ascension-du-haut-mal-6-l\/"},"modified":"2026-01-22T11:39:17","modified_gmt":"2026-01-22T10:39:17","slug":"l-ascension-du-haut-mal-6","status":"publish","type":"product","link":"https:\/\/www.lassociation.fr\/en\/catalogue\/l-ascension-du-haut-mal-6\/","title":{"rendered":"Ascension du Haut Mal 6 (L\u2019)"},"content":{"rendered":"<p>Apr\u00e8s trois ans de m\u00fbrissement, David B. ach\u00e8ve ici son chef-d&#8217;\u0153uvre autobiographique avec une virtuosit\u00e9 et une force sans \u00e9quivalent. Aux souvenirs de l&#8217;arriv\u00e9e \u00e0 Paris et des d\u00e9buts aux Arts Appliqu\u00e9s dans les cours de Georges Pichard, viennent se m\u00ealer des r\u00eaves dans la continuit\u00e9 du Cheval bl\u00eame. David B. se met en abyme \u00e0 cette \u00e9poque, d\u00e9j\u00e0 dans la n\u00e9cessit\u00e9 de faire un livre sur ce douloureux sujet, pr\u00e9cisant: &#8220;Je ne savais pas encore que cela me prendrait vingt ans.&#8221;<\/p>\n","protected":false},"excerpt":{"rendered":"<p>Apr\u00e8s trois ans de m\u00fbrissement, David B. ach\u00e8ve ici son chef-d&#8217;\u0153uvre autobiographique avec une virtuosit\u00e9 et une force sans \u00e9quivalent. Aux souvenirs de l&#8217;arriv\u00e9e \u00e0 Paris et des d\u00e9buts aux Arts Appliqu\u00e9s dans les cours de Georges Pichard, viennent se m\u00ealer des r\u00eaves dans la continuit\u00e9 du Cheval bl\u00eame. David B. se met en abyme [&hellip;]<\/p>\n","protected":false},"featured_media":2584,"template":"","meta":{"_acf_changed":false},"product_cat":[43],"product_tag":[],"class_list":{"0":"post-1928","1":"product","2":"type-product","3":"status-publish","4":"has-post-thumbnail","6":"product_cat-eperluette","7":"member-discount","8":"discount-restricted","10":"first","11":"instock","12":"taxable","13":"shipping-taxable","14":"purchasable","15":"product-type-simple"},"acf":[],"yoast_head":"<title>Ascension du Haut Mal 6 (L\u2019) - L\u2019Association<\/title>\n<meta name=\"robots\" content=\"index, follow, max-snippet:-1, max-image-preview:large, max-video-preview:-1\" \/>\n<link rel=\"canonical\" href=\"https:\/\/www.lassociation.fr\/en\/catalogue\/l-ascension-du-haut-mal-6\/\" \/>\n<meta property=\"og:locale\" content=\"en_US\" \/>\n<meta property=\"og:type\" content=\"article\" \/>\n<meta property=\"og:title\" content=\"Ascension du Haut Mal 6 (L\u2019) - L\u2019Association\" \/>\n<meta property=\"og:description\" content=\"Apr\u00e8s trois ans de m\u00fbrissement, David B. ach\u00e8ve ici son chef-d&#8217;\u0153uvre autobiographique avec une virtuosit\u00e9 et une force sans \u00e9quivalent. Aux souvenirs de l&#8217;arriv\u00e9e \u00e0 Paris et des d\u00e9buts aux Arts Appliqu\u00e9s dans les cours de Georges Pichard, viennent se m\u00ealer des r\u00eaves dans la continuit\u00e9 du Cheval bl\u00eame. David B. se met en abyme [&hellip;]\" \/>\n<meta property=\"og:url\" content=\"https:\/\/www.lassociation.fr\/en\/catalogue\/l-ascension-du-haut-mal-6\/\" \/>\n<meta property=\"og:site_name\" content=\"L\u2019Association\" \/>\n<meta property=\"article:publisher\" content=\"https:\/\/www.facebook.com\/lhydrelasso\/\" \/>\n<meta property=\"article:modified_time\" content=\"2026-01-22T10:39:17+00:00\" \/>\n<meta property=\"og:image\" content=\"https:\/\/www.lassociation.fr\/backoffice\/wp-content\/uploads\/2019\/09\/1581.png\" \/>\n\t<meta property=\"og:image:width\" content=\"455\" \/>\n\t<meta property=\"og:image:height\" content=\"600\" \/>\n\t<meta property=\"og:image:type\" content=\"image\/png\" \/>\n<meta name=\"twitter:card\" content=\"summary_large_image\" \/>\n<meta name=\"twitter:site\" content=\"@lassociation\" \/>\n<script type=\"application\/ld+json\" class=\"yoast-schema-graph\">{\"@context\":\"https:\\\/\\\/schema.org\",\"@graph\":[{\"@type\":\"WebPage\",\"@id\":\"https:\\\/\\\/www.lassociation.fr\\\/en\\\/catalogue\\\/l-ascension-du-haut-mal-6\\\/\",\"url\":\"https:\\\/\\\/www.lassociation.fr\\\/en\\\/catalogue\\\/l-ascension-du-haut-mal-6\\\/\",\"name\":\"Ascension du Haut Mal 6 (L\u2019) - L\u2019Association\",\"isPartOf\":{\"@id\":\"https:\\\/\\\/www.lassociation.fr\\\/en\\\/#website\"},\"primaryImageOfPage\":{\"@id\":\"https:\\\/\\\/www.lassociation.fr\\\/en\\\/catalogue\\\/l-ascension-du-haut-mal-6\\\/#primaryimage\"},\"image\":{\"@id\":\"https:\\\/\\\/www.lassociation.fr\\\/en\\\/catalogue\\\/l-ascension-du-haut-mal-6\\\/#primaryimage\"},\"thumbnailUrl\":\"https:\\\/\\\/www.lassociation.fr\\\/backoffice\\\/wp-content\\\/uploads\\\/2019\\\/09\\\/1581.png\",\"datePublished\":\"2003-09-30T22:00:00+00:00\",\"dateModified\":\"2026-01-22T10:39:17+00:00\",\"breadcrumb\":{\"@id\":\"https:\\\/\\\/www.lassociation.fr\\\/en\\\/catalogue\\\/l-ascension-du-haut-mal-6\\\/#breadcrumb\"},\"inLanguage\":\"en-US\",\"potentialAction\":[{\"@type\":\"ReadAction\",\"target\":[\"https:\\\/\\\/www.lassociation.fr\\\/en\\\/catalogue\\\/l-ascension-du-haut-mal-6\\\/\"]}]},{\"@type\":\"ImageObject\",\"inLanguage\":\"en-US\",\"@id\":\"https:\\\/\\\/www.lassociation.fr\\\/en\\\/catalogue\\\/l-ascension-du-haut-mal-6\\\/#primaryimage\",\"url\":\"https:\\\/\\\/www.lassociation.fr\\\/backoffice\\\/wp-content\\\/uploads\\\/2019\\\/09\\\/1581.png\",\"contentUrl\":\"https:\\\/\\\/www.lassociation.fr\\\/backoffice\\\/wp-content\\\/uploads\\\/2019\\\/09\\\/1581.png\",\"width\":455,\"height\":600},{\"@type\":\"BreadcrumbList\",\"@id\":\"https:\\\/\\\/www.lassociation.fr\\\/en\\\/catalogue\\\/l-ascension-du-haut-mal-6\\\/#breadcrumb\",\"itemListElement\":[{\"@type\":\"ListItem\",\"position\":1,\"name\":\"Accueil\",\"item\":\"https:\\\/\\\/www.lassociation.fr\\\/en\\\/\"},{\"@type\":\"ListItem\",\"position\":2,\"name\":\"Catalog\",\"item\":\"https:\\\/\\\/www.lassociation.fr\\\/en\\\/catalogue\\\/\"},{\"@type\":\"ListItem\",\"position\":3,\"name\":\"Ascension du Haut Mal 6 (L\u2019)\"}]},{\"@type\":\"WebSite\",\"@id\":\"https:\\\/\\\/www.lassociation.fr\\\/en\\\/#website\",\"url\":\"https:\\\/\\\/www.lassociation.fr\\\/en\\\/\",\"name\":\"L\u2019Association\",\"description\":\"Maison d\u2019\u00e9dition fran\u00e7aise de bande dessin\u00e9e, fond\u00e9e en 1990.\",\"publisher\":{\"@id\":\"https:\\\/\\\/www.lassociation.fr\\\/en\\\/#organization\"},\"potentialAction\":[{\"@type\":\"SearchAction\",\"target\":{\"@type\":\"EntryPoint\",\"urlTemplate\":\"https:\\\/\\\/www.lassociation.fr\\\/en\\\/?s={search_term_string}\"},\"query-input\":{\"@type\":\"PropertyValueSpecification\",\"valueRequired\":true,\"valueName\":\"search_term_string\"}}],\"inLanguage\":\"en-US\"},{\"@type\":\"Organization\",\"@id\":\"https:\\\/\\\/www.lassociation.fr\\\/en\\\/#organization\",\"name\":\"L\u2019Association\",\"url\":\"https:\\\/\\\/www.lassociation.fr\\\/en\\\/\",\"logo\":{\"@type\":\"ImageObject\",\"inLanguage\":\"en-US\",\"@id\":\"https:\\\/\\\/www.lassociation.fr\\\/en\\\/#\\\/schema\\\/logo\\\/image\\\/\",\"url\":\"https:\\\/\\\/www.lassociation.fr\\\/backoffice\\\/wp-content\\\/uploads\\\/2019\\\/11\\\/asso_large.png\",\"contentUrl\":\"https:\\\/\\\/www.lassociation.fr\\\/backoffice\\\/wp-content\\\/uploads\\\/2019\\\/11\\\/asso_large.png\",\"width\":1200,\"height\":630,\"caption\":\"L\u2019Association\"},\"image\":{\"@id\":\"https:\\\/\\\/www.lassociation.fr\\\/en\\\/#\\\/schema\\\/logo\\\/image\\\/\"},\"sameAs\":[\"https:\\\/\\\/www.facebook.com\\\/lhydrelasso\\\/\",\"https:\\\/\\\/x.com\\\/lassociation\",\"https:\\\/\\\/www.instagram.com\\\/editions_lassociation\",\"https:\\\/\\\/fr.wikipedia.org\\\/wiki\\\/LAssociation\",\"https:\\\/\\\/www.youtube.com\\\/@editions_lassociation\"]}]}<\/script>","yoast_head_json":{"title":"Ascension du Haut Mal 6 (L\u2019) - L\u2019Association","robots":{"index":"index","follow":"follow","max-snippet":"max-snippet:-1","max-image-preview":"max-image-preview:large","max-video-preview":"max-video-preview:-1"},"canonical":"https:\/\/www.lassociation.fr\/en\/catalogue\/l-ascension-du-haut-mal-6\/","og_locale":"en_US","og_type":"article","og_title":"Ascension du Haut Mal 6 (L\u2019) - L\u2019Association","og_description":"Apr\u00e8s trois ans de m\u00fbrissement, David B. ach\u00e8ve ici son chef-d&#8217;\u0153uvre autobiographique avec une virtuosit\u00e9 et une force sans \u00e9quivalent. Aux souvenirs de l&#8217;arriv\u00e9e \u00e0 Paris et des d\u00e9buts aux Arts Appliqu\u00e9s dans les cours de Georges Pichard, viennent se m\u00ealer des r\u00eaves dans la continuit\u00e9 du Cheval bl\u00eame. David B. se met en abyme [&hellip;]","og_url":"https:\/\/www.lassociation.fr\/en\/catalogue\/l-ascension-du-haut-mal-6\/","og_site_name":"L\u2019Association","article_publisher":"https:\/\/www.facebook.com\/lhydrelasso\/","article_modified_time":"2026-01-22T10:39:17+00:00","og_image":[{"width":455,"height":600,"url":"https:\/\/www.lassociation.fr\/backoffice\/wp-content\/uploads\/2019\/09\/1581.png","type":"image\/png"}],"twitter_card":"summary_large_image","twitter_site":"@lassociation","schema":{"@context":"https:\/\/schema.org","@graph":[{"@type":"WebPage","@id":"https:\/\/www.lassociation.fr\/en\/catalogue\/l-ascension-du-haut-mal-6\/","url":"https:\/\/www.lassociation.fr\/en\/catalogue\/l-ascension-du-haut-mal-6\/","name":"Ascension du Haut Mal 6 (L\u2019) - L\u2019Association","isPartOf":{"@id":"https:\/\/www.lassociation.fr\/en\/#website"},"primaryImageOfPage":{"@id":"https:\/\/www.lassociation.fr\/en\/catalogue\/l-ascension-du-haut-mal-6\/#primaryimage"},"image":{"@id":"https:\/\/www.lassociation.fr\/en\/catalogue\/l-ascension-du-haut-mal-6\/#primaryimage"},"thumbnailUrl":"https:\/\/www.lassociation.fr\/backoffice\/wp-content\/uploads\/2019\/09\/1581.png","datePublished":"2003-09-30T22:00:00+00:00","dateModified":"2026-01-22T10:39:17+00:00","breadcrumb":{"@id":"https:\/\/www.lassociation.fr\/en\/catalogue\/l-ascension-du-haut-mal-6\/#breadcrumb"},"inLanguage":"en-US","potentialAction":[{"@type":"ReadAction","target":["https:\/\/www.lassociation.fr\/en\/catalogue\/l-ascension-du-haut-mal-6\/"]}]},{"@type":"ImageObject","inLanguage":"en-US","@id":"https:\/\/www.lassociation.fr\/en\/catalogue\/l-ascension-du-haut-mal-6\/#primaryimage","url":"https:\/\/www.lassociation.fr\/backoffice\/wp-content\/uploads\/2019\/09\/1581.png","contentUrl":"https:\/\/www.lassociation.fr\/backoffice\/wp-content\/uploads\/2019\/09\/1581.png","width":455,"height":600},{"@type":"BreadcrumbList","@id":"https:\/\/www.lassociation.fr\/en\/catalogue\/l-ascension-du-haut-mal-6\/#breadcrumb","itemListElement":[{"@type":"ListItem","position":1,"name":"Accueil","item":"https:\/\/www.lassociation.fr\/en\/"},{"@type":"ListItem","position":2,"name":"Catalog","item":"https:\/\/www.lassociation.fr\/en\/catalogue\/"},{"@type":"ListItem","position":3,"name":"Ascension du Haut Mal 6 (L\u2019)"}]},{"@type":"WebSite","@id":"https:\/\/www.lassociation.fr\/en\/#website","url":"https:\/\/www.lassociation.fr\/en\/","name":"L\u2019Association","description":"Maison d\u2019\u00e9dition fran\u00e7aise de bande dessin\u00e9e, fond\u00e9e en 1990.","publisher":{"@id":"https:\/\/www.lassociation.fr\/en\/#organization"},"potentialAction":[{"@type":"SearchAction","target":{"@type":"EntryPoint","urlTemplate":"https:\/\/www.lassociation.fr\/en\/?s={search_term_string}"},"query-input":{"@type":"PropertyValueSpecification","valueRequired":true,"valueName":"search_term_string"}}],"inLanguage":"en-US"},{"@type":"Organization","@id":"https:\/\/www.lassociation.fr\/en\/#organization","name":"L\u2019Association","url":"https:\/\/www.lassociation.fr\/en\/","logo":{"@type":"ImageObject","inLanguage":"en-US","@id":"https:\/\/www.lassociation.fr\/en\/#\/schema\/logo\/image\/","url":"https:\/\/www.lassociation.fr\/backoffice\/wp-content\/uploads\/2019\/11\/asso_large.png","contentUrl":"https:\/\/www.lassociation.fr\/backoffice\/wp-content\/uploads\/2019\/11\/asso_large.png","width":1200,"height":630,"caption":"L\u2019Association"},"image":{"@id":"https:\/\/www.lassociation.fr\/en\/#\/schema\/logo\/image\/"},"sameAs":["https:\/\/www.facebook.com\/lhydrelasso\/","https:\/\/x.com\/lassociation","https:\/\/www.instagram.com\/editions_lassociation","https:\/\/fr.wikipedia.org\/wiki\/LAssociation","https:\/\/www.youtube.com\/@editions_lassociation"]}]}},"_links":{"self":[{"href":"https:\/\/www.lassociation.fr\/en\/wp-json\/wp\/v2\/product\/1928","targetHints":{"allow":["GET"]}}],"collection":[{"href":"https:\/\/www.lassociation.fr\/en\/wp-json\/wp\/v2\/product"}],"about":[{"href":"https:\/\/www.lassociation.fr\/en\/wp-json\/wp\/v2\/types\/product"}],"wp:featuredmedia":[{"embeddable":true,"href":"https:\/\/www.lassociation.fr\/en\/wp-json\/wp\/v2\/media\/2584"}],"wp:attachment":[{"href":"https:\/\/www.lassociation.fr\/en\/wp-json\/wp\/v2\/media?parent=1928"}],"wp:term":[{"taxonomy":"product_cat","embeddable":true,"href":"https:\/\/www.lassociation.fr\/en\/wp-json\/wp\/v2\/product_cat?post=1928"},{"taxonomy":"product_tag","embeddable":true,"href":"https:\/\/www.lassociation.fr\/en\/wp-json\/wp\/v2\/product_tag?post=1928"}],"curies":[{"name":"wp","href":"https:\/\/api.w.org\/{rel}","templated":true}]}}

<p>Après trois ans de mûrissement, David B. achève ici son chef-d&#8217;œuvre autobiographique avec une virtuosité et une force sans équivalent. Aux souvenirs de l&#8217;arrivée à Paris et des débuts aux Arts Appliqués dans les cours de Georges Pichard, viennent se mêler des rêves dans la continuité du Cheval blême. David B. se met en abyme à cette époque, déjà dans la nécessité de faire un livre sur ce douloureux sujet, précisant: &#8220;Je ne savais pas encore que cela me prendrait vingt ans.&#8221;</p>

<p>Après trois ans de mûrissement, David B. achève ici son chef-d&#8217;œuvre autobiographique avec une virtuosité et une force sans équivalent. Aux souvenirs de l&#8217;arrivée à Paris et des débuts aux Arts Appliqués dans les cours de Georges Pichard, viennent se mêler des rêves dans la continuité du Cheval blême. David B. se met en abyme [&hellip;]</p>

<title>Ascension du Haut Mal 6 (L’) - L’Association</title>
<meta name="robots" content="index, follow, max-snippet:-1, max-image-preview:large, max-video-preview:-1" />
<link rel="canonical" href="https://www.lassociation.fr/en/catalogue/l-ascension-du-haut-mal-6/" />
<meta property="og:locale" content="en_US" />
<meta property="og:type" content="article" />
<meta property="og:title" content="Ascension du Haut Mal 6 (L’) - L’Association" />
<meta property="og:description" content="Après trois ans de mûrissement, David B. achève ici son chef-d&#8217;œuvre autobiographique avec une virtuosité et une force sans équivalent. Aux souvenirs de l&#8217;arrivée à Paris et des débuts aux Arts Appliqués dans les cours de Georges Pichard, viennent se mêler des rêves dans la continuité du Cheval blême. David B. se met en abyme [&hellip;]" />
<meta property="og:url" content="https://www.lassociation.fr/en/catalogue/l-ascension-du-haut-mal-6/" />
<meta property="og:site_name" content="L’Association" />
<meta property="article:publisher" content="https://www.facebook.com/lhydrelasso/" />
<meta property="article:modified_time" content="2026-01-22T10:39:17+00:00" />
<meta property="og:image" content="https://www.lassociation.fr/backoffice/wp-content/uploads/2019/09/1581.png" />
	<meta property="og:image:width" content="455" />
	<meta property="og:image:height" content="600" />
	<meta property="og:image:type" content="image/png" />
<meta name="twitter:card" content="summary_large_image" />
<meta name="twitter:site" content="@lassociation" />
<script type="application/ld+json" class="yoast-schema-graph">{"@context":"https:\/\/schema.org","@graph":[{"@type":"WebPage","@id":"https:\/\/www.lassociation.fr\/en\/catalogue\/l-ascension-du-haut-mal-6\/","url":"https:\/\/www.lassociation.fr\/en\/catalogue\/l-ascension-du-haut-mal-6\/","name":"Ascension du Haut Mal 6 (L’) - L’Association","isPartOf":{"@id":"https:\/\/www.lassociation.fr\/en\/#website"},"primaryImageOfPage":{"@id":"https:\/\/www.lassociation.fr\/en\/catalogue\/l-ascension-du-haut-mal-6\/#primaryimage"},"image":{"@id":"https:\/\/www.lassociation.fr\/en\/catalogue\/l-ascension-du-haut-mal-6\/#primaryimage"},"thumbnailUrl":"https:\/\/www.lassociation.fr\/backoffice\/wp-content\/uploads\/2019\/09\/1581.png","datePublished":"2003-09-30T22:00:00+00:00","dateModified":"2026-01-22T10:39:17+00:00","breadcrumb":{"@id":"https:\/\/www.lassociation.fr\/en\/catalogue\/l-ascension-du-haut-mal-6\/#breadcrumb"},"inLanguage":"en-US","potentialAction":[{"@type":"ReadAction","target":["https:\/\/www.lassociation.fr\/en\/catalogue\/l-ascension-du-haut-mal-6\/"]}]},{"@type":"ImageObject","inLanguage":"en-US","@id":"https:\/\/www.lassociation.fr\/en\/catalogue\/l-ascension-du-haut-mal-6\/#primaryimage","url":"https:\/\/www.lassociation.fr\/backoffice\/wp-content\/uploads\/2019\/09\/1581.png","contentUrl":"https:\/\/www.lassociation.fr\/backoffice\/wp-content\/uploads\/2019\/09\/1581.png","width":455,"height":600},{"@type":"BreadcrumbList","@id":"https:\/\/www.lassociation.fr\/en\/catalogue\/l-ascension-du-haut-mal-6\/#breadcrumb","itemListElement":[{"@type":"ListItem","position":1,"name":"Accueil","item":"https:\/\/www.lassociation.fr\/en\/"},{"@type":"ListItem","position":2,"name":"Catalog","item":"https:\/\/www.lassociation.fr\/en\/catalogue\/"},{"@type":"ListItem","position":3,"name":"Ascension du Haut Mal 6 (L’)"}]},{"@type":"WebSite","@id":"https:\/\/www.lassociation.fr\/en\/#website","url":"https:\/\/www.lassociation.fr\/en\/","name":"L’Association","description":"Maison d’édition française de bande dessinée, fondée en 1990.","publisher":{"@id":"https:\/\/www.lassociation.fr\/en\/#organization"},"potentialAction":[{"@type":"SearchAction","target":{"@type":"EntryPoint","urlTemplate":"https:\/\/www.lassociation.fr\/en\/?s={search_term_string}"},"query-input":{"@type":"PropertyValueSpecification","valueRequired":true,"valueName":"search_term_string"}}],"inLanguage":"en-US"},{"@type":"Organization","@id":"https:\/\/www.lassociation.fr\/en\/#organization","name":"L’Association","url":"https:\/\/www.lassociation.fr\/en\/","logo":{"@type":"ImageObject","inLanguage":"en-US","@id":"https:\/\/www.lassociation.fr\/en\/#\/schema\/logo\/image\/","url":"https:\/\/www.lassociation.fr\/backoffice\/wp-content\/uploads\/2019\/11\/asso_large.png","contentUrl":"https:\/\/www.lassociation.fr\/backoffice\/wp-content\/uploads\/2019\/11\/asso_large.png","width":1200,"height":630,"caption":"L’Association"},"image":{"@id":"https:\/\/www.lassociation.fr\/en\/#\/schema\/logo\/image\/"},"sameAs":["https:\/\/www.facebook.com\/lhydrelasso\/","https:\/\/x.com\/lassociation","https:\/\/www.instagram.com\/editions_lassociation","https:\/\/fr.wikipedia.org\/wiki\/LAssociation","https:\/\/www.youtube.com\/@editions_lassociation"]}]}</script>

Après trois ans de mûrissement, David B. achève ici son chef-d&#8217;œuvre autobiographique avec une virtuosité et une force sans équivalent. Aux souvenirs de l&#8217;arrivée à Paris et des débuts aux Arts Appliqués dans les cours de Georges Pichard, viennent se mêler des rêves dans la continuité du Cheval blême. David B. se met en abyme [&hellip;]

Maison d’édition française de bande dessinée, fondée en 1990.
