{"id":22072,"date":"2022-11-30T10:56:07","date_gmt":"2022-11-30T09:56:07","guid":{"rendered":"https:\/\/www.lassociation.fr\/?post_type=product&#038;p=22072"},"modified":"2026-01-22T11:39:35","modified_gmt":"2026-01-22T10:39:35","slug":"mon-lapin-quotidien-24","status":"publish","type":"product","link":"https:\/\/www.lassociation.fr\/en\/catalogue\/mon-lapin-quotidien-24\/","title":{"rendered":"Mon Lapin Quotidien #24"},"content":{"rendered":"<p>Un num\u00e9ro sous les augures de Madame Irma ! Un num\u00e9ro qui divague du c\u00f4t\u00e9 de l&#8217;intelligence artificielle et porte un toast \u00e0 la m\u00e9moire d\u2019Ursula K. Le Guin&#8230;<\/p>\n<p>Pr\u00e9dictions, pr\u00e9visions, projections, anticipations, MLQ # 24 conjugue le futur int\u00e9rieur et a \u00e9t\u00e9 enti\u00e8rement r\u00e9alis\u00e9 \u00e0 la lueur des \u00e9toiles et de la lune, qui r\u00e9siste comme elle peut aux arm\u00e9es de satellites envoy\u00e9s par <a href=\"https:\/\/fr.wikipedia.org\/wiki\/Elon_Musk\" target=\"_blank\" rel=\"noopener\">Elon Musk<\/a>. \u00c0 noter l\u2019apparition exceptionnelle de deux v\u00e9t\u00e9rans de la science-fiction de l\u2019underground graphique : Marc Caro et Y5P5, d\u2019une v\u00e9t\u00e9rane de l\u2019\u00e9trange : Anne Van Der Linden, et d\u2019un tout jeune descendant de Ra\u00ebl : Xavier Bouyssou.<\/p>\n<p>Le num\u00e9ro s\u2019ouvre avec une large tribune de la Quadrature de Net sur la Technopolice et les JO 2024, laboratoire du flicage num\u00e9rique&#8230; La double page centrale met en lumi\u00e8re quant \u00e0 elle le myst\u00e8re Moutier, m\u00e8re &amp; fils, LA bombe \u00e0 retardement d&#8217;une aventure spatio-temporelle tout \u00e0 fait singuli\u00e8re&#8230;<\/p>\n<p>Sans oublier la soixantaine d\u2019ovnis visuels et litt\u00e9raires qui sillonne la structure cosmique d\u2019MLQ.<\/p>\n","protected":false},"excerpt":{"rendered":"<p>Un num\u00e9ro sous les augures de Madame Irma ! Un num\u00e9ro qui divague du c\u00f4t\u00e9 de l&#8217;intelligence artificielle et porte un toast \u00e0 la m\u00e9moire d\u2019Ursula K. Le Guin&#8230; Pr\u00e9dictions, pr\u00e9visions, projections, anticipations, MLQ # 24 conjugue le futur int\u00e9rieur et a \u00e9t\u00e9 enti\u00e8rement r\u00e9alis\u00e9 \u00e0 la lueur des \u00e9toiles et de la lune, qui [&hellip;]<\/p>\n","protected":false},"featured_media":22073,"template":"","meta":{"_acf_changed":false},"product_cat":[40],"product_tag":[],"class_list":{"0":"post-22072","1":"product","2":"type-product","3":"status-publish","4":"has-post-thumbnail","6":"product_cat-lapin","7":"member-discount","8":"discount-restricted","10":"first","11":"instock","12":"taxable","13":"shipping-taxable","14":"purchasable","15":"product-type-simple"},"acf":[],"yoast_head":"<title>Mon Lapin Quotidien #24 - L\u2019Association<\/title>\n<meta name=\"robots\" content=\"index, follow, max-snippet:-1, max-image-preview:large, max-video-preview:-1\" \/>\n<link rel=\"canonical\" href=\"https:\/\/www.lassociation.fr\/en\/catalogue\/mon-lapin-quotidien-24\/\" \/>\n<meta property=\"og:locale\" content=\"en_US\" \/>\n<meta property=\"og:type\" content=\"article\" \/>\n<meta property=\"og:title\" content=\"Mon Lapin Quotidien #24 - L\u2019Association\" \/>\n<meta property=\"og:description\" content=\"Un num\u00e9ro sous les augures de Madame Irma ! Un num\u00e9ro qui divague du c\u00f4t\u00e9 de l&#8217;intelligence artificielle et porte un toast \u00e0 la m\u00e9moire d\u2019Ursula K. Le Guin&#8230; Pr\u00e9dictions, pr\u00e9visions, projections, anticipations, MLQ # 24 conjugue le futur int\u00e9rieur et a \u00e9t\u00e9 enti\u00e8rement r\u00e9alis\u00e9 \u00e0 la lueur des \u00e9toiles et de la lune, qui [&hellip;]\" \/>\n<meta property=\"og:url\" content=\"https:\/\/www.lassociation.fr\/en\/catalogue\/mon-lapin-quotidien-24\/\" \/>\n<meta property=\"og:site_name\" content=\"L\u2019Association\" \/>\n<meta property=\"article:publisher\" content=\"https:\/\/www.facebook.com\/lhydrelasso\/\" \/>\n<meta property=\"article:modified_time\" content=\"2026-01-22T10:39:35+00:00\" \/>\n<meta property=\"og:image\" content=\"https:\/\/www.lassociation.fr\/backoffice\/wp-content\/uploads\/2022\/11\/MLQ-24-1.jpg\" \/>\n\t<meta property=\"og:image:width\" content=\"707\" \/>\n\t<meta property=\"og:image:height\" content=\"1000\" \/>\n\t<meta property=\"og:image:type\" content=\"image\/jpeg\" \/>\n<meta name=\"twitter:card\" content=\"summary_large_image\" \/>\n<meta name=\"twitter:site\" content=\"@lassociation\" \/>\n<script type=\"application\/ld+json\" class=\"yoast-schema-graph\">{\"@context\":\"https:\\\/\\\/schema.org\",\"@graph\":[{\"@type\":\"WebPage\",\"@id\":\"https:\\\/\\\/www.lassociation.fr\\\/en\\\/catalogue\\\/mon-lapin-quotidien-24\\\/\",\"url\":\"https:\\\/\\\/www.lassociation.fr\\\/en\\\/catalogue\\\/mon-lapin-quotidien-24\\\/\",\"name\":\"Mon Lapin Quotidien #24 - L\u2019Association\",\"isPartOf\":{\"@id\":\"https:\\\/\\\/www.lassociation.fr\\\/en\\\/#website\"},\"primaryImageOfPage\":{\"@id\":\"https:\\\/\\\/www.lassociation.fr\\\/en\\\/catalogue\\\/mon-lapin-quotidien-24\\\/#primaryimage\"},\"image\":{\"@id\":\"https:\\\/\\\/www.lassociation.fr\\\/en\\\/catalogue\\\/mon-lapin-quotidien-24\\\/#primaryimage\"},\"thumbnailUrl\":\"https:\\\/\\\/www.lassociation.fr\\\/backoffice\\\/wp-content\\\/uploads\\\/2022\\\/11\\\/MLQ-24-1.jpg\",\"datePublished\":\"2022-11-30T09:56:07+00:00\",\"dateModified\":\"2026-01-22T10:39:35+00:00\",\"breadcrumb\":{\"@id\":\"https:\\\/\\\/www.lassociation.fr\\\/en\\\/catalogue\\\/mon-lapin-quotidien-24\\\/#breadcrumb\"},\"inLanguage\":\"en-US\",\"potentialAction\":[{\"@type\":\"ReadAction\",\"target\":[\"https:\\\/\\\/www.lassociation.fr\\\/en\\\/catalogue\\\/mon-lapin-quotidien-24\\\/\"]}]},{\"@type\":\"ImageObject\",\"inLanguage\":\"en-US\",\"@id\":\"https:\\\/\\\/www.lassociation.fr\\\/en\\\/catalogue\\\/mon-lapin-quotidien-24\\\/#primaryimage\",\"url\":\"https:\\\/\\\/www.lassociation.fr\\\/backoffice\\\/wp-content\\\/uploads\\\/2022\\\/11\\\/MLQ-24-1.jpg\",\"contentUrl\":\"https:\\\/\\\/www.lassociation.fr\\\/backoffice\\\/wp-content\\\/uploads\\\/2022\\\/11\\\/MLQ-24-1.jpg\",\"width\":707,\"height\":1000},{\"@type\":\"BreadcrumbList\",\"@id\":\"https:\\\/\\\/www.lassociation.fr\\\/en\\\/catalogue\\\/mon-lapin-quotidien-24\\\/#breadcrumb\",\"itemListElement\":[{\"@type\":\"ListItem\",\"position\":1,\"name\":\"Accueil\",\"item\":\"https:\\\/\\\/www.lassociation.fr\\\/en\\\/\"},{\"@type\":\"ListItem\",\"position\":2,\"name\":\"Catalog\",\"item\":\"https:\\\/\\\/www.lassociation.fr\\\/en\\\/catalogue\\\/\"},{\"@type\":\"ListItem\",\"position\":3,\"name\":\"Mon Lapin Quotidien #24\"}]},{\"@type\":\"WebSite\",\"@id\":\"https:\\\/\\\/www.lassociation.fr\\\/en\\\/#website\",\"url\":\"https:\\\/\\\/www.lassociation.fr\\\/en\\\/\",\"name\":\"L\u2019Association\",\"description\":\"Maison d\u2019\u00e9dition fran\u00e7aise de bande dessin\u00e9e, fond\u00e9e en 1990.\",\"publisher\":{\"@id\":\"https:\\\/\\\/www.lassociation.fr\\\/en\\\/#organization\"},\"potentialAction\":[{\"@type\":\"SearchAction\",\"target\":{\"@type\":\"EntryPoint\",\"urlTemplate\":\"https:\\\/\\\/www.lassociation.fr\\\/en\\\/?s={search_term_string}\"},\"query-input\":{\"@type\":\"PropertyValueSpecification\",\"valueRequired\":true,\"valueName\":\"search_term_string\"}}],\"inLanguage\":\"en-US\"},{\"@type\":\"Organization\",\"@id\":\"https:\\\/\\\/www.lassociation.fr\\\/en\\\/#organization\",\"name\":\"L\u2019Association\",\"url\":\"https:\\\/\\\/www.lassociation.fr\\\/en\\\/\",\"logo\":{\"@type\":\"ImageObject\",\"inLanguage\":\"en-US\",\"@id\":\"https:\\\/\\\/www.lassociation.fr\\\/en\\\/#\\\/schema\\\/logo\\\/image\\\/\",\"url\":\"https:\\\/\\\/www.lassociation.fr\\\/backoffice\\\/wp-content\\\/uploads\\\/2019\\\/11\\\/asso_large.png\",\"contentUrl\":\"https:\\\/\\\/www.lassociation.fr\\\/backoffice\\\/wp-content\\\/uploads\\\/2019\\\/11\\\/asso_large.png\",\"width\":1200,\"height\":630,\"caption\":\"L\u2019Association\"},\"image\":{\"@id\":\"https:\\\/\\\/www.lassociation.fr\\\/en\\\/#\\\/schema\\\/logo\\\/image\\\/\"},\"sameAs\":[\"https:\\\/\\\/www.facebook.com\\\/lhydrelasso\\\/\",\"https:\\\/\\\/x.com\\\/lassociation\",\"https:\\\/\\\/www.instagram.com\\\/editions_lassociation\",\"https:\\\/\\\/fr.wikipedia.org\\\/wiki\\\/LAssociation\",\"https:\\\/\\\/www.youtube.com\\\/@editions_lassociation\"]}]}<\/script>","yoast_head_json":{"title":"Mon Lapin Quotidien #24 - L\u2019Association","robots":{"index":"index","follow":"follow","max-snippet":"max-snippet:-1","max-image-preview":"max-image-preview:large","max-video-preview":"max-video-preview:-1"},"canonical":"https:\/\/www.lassociation.fr\/en\/catalogue\/mon-lapin-quotidien-24\/","og_locale":"en_US","og_type":"article","og_title":"Mon Lapin Quotidien #24 - L\u2019Association","og_description":"Un num\u00e9ro sous les augures de Madame Irma ! Un num\u00e9ro qui divague du c\u00f4t\u00e9 de l&#8217;intelligence artificielle et porte un toast \u00e0 la m\u00e9moire d\u2019Ursula K. Le Guin&#8230; Pr\u00e9dictions, pr\u00e9visions, projections, anticipations, MLQ # 24 conjugue le futur int\u00e9rieur et a \u00e9t\u00e9 enti\u00e8rement r\u00e9alis\u00e9 \u00e0 la lueur des \u00e9toiles et de la lune, qui [&hellip;]","og_url":"https:\/\/www.lassociation.fr\/en\/catalogue\/mon-lapin-quotidien-24\/","og_site_name":"L\u2019Association","article_publisher":"https:\/\/www.facebook.com\/lhydrelasso\/","article_modified_time":"2026-01-22T10:39:35+00:00","og_image":[{"width":707,"height":1000,"url":"https:\/\/www.lassociation.fr\/backoffice\/wp-content\/uploads\/2022\/11\/MLQ-24-1.jpg","type":"image\/jpeg"}],"twitter_card":"summary_large_image","twitter_site":"@lassociation","schema":{"@context":"https:\/\/schema.org","@graph":[{"@type":"WebPage","@id":"https:\/\/www.lassociation.fr\/en\/catalogue\/mon-lapin-quotidien-24\/","url":"https:\/\/www.lassociation.fr\/en\/catalogue\/mon-lapin-quotidien-24\/","name":"Mon Lapin Quotidien #24 - L\u2019Association","isPartOf":{"@id":"https:\/\/www.lassociation.fr\/en\/#website"},"primaryImageOfPage":{"@id":"https:\/\/www.lassociation.fr\/en\/catalogue\/mon-lapin-quotidien-24\/#primaryimage"},"image":{"@id":"https:\/\/www.lassociation.fr\/en\/catalogue\/mon-lapin-quotidien-24\/#primaryimage"},"thumbnailUrl":"https:\/\/www.lassociation.fr\/backoffice\/wp-content\/uploads\/2022\/11\/MLQ-24-1.jpg","datePublished":"2022-11-30T09:56:07+00:00","dateModified":"2026-01-22T10:39:35+00:00","breadcrumb":{"@id":"https:\/\/www.lassociation.fr\/en\/catalogue\/mon-lapin-quotidien-24\/#breadcrumb"},"inLanguage":"en-US","potentialAction":[{"@type":"ReadAction","target":["https:\/\/www.lassociation.fr\/en\/catalogue\/mon-lapin-quotidien-24\/"]}]},{"@type":"ImageObject","inLanguage":"en-US","@id":"https:\/\/www.lassociation.fr\/en\/catalogue\/mon-lapin-quotidien-24\/#primaryimage","url":"https:\/\/www.lassociation.fr\/backoffice\/wp-content\/uploads\/2022\/11\/MLQ-24-1.jpg","contentUrl":"https:\/\/www.lassociation.fr\/backoffice\/wp-content\/uploads\/2022\/11\/MLQ-24-1.jpg","width":707,"height":1000},{"@type":"BreadcrumbList","@id":"https:\/\/www.lassociation.fr\/en\/catalogue\/mon-lapin-quotidien-24\/#breadcrumb","itemListElement":[{"@type":"ListItem","position":1,"name":"Accueil","item":"https:\/\/www.lassociation.fr\/en\/"},{"@type":"ListItem","position":2,"name":"Catalog","item":"https:\/\/www.lassociation.fr\/en\/catalogue\/"},{"@type":"ListItem","position":3,"name":"Mon Lapin Quotidien #24"}]},{"@type":"WebSite","@id":"https:\/\/www.lassociation.fr\/en\/#website","url":"https:\/\/www.lassociation.fr\/en\/","name":"L\u2019Association","description":"Maison d\u2019\u00e9dition fran\u00e7aise de bande dessin\u00e9e, fond\u00e9e en 1990.","publisher":{"@id":"https:\/\/www.lassociation.fr\/en\/#organization"},"potentialAction":[{"@type":"SearchAction","target":{"@type":"EntryPoint","urlTemplate":"https:\/\/www.lassociation.fr\/en\/?s={search_term_string}"},"query-input":{"@type":"PropertyValueSpecification","valueRequired":true,"valueName":"search_term_string"}}],"inLanguage":"en-US"},{"@type":"Organization","@id":"https:\/\/www.lassociation.fr\/en\/#organization","name":"L\u2019Association","url":"https:\/\/www.lassociation.fr\/en\/","logo":{"@type":"ImageObject","inLanguage":"en-US","@id":"https:\/\/www.lassociation.fr\/en\/#\/schema\/logo\/image\/","url":"https:\/\/www.lassociation.fr\/backoffice\/wp-content\/uploads\/2019\/11\/asso_large.png","contentUrl":"https:\/\/www.lassociation.fr\/backoffice\/wp-content\/uploads\/2019\/11\/asso_large.png","width":1200,"height":630,"caption":"L\u2019Association"},"image":{"@id":"https:\/\/www.lassociation.fr\/en\/#\/schema\/logo\/image\/"},"sameAs":["https:\/\/www.facebook.com\/lhydrelasso\/","https:\/\/x.com\/lassociation","https:\/\/www.instagram.com\/editions_lassociation","https:\/\/fr.wikipedia.org\/wiki\/LAssociation","https:\/\/www.youtube.com\/@editions_lassociation"]}]}},"_links":{"self":[{"href":"https:\/\/www.lassociation.fr\/en\/wp-json\/wp\/v2\/product\/22072","targetHints":{"allow":["GET"]}}],"collection":[{"href":"https:\/\/www.lassociation.fr\/en\/wp-json\/wp\/v2\/product"}],"about":[{"href":"https:\/\/www.lassociation.fr\/en\/wp-json\/wp\/v2\/types\/product"}],"wp:featuredmedia":[{"embeddable":true,"href":"https:\/\/www.lassociation.fr\/en\/wp-json\/wp\/v2\/media\/22073"}],"wp:attachment":[{"href":"https:\/\/www.lassociation.fr\/en\/wp-json\/wp\/v2\/media?parent=22072"}],"wp:term":[{"taxonomy":"product_cat","embeddable":true,"href":"https:\/\/www.lassociation.fr\/en\/wp-json\/wp\/v2\/product_cat?post=22072"},{"taxonomy":"product_tag","embeddable":true,"href":"https:\/\/www.lassociation.fr\/en\/wp-json\/wp\/v2\/product_tag?post=22072"}],"curies":[{"name":"wp","href":"https:\/\/api.w.org\/{rel}","templated":true}]}}

<p>Un numéro sous les augures de Madame Irma ! Un numéro qui divague du côté de l&#8217;intelligence artificielle et porte un toast à la mémoire d’Ursula K. Le Guin&#8230;</p>
<p>Prédictions, prévisions, projections, anticipations, MLQ # 24 conjugue le futur intérieur et a été entièrement réalisé à la lueur des étoiles et de la lune, qui résiste comme elle peut aux armées de satellites envoyés par <a href="https://fr.wikipedia.org/wiki/Elon_Musk" target="_blank" rel="noopener">Elon Musk</a>. À noter l’apparition exceptionnelle de deux vétérans de la science-fiction de l’underground graphique : Marc Caro et Y5P5, d’une vétérane de l’étrange : Anne Van Der Linden, et d’un tout jeune descendant de Raël : Xavier Bouyssou.</p>
<p>Le numéro s’ouvre avec une large tribune de la Quadrature de Net sur la Technopolice et les JO 2024, laboratoire du flicage numérique&#8230; La double page centrale met en lumière quant à elle le mystère Moutier, mère &amp; fils, LA bombe à retardement d&#8217;une aventure spatio-temporelle tout à fait singulière&#8230;</p>
<p>Sans oublier la soixantaine d’ovnis visuels et littéraires qui sillonne la structure cosmique d’MLQ.</p>

<p>Un numéro sous les augures de Madame Irma ! Un numéro qui divague du côté de l&#8217;intelligence artificielle et porte un toast à la mémoire d’Ursula K. Le Guin&#8230; Prédictions, prévisions, projections, anticipations, MLQ # 24 conjugue le futur intérieur et a été entièrement réalisé à la lueur des étoiles et de la lune, qui [&hellip;]</p>

<title>Mon Lapin Quotidien #24 - L’Association</title>
<meta name="robots" content="index, follow, max-snippet:-1, max-image-preview:large, max-video-preview:-1" />
<link rel="canonical" href="https://www.lassociation.fr/en/catalogue/mon-lapin-quotidien-24/" />
<meta property="og:locale" content="en_US" />
<meta property="og:type" content="article" />
<meta property="og:title" content="Mon Lapin Quotidien #24 - L’Association" />
<meta property="og:description" content="Un numéro sous les augures de Madame Irma ! Un numéro qui divague du côté de l&#8217;intelligence artificielle et porte un toast à la mémoire d’Ursula K. Le Guin&#8230; Prédictions, prévisions, projections, anticipations, MLQ # 24 conjugue le futur intérieur et a été entièrement réalisé à la lueur des étoiles et de la lune, qui [&hellip;]" />
<meta property="og:url" content="https://www.lassociation.fr/en/catalogue/mon-lapin-quotidien-24/" />
<meta property="og:site_name" content="L’Association" />
<meta property="article:publisher" content="https://www.facebook.com/lhydrelasso/" />
<meta property="article:modified_time" content="2026-01-22T10:39:35+00:00" />
<meta property="og:image" content="https://www.lassociation.fr/backoffice/wp-content/uploads/2022/11/MLQ-24-1.jpg" />
	<meta property="og:image:width" content="707" />
	<meta property="og:image:height" content="1000" />
	<meta property="og:image:type" content="image/jpeg" />
<meta name="twitter:card" content="summary_large_image" />
<meta name="twitter:site" content="@lassociation" />
<script type="application/ld+json" class="yoast-schema-graph">{"@context":"https:\/\/schema.org","@graph":[{"@type":"WebPage","@id":"https:\/\/www.lassociation.fr\/en\/catalogue\/mon-lapin-quotidien-24\/","url":"https:\/\/www.lassociation.fr\/en\/catalogue\/mon-lapin-quotidien-24\/","name":"Mon Lapin Quotidien #24 - L’Association","isPartOf":{"@id":"https:\/\/www.lassociation.fr\/en\/#website"},"primaryImageOfPage":{"@id":"https:\/\/www.lassociation.fr\/en\/catalogue\/mon-lapin-quotidien-24\/#primaryimage"},"image":{"@id":"https:\/\/www.lassociation.fr\/en\/catalogue\/mon-lapin-quotidien-24\/#primaryimage"},"thumbnailUrl":"https:\/\/www.lassociation.fr\/backoffice\/wp-content\/uploads\/2022\/11\/MLQ-24-1.jpg","datePublished":"2022-11-30T09:56:07+00:00","dateModified":"2026-01-22T10:39:35+00:00","breadcrumb":{"@id":"https:\/\/www.lassociation.fr\/en\/catalogue\/mon-lapin-quotidien-24\/#breadcrumb"},"inLanguage":"en-US","potentialAction":[{"@type":"ReadAction","target":["https:\/\/www.lassociation.fr\/en\/catalogue\/mon-lapin-quotidien-24\/"]}]},{"@type":"ImageObject","inLanguage":"en-US","@id":"https:\/\/www.lassociation.fr\/en\/catalogue\/mon-lapin-quotidien-24\/#primaryimage","url":"https:\/\/www.lassociation.fr\/backoffice\/wp-content\/uploads\/2022\/11\/MLQ-24-1.jpg","contentUrl":"https:\/\/www.lassociation.fr\/backoffice\/wp-content\/uploads\/2022\/11\/MLQ-24-1.jpg","width":707,"height":1000},{"@type":"BreadcrumbList","@id":"https:\/\/www.lassociation.fr\/en\/catalogue\/mon-lapin-quotidien-24\/#breadcrumb","itemListElement":[{"@type":"ListItem","position":1,"name":"Accueil","item":"https:\/\/www.lassociation.fr\/en\/"},{"@type":"ListItem","position":2,"name":"Catalog","item":"https:\/\/www.lassociation.fr\/en\/catalogue\/"},{"@type":"ListItem","position":3,"name":"Mon Lapin Quotidien #24"}]},{"@type":"WebSite","@id":"https:\/\/www.lassociation.fr\/en\/#website","url":"https:\/\/www.lassociation.fr\/en\/","name":"L’Association","description":"Maison d’édition française de bande dessinée, fondée en 1990.","publisher":{"@id":"https:\/\/www.lassociation.fr\/en\/#organization"},"potentialAction":[{"@type":"SearchAction","target":{"@type":"EntryPoint","urlTemplate":"https:\/\/www.lassociation.fr\/en\/?s={search_term_string}"},"query-input":{"@type":"PropertyValueSpecification","valueRequired":true,"valueName":"search_term_string"}}],"inLanguage":"en-US"},{"@type":"Organization","@id":"https:\/\/www.lassociation.fr\/en\/#organization","name":"L’Association","url":"https:\/\/www.lassociation.fr\/en\/","logo":{"@type":"ImageObject","inLanguage":"en-US","@id":"https:\/\/www.lassociation.fr\/en\/#\/schema\/logo\/image\/","url":"https:\/\/www.lassociation.fr\/backoffice\/wp-content\/uploads\/2019\/11\/asso_large.png","contentUrl":"https:\/\/www.lassociation.fr\/backoffice\/wp-content\/uploads\/2019\/11\/asso_large.png","width":1200,"height":630,"caption":"L’Association"},"image":{"@id":"https:\/\/www.lassociation.fr\/en\/#\/schema\/logo\/image\/"},"sameAs":["https:\/\/www.facebook.com\/lhydrelasso\/","https:\/\/x.com\/lassociation","https:\/\/www.instagram.com\/editions_lassociation","https:\/\/fr.wikipedia.org\/wiki\/LAssociation","https:\/\/www.youtube.com\/@editions_lassociation"]}]}</script>

Un numéro sous les augures de Madame Irma ! Un numéro qui divague du côté de l&#8217;intelligence artificielle et porte un toast à la mémoire d’Ursula K. Le Guin&#8230; Prédictions, prévisions, projections, anticipations, MLQ # 24 conjugue le futur intérieur et a été entièrement réalisé à la lueur des étoiles et de la lune, qui [&hellip;]

Maison d’édition française de bande dessinée, fondée en 1990.
