{"id":23797,"date":"2023-09-26T15:50:56","date_gmt":"2023-09-26T13:50:56","guid":{"rendered":"https:\/\/www.lassociation.fr\/?post_type=product&#038;p=23797"},"modified":"2026-02-25T11:22:12","modified_gmt":"2026-02-25T10:22:12","slug":"mon-lapin-quotidien-27","status":"publish","type":"product","link":"https:\/\/www.lassociation.fr\/en\/catalogue\/mon-lapin-quotidien-27\/","title":{"rendered":"Mon Lapin Quotidien #27"},"content":{"rendered":"<p>Saut p\u00e9rilleux, trap\u00e8ze, Caucase, pantalon, catharsis, tr\u00f4ne, bascule, MLQ #27 op\u00e8re un triple salto et d\u00e9ploie son arsenal d\u2019acrobaties visuelles, contorsions linguistiques et pirouettes graphiques.<br \/>\nCe nouveau num\u00e9ro, v\u00eatu de sa couverture en bichromie orange et bleue, donne \u00e0 voir plusieurs cr\u00e9atures et curiosit\u00e9s tout droit sorties de la foire du tr\u00f4ne et\/ou d\u2019un cirque de passage (au choix).<\/p>\n<p>Au cirque, il arrive parfois que le magicien sorte un lapin du chapeau, ici, les r\u00f4les sont invers\u00e9s :\u00a0votre\u00a0Lapin Quotidien\u00a0fait sortir de son chapeau non seulement son lot de magiciens mais le chapiteau tout entier.<br \/>\nFil-de-f\u00e9ristes, dompteurs et dompteuses aux aguets, clowns auguste et clowns blancs, lanceurs de couteaux, \u00e9cuy\u00e8res, acrobates,\u00a0hypnotiseurs,\u00a0rois et reines de la jongle,\u00a0avaleurs de sabres, contorsionnistes&#8230;<\/p>\n<p>En renfort de la troupe habituelle, mentionnons les apparitions de Fabien Bassas, Guillaume Chauchat, Anke Feuchtenberger, Tsirihaka Harrivel, Bernard Kudlak, Gaelle Loth, Alice Meteignier, Hadrien Moret, Vimala Pons et Marie-C\u00e9line Rey.<\/p>\n<p>En bonus : coup de projecteur sur l\u2019alphabet <em>Damn everything but the circus<\/em>\u00a0de Sister Corita Kent (1918-1986), artiste, activiste, enseignante, s\u00e9rigraphe et religieuse.<\/p>\n","protected":false},"excerpt":{"rendered":"<p>Saut p\u00e9rilleux, trap\u00e8ze, Caucase, pantalon, catharsis, tr\u00f4ne, bascule, MLQ #27 op\u00e8re un triple salto et d\u00e9ploie son arsenal d\u2019acrobaties visuelles, contorsions linguistiques et pirouettes graphiques. Ce nouveau num\u00e9ro, v\u00eatu de sa couverture en bichromie orange et bleue, donne \u00e0 voir plusieurs cr\u00e9atures et curiosit\u00e9s tout droit sorties de la foire du tr\u00f4ne et\/ou d\u2019un cirque [&hellip;]<\/p>\n","protected":false},"featured_media":23806,"template":"","meta":{"_acf_changed":false},"product_cat":[40],"product_tag":[],"class_list":{"0":"post-23797","1":"product","2":"type-product","3":"status-publish","4":"has-post-thumbnail","6":"product_cat-lapin","7":"member-discount","8":"discount-restricted","10":"first","11":"instock","12":"taxable","13":"shipping-taxable","14":"purchasable","15":"product-type-simple"},"acf":[],"yoast_head":"<title>Mon Lapin Quotidien #27 - L\u2019Association<\/title>\n<meta name=\"robots\" content=\"index, follow, max-snippet:-1, max-image-preview:large, max-video-preview:-1\" \/>\n<link rel=\"canonical\" href=\"https:\/\/www.lassociation.fr\/en\/catalogue\/mon-lapin-quotidien-27\/\" \/>\n<meta property=\"og:locale\" content=\"en_US\" \/>\n<meta property=\"og:type\" content=\"article\" \/>\n<meta property=\"og:title\" content=\"Mon Lapin Quotidien #27 - L\u2019Association\" \/>\n<meta property=\"og:description\" content=\"Saut p\u00e9rilleux, trap\u00e8ze, Caucase, pantalon, catharsis, tr\u00f4ne, bascule, MLQ #27 op\u00e8re un triple salto et d\u00e9ploie son arsenal d\u2019acrobaties visuelles, contorsions linguistiques et pirouettes graphiques. Ce nouveau num\u00e9ro, v\u00eatu de sa couverture en bichromie orange et bleue, donne \u00e0 voir plusieurs cr\u00e9atures et curiosit\u00e9s tout droit sorties de la foire du tr\u00f4ne et\/ou d\u2019un cirque [&hellip;]\" \/>\n<meta property=\"og:url\" content=\"https:\/\/www.lassociation.fr\/en\/catalogue\/mon-lapin-quotidien-27\/\" \/>\n<meta property=\"og:site_name\" content=\"L\u2019Association\" \/>\n<meta property=\"article:publisher\" content=\"https:\/\/www.facebook.com\/lhydrelasso\/\" \/>\n<meta property=\"article:modified_time\" content=\"2026-02-25T10:22:12+00:00\" \/>\n<meta property=\"og:image\" content=\"https:\/\/www.lassociation.fr\/backoffice\/wp-content\/uploads\/2023\/09\/MLQ-27-p1.jpg\" \/>\n\t<meta property=\"og:image:width\" content=\"707\" \/>\n\t<meta property=\"og:image:height\" content=\"1000\" \/>\n\t<meta property=\"og:image:type\" content=\"image\/jpeg\" \/>\n<meta name=\"twitter:card\" content=\"summary_large_image\" \/>\n<meta name=\"twitter:site\" content=\"@lassociation\" \/>\n<script type=\"application\/ld+json\" class=\"yoast-schema-graph\">{\"@context\":\"https:\\\/\\\/schema.org\",\"@graph\":[{\"@type\":\"WebPage\",\"@id\":\"https:\\\/\\\/www.lassociation.fr\\\/en\\\/catalogue\\\/mon-lapin-quotidien-27\\\/\",\"url\":\"https:\\\/\\\/www.lassociation.fr\\\/en\\\/catalogue\\\/mon-lapin-quotidien-27\\\/\",\"name\":\"Mon Lapin Quotidien #27 - L\u2019Association\",\"isPartOf\":{\"@id\":\"https:\\\/\\\/www.lassociation.fr\\\/en\\\/#website\"},\"primaryImageOfPage\":{\"@id\":\"https:\\\/\\\/www.lassociation.fr\\\/en\\\/catalogue\\\/mon-lapin-quotidien-27\\\/#primaryimage\"},\"image\":{\"@id\":\"https:\\\/\\\/www.lassociation.fr\\\/en\\\/catalogue\\\/mon-lapin-quotidien-27\\\/#primaryimage\"},\"thumbnailUrl\":\"https:\\\/\\\/www.lassociation.fr\\\/backoffice\\\/wp-content\\\/uploads\\\/2023\\\/09\\\/MLQ-27-p1.jpg\",\"datePublished\":\"2023-09-26T13:50:56+00:00\",\"dateModified\":\"2026-02-25T10:22:12+00:00\",\"breadcrumb\":{\"@id\":\"https:\\\/\\\/www.lassociation.fr\\\/en\\\/catalogue\\\/mon-lapin-quotidien-27\\\/#breadcrumb\"},\"inLanguage\":\"en-US\",\"potentialAction\":[{\"@type\":\"ReadAction\",\"target\":[\"https:\\\/\\\/www.lassociation.fr\\\/en\\\/catalogue\\\/mon-lapin-quotidien-27\\\/\"]}]},{\"@type\":\"ImageObject\",\"inLanguage\":\"en-US\",\"@id\":\"https:\\\/\\\/www.lassociation.fr\\\/en\\\/catalogue\\\/mon-lapin-quotidien-27\\\/#primaryimage\",\"url\":\"https:\\\/\\\/www.lassociation.fr\\\/backoffice\\\/wp-content\\\/uploads\\\/2023\\\/09\\\/MLQ-27-p1.jpg\",\"contentUrl\":\"https:\\\/\\\/www.lassociation.fr\\\/backoffice\\\/wp-content\\\/uploads\\\/2023\\\/09\\\/MLQ-27-p1.jpg\",\"width\":707,\"height\":1000},{\"@type\":\"BreadcrumbList\",\"@id\":\"https:\\\/\\\/www.lassociation.fr\\\/en\\\/catalogue\\\/mon-lapin-quotidien-27\\\/#breadcrumb\",\"itemListElement\":[{\"@type\":\"ListItem\",\"position\":1,\"name\":\"Accueil\",\"item\":\"https:\\\/\\\/www.lassociation.fr\\\/en\\\/\"},{\"@type\":\"ListItem\",\"position\":2,\"name\":\"Catalog\",\"item\":\"https:\\\/\\\/www.lassociation.fr\\\/en\\\/catalogue\\\/\"},{\"@type\":\"ListItem\",\"position\":3,\"name\":\"Mon Lapin Quotidien #27\"}]},{\"@type\":\"WebSite\",\"@id\":\"https:\\\/\\\/www.lassociation.fr\\\/en\\\/#website\",\"url\":\"https:\\\/\\\/www.lassociation.fr\\\/en\\\/\",\"name\":\"L\u2019Association\",\"description\":\"Maison d\u2019\u00e9dition fran\u00e7aise de bande dessin\u00e9e, fond\u00e9e en 1990.\",\"publisher\":{\"@id\":\"https:\\\/\\\/www.lassociation.fr\\\/en\\\/#organization\"},\"potentialAction\":[{\"@type\":\"SearchAction\",\"target\":{\"@type\":\"EntryPoint\",\"urlTemplate\":\"https:\\\/\\\/www.lassociation.fr\\\/en\\\/?s={search_term_string}\"},\"query-input\":{\"@type\":\"PropertyValueSpecification\",\"valueRequired\":true,\"valueName\":\"search_term_string\"}}],\"inLanguage\":\"en-US\"},{\"@type\":\"Organization\",\"@id\":\"https:\\\/\\\/www.lassociation.fr\\\/en\\\/#organization\",\"name\":\"L\u2019Association\",\"url\":\"https:\\\/\\\/www.lassociation.fr\\\/en\\\/\",\"logo\":{\"@type\":\"ImageObject\",\"inLanguage\":\"en-US\",\"@id\":\"https:\\\/\\\/www.lassociation.fr\\\/en\\\/#\\\/schema\\\/logo\\\/image\\\/\",\"url\":\"https:\\\/\\\/www.lassociation.fr\\\/backoffice\\\/wp-content\\\/uploads\\\/2019\\\/11\\\/asso_large.png\",\"contentUrl\":\"https:\\\/\\\/www.lassociation.fr\\\/backoffice\\\/wp-content\\\/uploads\\\/2019\\\/11\\\/asso_large.png\",\"width\":1200,\"height\":630,\"caption\":\"L\u2019Association\"},\"image\":{\"@id\":\"https:\\\/\\\/www.lassociation.fr\\\/en\\\/#\\\/schema\\\/logo\\\/image\\\/\"},\"sameAs\":[\"https:\\\/\\\/www.facebook.com\\\/lhydrelasso\\\/\",\"https:\\\/\\\/x.com\\\/lassociation\",\"https:\\\/\\\/www.instagram.com\\\/editions_lassociation\",\"https:\\\/\\\/fr.wikipedia.org\\\/wiki\\\/LAssociation\",\"https:\\\/\\\/www.youtube.com\\\/@editions_lassociation\"]}]}<\/script>","yoast_head_json":{"title":"Mon Lapin Quotidien #27 - L\u2019Association","robots":{"index":"index","follow":"follow","max-snippet":"max-snippet:-1","max-image-preview":"max-image-preview:large","max-video-preview":"max-video-preview:-1"},"canonical":"https:\/\/www.lassociation.fr\/en\/catalogue\/mon-lapin-quotidien-27\/","og_locale":"en_US","og_type":"article","og_title":"Mon Lapin Quotidien #27 - L\u2019Association","og_description":"Saut p\u00e9rilleux, trap\u00e8ze, Caucase, pantalon, catharsis, tr\u00f4ne, bascule, MLQ #27 op\u00e8re un triple salto et d\u00e9ploie son arsenal d\u2019acrobaties visuelles, contorsions linguistiques et pirouettes graphiques. Ce nouveau num\u00e9ro, v\u00eatu de sa couverture en bichromie orange et bleue, donne \u00e0 voir plusieurs cr\u00e9atures et curiosit\u00e9s tout droit sorties de la foire du tr\u00f4ne et\/ou d\u2019un cirque [&hellip;]","og_url":"https:\/\/www.lassociation.fr\/en\/catalogue\/mon-lapin-quotidien-27\/","og_site_name":"L\u2019Association","article_publisher":"https:\/\/www.facebook.com\/lhydrelasso\/","article_modified_time":"2026-02-25T10:22:12+00:00","og_image":[{"width":707,"height":1000,"url":"https:\/\/www.lassociation.fr\/backoffice\/wp-content\/uploads\/2023\/09\/MLQ-27-p1.jpg","type":"image\/jpeg"}],"twitter_card":"summary_large_image","twitter_site":"@lassociation","schema":{"@context":"https:\/\/schema.org","@graph":[{"@type":"WebPage","@id":"https:\/\/www.lassociation.fr\/en\/catalogue\/mon-lapin-quotidien-27\/","url":"https:\/\/www.lassociation.fr\/en\/catalogue\/mon-lapin-quotidien-27\/","name":"Mon Lapin Quotidien #27 - L\u2019Association","isPartOf":{"@id":"https:\/\/www.lassociation.fr\/en\/#website"},"primaryImageOfPage":{"@id":"https:\/\/www.lassociation.fr\/en\/catalogue\/mon-lapin-quotidien-27\/#primaryimage"},"image":{"@id":"https:\/\/www.lassociation.fr\/en\/catalogue\/mon-lapin-quotidien-27\/#primaryimage"},"thumbnailUrl":"https:\/\/www.lassociation.fr\/backoffice\/wp-content\/uploads\/2023\/09\/MLQ-27-p1.jpg","datePublished":"2023-09-26T13:50:56+00:00","dateModified":"2026-02-25T10:22:12+00:00","breadcrumb":{"@id":"https:\/\/www.lassociation.fr\/en\/catalogue\/mon-lapin-quotidien-27\/#breadcrumb"},"inLanguage":"en-US","potentialAction":[{"@type":"ReadAction","target":["https:\/\/www.lassociation.fr\/en\/catalogue\/mon-lapin-quotidien-27\/"]}]},{"@type":"ImageObject","inLanguage":"en-US","@id":"https:\/\/www.lassociation.fr\/en\/catalogue\/mon-lapin-quotidien-27\/#primaryimage","url":"https:\/\/www.lassociation.fr\/backoffice\/wp-content\/uploads\/2023\/09\/MLQ-27-p1.jpg","contentUrl":"https:\/\/www.lassociation.fr\/backoffice\/wp-content\/uploads\/2023\/09\/MLQ-27-p1.jpg","width":707,"height":1000},{"@type":"BreadcrumbList","@id":"https:\/\/www.lassociation.fr\/en\/catalogue\/mon-lapin-quotidien-27\/#breadcrumb","itemListElement":[{"@type":"ListItem","position":1,"name":"Accueil","item":"https:\/\/www.lassociation.fr\/en\/"},{"@type":"ListItem","position":2,"name":"Catalog","item":"https:\/\/www.lassociation.fr\/en\/catalogue\/"},{"@type":"ListItem","position":3,"name":"Mon Lapin Quotidien #27"}]},{"@type":"WebSite","@id":"https:\/\/www.lassociation.fr\/en\/#website","url":"https:\/\/www.lassociation.fr\/en\/","name":"L\u2019Association","description":"Maison d\u2019\u00e9dition fran\u00e7aise de bande dessin\u00e9e, fond\u00e9e en 1990.","publisher":{"@id":"https:\/\/www.lassociation.fr\/en\/#organization"},"potentialAction":[{"@type":"SearchAction","target":{"@type":"EntryPoint","urlTemplate":"https:\/\/www.lassociation.fr\/en\/?s={search_term_string}"},"query-input":{"@type":"PropertyValueSpecification","valueRequired":true,"valueName":"search_term_string"}}],"inLanguage":"en-US"},{"@type":"Organization","@id":"https:\/\/www.lassociation.fr\/en\/#organization","name":"L\u2019Association","url":"https:\/\/www.lassociation.fr\/en\/","logo":{"@type":"ImageObject","inLanguage":"en-US","@id":"https:\/\/www.lassociation.fr\/en\/#\/schema\/logo\/image\/","url":"https:\/\/www.lassociation.fr\/backoffice\/wp-content\/uploads\/2019\/11\/asso_large.png","contentUrl":"https:\/\/www.lassociation.fr\/backoffice\/wp-content\/uploads\/2019\/11\/asso_large.png","width":1200,"height":630,"caption":"L\u2019Association"},"image":{"@id":"https:\/\/www.lassociation.fr\/en\/#\/schema\/logo\/image\/"},"sameAs":["https:\/\/www.facebook.com\/lhydrelasso\/","https:\/\/x.com\/lassociation","https:\/\/www.instagram.com\/editions_lassociation","https:\/\/fr.wikipedia.org\/wiki\/LAssociation","https:\/\/www.youtube.com\/@editions_lassociation"]}]}},"_links":{"self":[{"href":"https:\/\/www.lassociation.fr\/en\/wp-json\/wp\/v2\/product\/23797","targetHints":{"allow":["GET"]}}],"collection":[{"href":"https:\/\/www.lassociation.fr\/en\/wp-json\/wp\/v2\/product"}],"about":[{"href":"https:\/\/www.lassociation.fr\/en\/wp-json\/wp\/v2\/types\/product"}],"wp:featuredmedia":[{"embeddable":true,"href":"https:\/\/www.lassociation.fr\/en\/wp-json\/wp\/v2\/media\/23806"}],"wp:attachment":[{"href":"https:\/\/www.lassociation.fr\/en\/wp-json\/wp\/v2\/media?parent=23797"}],"wp:term":[{"taxonomy":"product_cat","embeddable":true,"href":"https:\/\/www.lassociation.fr\/en\/wp-json\/wp\/v2\/product_cat?post=23797"},{"taxonomy":"product_tag","embeddable":true,"href":"https:\/\/www.lassociation.fr\/en\/wp-json\/wp\/v2\/product_tag?post=23797"}],"curies":[{"name":"wp","href":"https:\/\/api.w.org\/{rel}","templated":true}]}}

<p>Saut périlleux, trapèze, Caucase, pantalon, catharsis, trône, bascule, MLQ #27 opère un triple salto et déploie son arsenal d’acrobaties visuelles, contorsions linguistiques et pirouettes graphiques.<br />
Ce nouveau numéro, vêtu de sa couverture en bichromie orange et bleue, donne à voir plusieurs créatures et curiosités tout droit sorties de la foire du trône et/ou d’un cirque de passage (au choix).</p>
<p>Au cirque, il arrive parfois que le magicien sorte un lapin du chapeau, ici, les rôles sont inversés : votre Lapin Quotidien fait sortir de son chapeau non seulement son lot de magiciens mais le chapiteau tout entier.<br />
Fil-de-féristes, dompteurs et dompteuses aux aguets, clowns auguste et clowns blancs, lanceurs de couteaux, écuyères, acrobates, hypnotiseurs, rois et reines de la jongle, avaleurs de sabres, contorsionnistes&#8230;</p>
<p>En renfort de la troupe habituelle, mentionnons les apparitions de Fabien Bassas, Guillaume Chauchat, Anke Feuchtenberger, Tsirihaka Harrivel, Bernard Kudlak, Gaelle Loth, Alice Meteignier, Hadrien Moret, Vimala Pons et Marie-Céline Rey.</p>
<p>En bonus : coup de projecteur sur l’alphabet <em>Damn everything but the circus</em> de Sister Corita Kent (1918-1986), artiste, activiste, enseignante, sérigraphe et religieuse.</p>

<p>Saut périlleux, trapèze, Caucase, pantalon, catharsis, trône, bascule, MLQ #27 opère un triple salto et déploie son arsenal d’acrobaties visuelles, contorsions linguistiques et pirouettes graphiques. Ce nouveau numéro, vêtu de sa couverture en bichromie orange et bleue, donne à voir plusieurs créatures et curiosités tout droit sorties de la foire du trône et/ou d’un cirque [&hellip;]</p>

<title>Mon Lapin Quotidien #27 - L’Association</title>
<meta name="robots" content="index, follow, max-snippet:-1, max-image-preview:large, max-video-preview:-1" />
<link rel="canonical" href="https://www.lassociation.fr/en/catalogue/mon-lapin-quotidien-27/" />
<meta property="og:locale" content="en_US" />
<meta property="og:type" content="article" />
<meta property="og:title" content="Mon Lapin Quotidien #27 - L’Association" />
<meta property="og:description" content="Saut périlleux, trapèze, Caucase, pantalon, catharsis, trône, bascule, MLQ #27 opère un triple salto et déploie son arsenal d’acrobaties visuelles, contorsions linguistiques et pirouettes graphiques. Ce nouveau numéro, vêtu de sa couverture en bichromie orange et bleue, donne à voir plusieurs créatures et curiosités tout droit sorties de la foire du trône et/ou d’un cirque [&hellip;]" />
<meta property="og:url" content="https://www.lassociation.fr/en/catalogue/mon-lapin-quotidien-27/" />
<meta property="og:site_name" content="L’Association" />
<meta property="article:publisher" content="https://www.facebook.com/lhydrelasso/" />
<meta property="article:modified_time" content="2026-02-25T10:22:12+00:00" />
<meta property="og:image" content="https://www.lassociation.fr/backoffice/wp-content/uploads/2023/09/MLQ-27-p1.jpg" />
	<meta property="og:image:width" content="707" />
	<meta property="og:image:height" content="1000" />
	<meta property="og:image:type" content="image/jpeg" />
<meta name="twitter:card" content="summary_large_image" />
<meta name="twitter:site" content="@lassociation" />
<script type="application/ld+json" class="yoast-schema-graph">{"@context":"https:\/\/schema.org","@graph":[{"@type":"WebPage","@id":"https:\/\/www.lassociation.fr\/en\/catalogue\/mon-lapin-quotidien-27\/","url":"https:\/\/www.lassociation.fr\/en\/catalogue\/mon-lapin-quotidien-27\/","name":"Mon Lapin Quotidien #27 - L’Association","isPartOf":{"@id":"https:\/\/www.lassociation.fr\/en\/#website"},"primaryImageOfPage":{"@id":"https:\/\/www.lassociation.fr\/en\/catalogue\/mon-lapin-quotidien-27\/#primaryimage"},"image":{"@id":"https:\/\/www.lassociation.fr\/en\/catalogue\/mon-lapin-quotidien-27\/#primaryimage"},"thumbnailUrl":"https:\/\/www.lassociation.fr\/backoffice\/wp-content\/uploads\/2023\/09\/MLQ-27-p1.jpg","datePublished":"2023-09-26T13:50:56+00:00","dateModified":"2026-02-25T10:22:12+00:00","breadcrumb":{"@id":"https:\/\/www.lassociation.fr\/en\/catalogue\/mon-lapin-quotidien-27\/#breadcrumb"},"inLanguage":"en-US","potentialAction":[{"@type":"ReadAction","target":["https:\/\/www.lassociation.fr\/en\/catalogue\/mon-lapin-quotidien-27\/"]}]},{"@type":"ImageObject","inLanguage":"en-US","@id":"https:\/\/www.lassociation.fr\/en\/catalogue\/mon-lapin-quotidien-27\/#primaryimage","url":"https:\/\/www.lassociation.fr\/backoffice\/wp-content\/uploads\/2023\/09\/MLQ-27-p1.jpg","contentUrl":"https:\/\/www.lassociation.fr\/backoffice\/wp-content\/uploads\/2023\/09\/MLQ-27-p1.jpg","width":707,"height":1000},{"@type":"BreadcrumbList","@id":"https:\/\/www.lassociation.fr\/en\/catalogue\/mon-lapin-quotidien-27\/#breadcrumb","itemListElement":[{"@type":"ListItem","position":1,"name":"Accueil","item":"https:\/\/www.lassociation.fr\/en\/"},{"@type":"ListItem","position":2,"name":"Catalog","item":"https:\/\/www.lassociation.fr\/en\/catalogue\/"},{"@type":"ListItem","position":3,"name":"Mon Lapin Quotidien #27"}]},{"@type":"WebSite","@id":"https:\/\/www.lassociation.fr\/en\/#website","url":"https:\/\/www.lassociation.fr\/en\/","name":"L’Association","description":"Maison d’édition française de bande dessinée, fondée en 1990.","publisher":{"@id":"https:\/\/www.lassociation.fr\/en\/#organization"},"potentialAction":[{"@type":"SearchAction","target":{"@type":"EntryPoint","urlTemplate":"https:\/\/www.lassociation.fr\/en\/?s={search_term_string}"},"query-input":{"@type":"PropertyValueSpecification","valueRequired":true,"valueName":"search_term_string"}}],"inLanguage":"en-US"},{"@type":"Organization","@id":"https:\/\/www.lassociation.fr\/en\/#organization","name":"L’Association","url":"https:\/\/www.lassociation.fr\/en\/","logo":{"@type":"ImageObject","inLanguage":"en-US","@id":"https:\/\/www.lassociation.fr\/en\/#\/schema\/logo\/image\/","url":"https:\/\/www.lassociation.fr\/backoffice\/wp-content\/uploads\/2019\/11\/asso_large.png","contentUrl":"https:\/\/www.lassociation.fr\/backoffice\/wp-content\/uploads\/2019\/11\/asso_large.png","width":1200,"height":630,"caption":"L’Association"},"image":{"@id":"https:\/\/www.lassociation.fr\/en\/#\/schema\/logo\/image\/"},"sameAs":["https:\/\/www.facebook.com\/lhydrelasso\/","https:\/\/x.com\/lassociation","https:\/\/www.instagram.com\/editions_lassociation","https:\/\/fr.wikipedia.org\/wiki\/LAssociation","https:\/\/www.youtube.com\/@editions_lassociation"]}]}</script>

Saut périlleux, trapèze, Caucase, pantalon, catharsis, trône, bascule, MLQ #27 opère un triple salto et déploie son arsenal d’acrobaties visuelles, contorsions linguistiques et pirouettes graphiques. Ce nouveau numéro, vêtu de sa couverture en bichromie orange et bleue, donne à voir plusieurs créatures et curiosités tout droit sorties de la foire du trône et/ou d’un cirque [&hellip;]

Maison d’édition française de bande dessinée, fondée en 1990.
